{"id":3768,"date":"2018-07-23T11:32:01","date_gmt":"2018-07-23T09:32:01","guid":{"rendered":"https:\/\/www.vasmegye.hu\/?post_type=varak-kastelyok&#038;p=3768"},"modified":"2024-07-27T13:15:08","modified_gmt":"2024-07-27T11:15:08","slug":"vasszecseny-uj-ebergenyi-kastelyegyuttes","status":"publish","type":"varak-kastelyok","link":"https:\/\/www.vasmegye.hu\/en\/varak-kastelyok\/vasszecseny-uj-ebergenyi-kastelyegyuttes\/","title":{"rendered":"Vassz\u00e9cseny &#8211; \u00daj-Eberg\u00e9nyi Kast\u00e9lyegy\u00fcttes"},"content":{"rendered":"<p style=\"text-align: justify;\">A kast\u00e9ly 1790 k\u00f6r\u00fcl copf st\u00edlusban \u00e9p\u00fclt. Az 1857-b\u0151l sz\u00e1rmaz\u00f3 kataszteri t\u00e9rk\u00e9pen az \u00e9p\u00fclet mellett Eberg\u00e9nyi Viktor neve szerepel. Val\u00f3sz\u00edn\u0171, hogy az Eberg\u00e9nyiek megosztoztak a birtokon. A kast\u00e9ly f\u0151homlokzati timpanonj\u00e1ban van elhelyezve a csal\u00e1d val\u00f3di c\u00edmere. A kor kiskast\u00e9lyainak megfelel\u0151en sz\u00e9le kos\u00e1r\u00edves kapun lehet az \u00e9p\u00fcletbe bejutni, mely felett l\u00e1that\u00f3 a h\u00e1rom konzolon nyugv\u00f3 erk\u00e9lylemez koszor\u00fad\u00edszes vas erk\u00e9lyr\u00e1ccsal.<\/p>\n<p style=\"text-align: justify;\">A homlokzat r\u00e9szletform\u00e1l\u00e1sban sok hasonl\u00f3s\u00e1got mutat a Hefele Menyh\u00e9rt osztr\u00e1k \u00e9p\u00edt\u00e9sz \u00e1ltal tervezett szombathelyi kanonokh\u00e1zak r\u00e9szleteivel. A Vas megyei kast\u00e9lyprogram keret\u00e9ben a Villamosipari V\u00e1llalat 40 f\u0151 r\u00e9sz\u00e9re pihen\u0151h\u00e1zat \u00e9s tov\u00e1bbk\u00e9pz\u0151 k\u00f6zpontot alak\u00edtott ki az \u00e9p\u00fcletben. A szabadon \u00e1ll\u00f3 \u00e9p\u00fcletet 14 ha-os gondozott, sz\u00e9p park \u00f6vezi.<\/p>\n<p><strong>Szolg\u00e1ltat\u00e1sok:<\/strong>\u00a0A sz\u00e1ll\u00f3ban 46 f\u0151 elhelyez\u00e9s\u00e9re ny\u00edlik lehet\u0151s\u00e9g. A kast\u00e9lyhoz \u00fcvegfolyos\u00f3val kapcsol\u00f3dik a fesz\u00edtett v\u00edzt\u00fckr\u00f6s uszoda szaun\u00e1val, szol\u00e1riummal. A parkban teniszp\u00e1lya, r\u00f6plabdap\u00e1lya, j\u00e1tsz\u00f3terek v\u00e1rj\u00e1k a sportolni v\u00e1gy\u00f3kat. A fel\u00faj\u00edtott m\u00e1rv\u00e1ny d\u00edszterem \u00e9s t\u00e1rsalg\u00f3k tov\u00e1bbk\u00e9pz\u00e9sek, konferenci\u00e1k helysz\u00edn\u00e9\u00fcl szolg\u00e1lhatnak. A sz\u00e1ll\u00f3ban \u00e9tterem, boroz\u00f3 m\u0171k\u00f6dik.<br \/>\n<strong>Megk\u00f6zel\u00edthet\u0151s\u00e9g:<\/strong>\u00a0A Szombathelyt\u0151l d\u00e9l-keleti ir\u00e1nyba h\u00faz\u00f3d\u00f3 87-es \u00fat mellett, a megye k\u00f6zep\u00e9n tal\u00e1lhat\u00f3. A megyesz\u00e9khely mind\u00f6ssze 14 km-ra van.<\/p>\n<p><strong>Weblap:\u00a0<a href=\"http:\/\/www.kastelyszallo.hu\/#section-home\" target=\"_blank\" rel=\"noopener\">www.kastelyszallo.hu<\/a><\/strong><\/p>\n<p>&nbsp;<\/p>","protected":false},"excerpt":{"rendered":"<p>A kast\u00e9ly 1790 k\u00f6r\u00fcl copf st\u00edlusban \u00e9p\u00fclt. Az 1857-b\u0151l sz\u00e1rmaz\u00f3 kataszteri t\u00e9rk\u00e9pen az \u00e9p\u00fclet mellett Eberg\u00e9nyi Viktor neve szerepel. Val\u00f3sz\u00edn\u0171, hogy az Eberg\u00e9nyiek megosztoztak a birtokon. A kast\u00e9ly f\u0151homlokzati timpanonj\u00e1ban van elhelyezve a csal\u00e1d val\u00f3di c\u00edmere. A kor kiskast\u00e9lyainak megfelel\u0151en sz\u00e9le kos\u00e1r\u00edves kapun lehet az \u00e9p\u00fcletbe bejutni, mely felett l\u00e1that\u00f3 a h\u00e1rom konzolon nyugv\u00f3 erk\u00e9lylemez [&hellip;]<\/p>","protected":false},"featured_media":0,"parent":0,"menu_order":3,"template":"","categories":[],"tags":[],"class_list":["post-3768","varak-kastelyok","type-varak-kastelyok","status-publish","hentry","floatton-article"],"ptb_metabox":{"ptb_k_p":["3770","https:\/\/www.vasmegye.hu\/wp-content\/uploads\/2018\/07\/\u00daj-Eberg\u00e9nyi-Kast\u00e9ly.jpg","https:\/\/www.vasmegye.hu\/wp-content\/uploads\/2018\/07\/\u00daj-Eberg\u00e9nyi-Kast\u00e9ly.jpg"],"ptb_k_pgal_ria":{"url":[""],"link":[""],"title":[""],"description":[""]},"ptb_video":{"url":[""],"title":[""],"description":[""]},"ptb_hely_cime":"C\u00edm: 9763 Vassz\u00e9cseny, Kossuth Lajos utca 36. ","ptb_elerhetoseg":"El\u00e9rhet\u0151s\u00e9g: +36 94 377-340","ptb_email_cim":"info@kastelyszallo.hu"},"ptb_taxonomy":[],"ptb_featured_image":null,"_links":{"self":[{"href":"https:\/\/www.vasmegye.hu\/en\/wp-json\/wp\/v2\/varak-kastelyok\/3768","targetHints":{"allow":["GET"]}}],"collection":[{"href":"https:\/\/www.vasmegye.hu\/en\/wp-json\/wp\/v2\/varak-kastelyok"}],"about":[{"href":"https:\/\/www.vasmegye.hu\/en\/wp-json\/wp\/v2\/types\/varak-kastelyok"}],"wp:attachment":[{"href":"https:\/\/www.vasmegye.hu\/en\/wp-json\/wp\/v2\/media?parent=3768"}],"wp:term":[{"taxonomy":"category","embeddable":true,"href":"https:\/\/www.vasmegye.hu\/en\/wp-json\/wp\/v2\/categories?post=3768"},{"taxonomy":"post_tag","embeddable":true,"href":"https:\/\/www.vasmegye.hu\/en\/wp-json\/wp\/v2\/tags?post=3768"}],"curies":[{"name":"wp","href":"https:\/\/api.w.org\/{rel}","templated":true}]}}

Vasszécseny &#8211; Új-Ebergényi Kastélyegyüttes

<p style="text-align: justify;">A kastély 1790 körül copf stílusban épült. Az 1857-ből származó kataszteri térképen az épület mellett Ebergényi Viktor neve szerepel. Valószínű, hogy az Ebergényiek megosztoztak a birtokon. A kastély főhomlokzati timpanonjában van elhelyezve a család valódi címere. A kor kiskastélyainak megfelelően széle kosáríves kapun lehet az épületbe bejutni, mely felett látható a három konzolon nyugvó erkélylemez koszorúdíszes vas erkélyráccsal.</p>
<p style="text-align: justify;">A homlokzat részletformálásban sok hasonlóságot mutat a Hefele Menyhért osztrák építész által tervezett szombathelyi kanonokházak részleteivel. A Vas megyei kastélyprogram keretében a Villamosipari Vállalat 40 fő részére pihenőházat és továbbképző központot alakított ki az épületben. A szabadon álló épületet 14 ha-os gondozott, szép park övezi.</p>
<p><strong>Szolgáltatások:</strong> A szállóban 46 fő elhelyezésére nyílik lehetőség. A kastélyhoz üvegfolyosóval kapcsolódik a feszített víztükrös uszoda szaunával, szoláriummal. A parkban teniszpálya, röplabdapálya, játszóterek várják a sportolni vágyókat. A felújított márvány díszterem és társalgók továbbképzések, konferenciák helyszínéül szolgálhatnak. A szállóban étterem, borozó működik.<br />
<strong>Megközelíthetőség:</strong> A Szombathelytől dél-keleti irányba húzódó 87-es út mellett, a megye közepén található. A megyeszékhely mindössze 14 km-ra van.</p>
<p><strong>Weblap: <a href="http://www.kastelyszallo.hu/#section-home" target="_blank" rel="noopener">www.kastelyszallo.hu</a></strong></p>
<p>&nbsp;</p>

<p>A kastély 1790 körül copf stílusban épült. Az 1857-ből származó kataszteri térképen az épület mellett Ebergényi Viktor neve szerepel. Valószínű, hogy az Ebergényiek megosztoztak a birtokon. A kastély főhomlokzati timpanonjában van elhelyezve a család valódi címere. A kor kiskastélyainak megfelelően széle kosáríves kapun lehet az épületbe bejutni, mely felett látható a három konzolon nyugvó erkélylemez [&hellip;]</p>

https://www.vasmegye.hu/wp-content/uploads/2018/07/Új-Ebergényi-Kastély.jpg

Cím: 9763 Vasszécseny, Kossuth Lajos utca 36.

Elérhetőség: +36 94 377-340
