{"id":3611,"date":"2018-07-20T08:23:52","date_gmt":"2018-07-20T06:23:52","guid":{"rendered":"https:\/\/www.vasmegye.hu\/?post_type=varak-kastelyok&#038;p=3611"},"modified":"2018-08-09T13:29:58","modified_gmt":"2018-08-09T11:29:58","slug":"bozsok-sibrik-kastely-es-ospark","status":"publish","type":"varak-kastelyok","link":"https:\/\/www.vasmegye.hu\/en\/varak-kastelyok\/bozsok-sibrik-kastely-es-ospark\/","title":{"rendered":"Bozsok &#8211; Sibrik Kast\u00e9ly \u00e9s \u0151spark"},"content":{"rendered":"<p style=\"text-align: justify;\">A k\u0151szegi hegys\u00e9g l\u00e1b\u00e1n\u00e1l helyezkedik el a 430 lakos\u00fa telep\u00fcl\u00e9s. Els\u0151 okleveles eml\u00edt\u00e9se 1277-b\u0151l sz\u00e1rmazik. A k\u00f6zs\u00e9g \u00e9szaki v\u00e9g\u00e9n egy nagy Angol-parkban a Bozsok patak mellett \u00e1ll a Sibrik kast\u00e9ly. Az \u00e9p\u00fclet k\u00e9s\u0151 renesz\u00e1nsz eredet\u0171, a falai legnagyobb r\u00e9sze a XVI-XVII. sz\u00e1zadb\u00f3l val\u00f3. Valamikor vizes\u00e1rok vette k\u00f6r\u00fcl az egyemeletes v\u00e1rkast\u00e9lyt. N\u00e9gyzetes udvar\u00e1t d\u00e9li \u00e9s nyugati oldal\u00e1n \u00e9p\u00fclet hat\u00e1rolja, m\u00e1sik k\u00e9t oldal\u00e1n magas v\u00e9d\u0151fal veszi k\u00f6r\u00fcl \u00e9szak-keleten egy soksz\u00f6g\u0171 saroktorony \u00e1ll. Homlokzatk\u00e9pz\u00e9se nemesen egyszer\u0171. Egyetlen d\u00edszesebb r\u00e9sze a t\u00f6rtvonal\u00fa p\u00e1rk\u00e1nnyal lez\u00e1rt bej\u00e1rati kapu\u00e9p\u00edtm\u00e9ny, amelyen a N\u00e1dasdy \u00e9s a Sibrik csal\u00e1dok egyes\u00edtett c\u00edmere l\u00e1that\u00f3 1611-es \u00e9vsz\u00e1mmal. Az udvari homlokzat f\u00f6ldszintje kos\u00e1r\u00edves torn\u00e1ccal kialak\u00edtott.<\/p>\n<p><img loading=\"lazy\" decoding=\"async\" class=\"size-medium wp-image-3617 aligncenter\" src=\"https:\/\/www.vasmegye.hu\/wp-content\/uploads\/2018\/07\/Sibrik4-300x123.jpg\" alt=\"\" width=\"300\" height=\"123\" srcset=\"https:\/\/www.vasmegye.hu\/wp-content\/uploads\/2018\/07\/Sibrik4-300x123.jpg 300w, https:\/\/www.vasmegye.hu\/wp-content\/uploads\/2018\/07\/Sibrik4-768x314.jpg 768w, https:\/\/www.vasmegye.hu\/wp-content\/uploads\/2018\/07\/Sibrik4-1024x419.jpg 1024w\" sizes=\"auto, (max-width: 300px) 100vw, 300px\" \/><\/p>\n<p style=\"text-align: justify;\">A II. vil\u00e1gh\u00e1bor\u00fa alatt nem rong\u00e1l\u00f3dott meg, de az 1950-es \u00e9vek elej\u00e9re teljesen romoss\u00e1 v\u00e1lt. A 60-as \u00e9vekben helyre\u00e1ll\u00edtott\u00e1k \u00e9s a\u00a0Vas Megyei Tan\u00e1cs \u00dcd\u00fcl\u0151 \u00e9s Tov\u00e1bbk\u00e9pz\u0151 k\u00f6zpontja lett. Ma a Savaria Tourist Kft. \u00fczemelteti. A m\u0171eml\u00e9ki k\u00f6rnyezetet a kast\u00e9lysz\u00e1ll\u00f3 k\u00f6r\u00fcl kieg\u00e9sz\u00edti a hozz\u00e1 tartoz\u00f3 8 halos parkerd\u0151, mely \u00e9rt\u00e9kes fa \u00e9s vad\u00e1llom\u00e1nya miatt term\u00e9szetv\u00e9delmi ter\u00fclet.<\/p>\n<p>\u00a0 \u00a0\u00a0 \u00a0<img loading=\"lazy\" decoding=\"async\" class=\"wp-image-3616 aligncenter\" src=\"https:\/\/www.vasmegye.hu\/wp-content\/uploads\/2018\/07\/sibrik3.jpg\" alt=\"\" width=\"252\" height=\"200\" \/><\/p>\n<p><strong>Megk\u00f6zel\u00edthet\u0151s\u00e9g:<\/strong>\u00a0Szombathely-K\u0151szeg \u00fatvonalon a luk\u00e1csh\u00e1zi le\u00e1gaz\u00f3t\u00f3l 9 km-e. A Szombathely-Bucsu \u00fatvonalon a bucsui le\u00e1gaz\u00f3t\u00f3l 6 km-re.<\/p>\n<p><strong>Szolg\u00e1ltat\u00e1sok:<\/strong>\u00a0A kas\u00e9lysz\u00e1ll\u00f3 12 szob\u00e1ja \u00e9s egy apartmanja 32 f\u0151 elhelyez\u00e9s\u00e9re alkalmas. A sz\u00e1ll\u00f3ban \u00e9tterem, szauna, billi\u00e1rd. A k\u00f6zelben teniszp\u00e1lya, tekep\u00e1lya, lovarda tal\u00e1lhat\u00f3.<\/p>\n<p><strong>Weblap:\u00a0<a href=\"http:\/\/www.gyogyvizek.hu\/latnivalok\/sibrik-kastely-es-ospark-bozsok.html\" target=\"_blank\" rel=\"noopener\">www.gyogyvizek.hu<\/a><\/strong><\/p>\n<p>&nbsp;<\/p>","protected":false},"excerpt":{"rendered":"<p>A k\u0151szegi hegys\u00e9g l\u00e1b\u00e1n\u00e1l helyezkedik el a 430 lakos\u00fa telep\u00fcl\u00e9s. Els\u0151 okleveles eml\u00edt\u00e9se 1277-b\u0151l sz\u00e1rmazik. A k\u00f6zs\u00e9g \u00e9szaki v\u00e9g\u00e9n egy nagy Angol-parkban a Bozsok patak mellett \u00e1ll a Sibrik kast\u00e9ly. Az \u00e9p\u00fclet k\u00e9s\u0151 renesz\u00e1nsz eredet\u0171, a falai legnagyobb r\u00e9sze a XVI-XVII. sz\u00e1zadb\u00f3l val\u00f3. Valamikor vizes\u00e1rok vette k\u00f6r\u00fcl az egyemeletes v\u00e1rkast\u00e9lyt. N\u00e9gyzetes udvar\u00e1t d\u00e9li \u00e9s nyugati [&hellip;]<\/p>","protected":false},"featured_media":0,"parent":0,"menu_order":9,"template":"","categories":[],"tags":[],"class_list":["post-3611","varak-kastelyok","type-varak-kastelyok","status-publish","hentry","floatton-article"],"ptb_metabox":{"ptb_k_p":["3614","https:\/\/www.vasmegye.hu\/wp-content\/uploads\/2018\/07\/Sibrik-Kast\u00e9ly.jpg","https:\/\/www.vasmegye.hu\/wp-content\/uploads\/2018\/07\/Sibrik-Kast\u00e9ly.jpg"],"ptb_k_pgal_ria":{"url":["",""],"link":["",""],"title":["",""],"description":["",""]},"ptb_video":{"url":[""],"title":[""],"description":[""]},"ptb_hely_cime":"C\u00edm: 9760 Bozsok, R\u00e1k\u00f3czi u. 1.","ptb_elerhetoseg":"El\u00e9rhet\u0151s\u00e9g: +36 94 360-960","ptb_email_cim":"savaria.tourist@axelero.hu"},"ptb_taxonomy":[],"ptb_featured_image":null,"_links":{"self":[{"href":"https:\/\/www.vasmegye.hu\/en\/wp-json\/wp\/v2\/varak-kastelyok\/3611","targetHints":{"allow":["GET"]}}],"collection":[{"href":"https:\/\/www.vasmegye.hu\/en\/wp-json\/wp\/v2\/varak-kastelyok"}],"about":[{"href":"https:\/\/www.vasmegye.hu\/en\/wp-json\/wp\/v2\/types\/varak-kastelyok"}],"wp:attachment":[{"href":"https:\/\/www.vasmegye.hu\/en\/wp-json\/wp\/v2\/media?parent=3611"}],"wp:term":[{"taxonomy":"category","embeddable":true,"href":"https:\/\/www.vasmegye.hu\/en\/wp-json\/wp\/v2\/categories?post=3611"},{"taxonomy":"post_tag","embeddable":true,"href":"https:\/\/www.vasmegye.hu\/en\/wp-json\/wp\/v2\/tags?post=3611"}],"curies":[{"name":"wp","href":"https:\/\/api.w.org\/{rel}","templated":true}]}}

Bozsok &#8211; Sibrik Kastély és őspark

<p style="text-align: justify;">A kőszegi hegység lábánál helyezkedik el a 430 lakosú település. Első okleveles említése 1277-ből származik. A község északi végén egy nagy Angol-parkban a Bozsok patak mellett áll a Sibrik kastély. Az épület késő reneszánsz eredetű, a falai legnagyobb része a XVI-XVII. századból való. Valamikor vizesárok vette körül az egyemeletes várkastélyt. Négyzetes udvarát déli és nyugati oldalán épület határolja, másik két oldalán magas védőfal veszi körül észak-keleten egy sokszögű saroktorony áll. Homlokzatképzése nemesen egyszerű. Egyetlen díszesebb része a törtvonalú párkánnyal lezárt bejárati kapuépítmény, amelyen a Nádasdy és a Sibrik családok egyesített címere látható 1611-es évszámmal. Az udvari homlokzat földszintje kosáríves tornáccal kialakított.</p>
<p><img loading="lazy" decoding="async" class="size-medium wp-image-3617 aligncenter" src="https://www.vasmegye.hu/wp-content/uploads/2018/07/Sibrik4-300x123.jpg" alt="" width="300" height="123" srcset="https://www.vasmegye.hu/wp-content/uploads/2018/07/Sibrik4-300x123.jpg 300w, https://www.vasmegye.hu/wp-content/uploads/2018/07/Sibrik4-768x314.jpg 768w, https://www.vasmegye.hu/wp-content/uploads/2018/07/Sibrik4-1024x419.jpg 1024w" sizes="auto, (max-width: 300px) 100vw, 300px" /></p>
<p style="text-align: justify;">A II. világháború alatt nem rongálódott meg, de az 1950-es évek elejére teljesen romossá vált. A 60-as években helyreállították és a Vas Megyei Tanács Üdülő és Továbbképző központja lett. Ma a Savaria Tourist Kft. üzemelteti. A műemléki környezetet a kastélyszálló körül kiegészíti a hozzá tartozó 8 halos parkerdő, mely értékes fa és vadállománya miatt természetvédelmi terület.</p>
<p>      <img loading="lazy" decoding="async" class="wp-image-3616 aligncenter" src="https://www.vasmegye.hu/wp-content/uploads/2018/07/sibrik3.jpg" alt="" width="252" height="200" /></p>
<p><strong>Megközelíthetőség:</strong> Szombathely-Kőszeg útvonalon a lukácsházi leágazótól 9 km-e. A Szombathely-Bucsu útvonalon a bucsui leágazótól 6 km-re.</p>
<p><strong>Szolgáltatások:</strong> A kasélyszálló 12 szobája és egy apartmanja 32 fő elhelyezésére alkalmas. A szállóban étterem, szauna, billiárd. A közelben teniszpálya, tekepálya, lovarda található.</p>
<p><strong>Weblap: <a href="http://www.gyogyvizek.hu/latnivalok/sibrik-kastely-es-ospark-bozsok.html" target="_blank" rel="noopener">www.gyogyvizek.hu</a></strong></p>
<p>&nbsp;</p>

<p>A kőszegi hegység lábánál helyezkedik el a 430 lakosú település. Első okleveles említése 1277-ből származik. A község északi végén egy nagy Angol-parkban a Bozsok patak mellett áll a Sibrik kastély. Az épület késő reneszánsz eredetű, a falai legnagyobb része a XVI-XVII. századból való. Valamikor vizesárok vette körül az egyemeletes várkastélyt. Négyzetes udvarát déli és nyugati [&hellip;]</p>

https://www.vasmegye.hu/wp-content/uploads/2018/07/Sibrik-Kastély.jpg

Cím: 9760 Bozsok, Rákóczi u. 1.

Elérhetőség: +36 94 360-960
