{"id":4066,"date":"2018-07-25T11:29:40","date_gmt":"2018-07-25T09:29:40","guid":{"rendered":"https:\/\/www.vasmegye.hu\/?post_type=vallasi-ertekek&#038;p=4066"},"modified":"2018-08-09T13:10:30","modified_gmt":"2018-08-09T11:10:30","slug":"papoc-havas-boldogasszony-kapolna-es-iskolaepulet","status":"publish","type":"vallasi-ertekek","link":"https:\/\/www.vasmegye.hu\/en\/vallasi-ertekek\/papoc-havas-boldogasszony-kapolna-es-iskolaepulet\/","title":{"rendered":"P\u00e1poc &#8211; Havas Boldogasszony k\u00e1polna \u00e9s iskola\u00e9p\u00fclet"},"content":{"rendered":"<p style=\"text-align: justify;\">A R\u00e1ba menti k\u00f6zs\u00e9g P\u00e1poc, m\u00e1r a honfoglal\u00e1s idej\u00e9ben egyh\u00e1zas hely lehetett. A k\u00f6z\u00e9pkorban a telep\u00fcl\u00e9snek h\u00e1rom temploma volt. A mez\u0151v\u00e1rosban akkoriban gy\u00f3gyf\u00fcrd\u0151 \u00e9s t\u00f6bb malom is m\u0171k\u00f6d\u00f6tt. Emellett v\u00e1s\u00e1r-\u00e9s v\u00e1mjoggal is rendelkezett. Itt l\u00e9tes\u00fclt az orsz\u00e1g egyik legr\u00e9gibb pl\u00e9b\u00e1niaiskol\u00e1ja. E korb\u00f3l leg\u00e9pebben a Havas Boldogasszony k\u00e1polna maradt r\u00e1nk, mely a n\u00e9gykar\u00e9jos rom\u00e1n kori templomok sz\u00e9p p\u00e9ld\u00e1ja.<\/p>\n<p>B\u0151vebben <strong><a href=\"https:\/\/www.turautak.com\/cikkek\/varak--romok\/arpad-kori-templomaink\/papoc--havas-boldogasszony-kapolna.html\" target=\"_blank\" rel=\"noopener\">itt<\/a><\/strong> olvashat az \u00e9rt\u00e9kr\u0151l.<\/p>\n<p>&nbsp;<\/p>","protected":false},"excerpt":{"rendered":"<p>A R\u00e1ba menti k\u00f6zs\u00e9g P\u00e1poc, m\u00e1r a honfoglal\u00e1s idej\u00e9ben egyh\u00e1zas hely lehetett. A k\u00f6z\u00e9pkorban a telep\u00fcl\u00e9snek h\u00e1rom temploma volt. A mez\u0151v\u00e1rosban akkoriban gy\u00f3gyf\u00fcrd\u0151 \u00e9s t\u00f6bb malom is m\u0171k\u00f6d\u00f6tt. Emellett v\u00e1s\u00e1r-\u00e9s v\u00e1mjoggal is rendelkezett. Itt l\u00e9tes\u00fclt az orsz\u00e1g egyik legr\u00e9gibb pl\u00e9b\u00e1niaiskol\u00e1ja. E korb\u00f3l leg\u00e9pebben a Havas Boldogasszony k\u00e1polna maradt r\u00e1nk, mely a n\u00e9gykar\u00e9jos rom\u00e1n kori templomok [&hellip;]<\/p>","protected":false},"featured_media":4073,"parent":0,"menu_order":8,"template":"","meta":{"_exactmetrics_skip_tracking":false,"_exactmetrics_sitenote_active":false,"_exactmetrics_sitenote_note":"","_exactmetrics_sitenote_category":0,"footnotes":""},"categories":[],"encyclopedia-category":[],"writer":[],"class_list":["post-4066","vallasi-ertekek","type-vallasi-ertekek","status-publish","has-post-thumbnail","hentry","floatton-article"],"ptb_metabox":{"ptb_k_pgal_ria":{"url":[""],"link":[""],"title":[""],"description":[""]},"ptb_video":{"url":[""],"title":[""],"description":[""]}},"ptb_taxonomy":[],"ptb_featured_image":{"url":"https:\/\/www.vasmegye.hu\/wp-content\/uploads\/2018\/07\/P\u00e1p\u00f3c.jpg","title":"P\u00e1p\u00f3c Templom","caption":""},"_links":{"self":[{"href":"https:\/\/www.vasmegye.hu\/en\/wp-json\/wp\/v2\/vallasi-ertekek\/4066","targetHints":{"allow":["GET"]}}],"collection":[{"href":"https:\/\/www.vasmegye.hu\/en\/wp-json\/wp\/v2\/vallasi-ertekek"}],"about":[{"href":"https:\/\/www.vasmegye.hu\/en\/wp-json\/wp\/v2\/types\/vallasi-ertekek"}],"version-history":[{"count":0,"href":"https:\/\/www.vasmegye.hu\/en\/wp-json\/wp\/v2\/vallasi-ertekek\/4066\/revisions"}],"wp:featuredmedia":[{"embeddable":true,"href":"https:\/\/www.vasmegye.hu\/en\/wp-json\/wp\/v2\/media\/4073"}],"wp:attachment":[{"href":"https:\/\/www.vasmegye.hu\/en\/wp-json\/wp\/v2\/media?parent=4066"}],"wp:term":[{"taxonomy":"category","embeddable":true,"href":"https:\/\/www.vasmegye.hu\/en\/wp-json\/wp\/v2\/categories?post=4066"},{"taxonomy":"encyclopedia-category","embeddable":true,"href":"https:\/\/www.vasmegye.hu\/en\/wp-json\/wp\/v2\/encyclopedia-category?post=4066"},{"taxonomy":"writer","embeddable":true,"href":"https:\/\/www.vasmegye.hu\/en\/wp-json\/wp\/v2\/writer?post=4066"}],"curies":[{"name":"wp","href":"https:\/\/api.w.org\/{rel}","templated":true}]}}

Pápoc &#8211; Havas Boldogasszony kápolna és iskolaépület

<p style="text-align: justify;">A Rába menti község Pápoc, már a honfoglalás idejében egyházas hely lehetett. A középkorban a településnek három temploma volt. A mezővárosban akkoriban gyógyfürdő és több malom is működött. Emellett vásár-és vámjoggal is rendelkezett. Itt létesült az ország egyik legrégibb plébániaiskolája. E korból legépebben a Havas Boldogasszony kápolna maradt ránk, mely a négykaréjos román kori templomok szép példája.</p>
<p>Bővebben <strong><a href="https://www.turautak.com/cikkek/varak--romok/arpad-kori-templomaink/papoc--havas-boldogasszony-kapolna.html" target="_blank" rel="noopener">itt</a></strong> olvashat az értékről.</p>
<p>&nbsp;</p>

<p>A Rába menti község Pápoc, már a honfoglalás idejében egyházas hely lehetett. A középkorban a településnek három temploma volt. A mezővárosban akkoriban gyógyfürdő és több malom is működött. Emellett vásár-és vámjoggal is rendelkezett. Itt létesült az ország egyik legrégibb plébániaiskolája. E korból legépebben a Havas Boldogasszony kápolna maradt ránk, mely a négykaréjos román kori templomok [&hellip;]</p>

https://www.vasmegye.hu/wp-content/uploads/2018/07/Pápóc.jpg

Pápóc Templom
