{"id":4059,"date":"2018-07-25T11:15:43","date_gmt":"2018-07-25T09:15:43","guid":{"rendered":"https:\/\/www.vasmegye.hu\/?post_type=vallasi-ertekek&#038;p=4059"},"modified":"2018-08-09T13:11:22","modified_gmt":"2018-08-09T11:11:22","slug":"oriszentpeter-szent-peter-plebaniatemplom","status":"publish","type":"vallasi-ertekek","link":"https:\/\/www.vasmegye.hu\/en\/vallasi-ertekek\/oriszentpeter-szent-peter-plebaniatemplom\/","title":{"rendered":"\u0150riszentp\u00e9ter &#8211; Szent P\u00e9ter pl\u00e9b\u00e1niatemplom"},"content":{"rendered":"<p style=\"text-align: justify;\">Vas megye d\u00e9lnyugati sark\u00e1ban fekv\u0151 dombvid\u00e9k az \u0150rs\u00e9g, melynek k\u00f6zpontja \u0150riszentp\u00e9ter. Legr\u00e9gibb \u00e9p\u00fclete a Templomszeren \u00e1ll\u00f3 pl\u00e9b\u00e1nia templom. A rom\u00e1n st\u00edlus\u00fa er\u0151d\u00edtett templomot 1230 k\u00f6r\u00fcl \u00e9p\u00edtett\u00e9k, melyet a XIV-XV. sz\u00e1zadban g\u00f3tikus st\u00edlusban b\u0151v\u00edtettek.<\/p>\n<p>B\u0151vebben <strong><a href=\"https:\/\/www.martinus.hu\/nev-es-cimtar\/plebaniak\/50\/oriszentpeter-szent-peter-apostol-plebania\" target=\"_blank\" rel=\"noopener\">itt<\/a><\/strong> olvashat az \u00e9rt\u00e9kr\u0151l.<\/p>","protected":false},"excerpt":{"rendered":"<p>Vas megye d\u00e9lnyugati sark\u00e1ban fekv\u0151 dombvid\u00e9k az \u0150rs\u00e9g, melynek k\u00f6zpontja \u0150riszentp\u00e9ter. Legr\u00e9gibb \u00e9p\u00fclete a Templomszeren \u00e1ll\u00f3 pl\u00e9b\u00e1nia templom. A rom\u00e1n st\u00edlus\u00fa er\u0151d\u00edtett templomot 1230 k\u00f6r\u00fcl \u00e9p\u00edtett\u00e9k, melyet a XIV-XV. sz\u00e1zadban g\u00f3tikus st\u00edlusban b\u0151v\u00edtettek. B\u0151vebben itt olvashat az \u00e9rt\u00e9kr\u0151l.<\/p>","protected":false},"featured_media":4061,"parent":0,"menu_order":9,"template":"","meta":{"_exactmetrics_skip_tracking":false,"_exactmetrics_sitenote_active":false,"_exactmetrics_sitenote_note":"","_exactmetrics_sitenote_category":0,"footnotes":""},"categories":[],"encyclopedia-category":[],"writer":[],"class_list":["post-4059","vallasi-ertekek","type-vallasi-ertekek","status-publish","has-post-thumbnail","hentry","floatton-article"],"ptb_metabox":{"ptb_k_pgal_ria":{"url":[""],"link":[""],"title":[""],"description":[""]},"ptb_video":{"url":[""],"title":[""],"description":[""]}},"ptb_taxonomy":[],"ptb_featured_image":{"url":"https:\/\/www.vasmegye.hu\/wp-content\/uploads\/2018\/07\/\u0150riszentp\u00e9ter.jpg","title":"\u0150riszentp\u00e9ter, Szent P\u00e9ter pl\u00e9b\u00e1niatemplom","caption":""},"_links":{"self":[{"href":"https:\/\/www.vasmegye.hu\/en\/wp-json\/wp\/v2\/vallasi-ertekek\/4059","targetHints":{"allow":["GET"]}}],"collection":[{"href":"https:\/\/www.vasmegye.hu\/en\/wp-json\/wp\/v2\/vallasi-ertekek"}],"about":[{"href":"https:\/\/www.vasmegye.hu\/en\/wp-json\/wp\/v2\/types\/vallasi-ertekek"}],"version-history":[{"count":0,"href":"https:\/\/www.vasmegye.hu\/en\/wp-json\/wp\/v2\/vallasi-ertekek\/4059\/revisions"}],"wp:featuredmedia":[{"embeddable":true,"href":"https:\/\/www.vasmegye.hu\/en\/wp-json\/wp\/v2\/media\/4061"}],"wp:attachment":[{"href":"https:\/\/www.vasmegye.hu\/en\/wp-json\/wp\/v2\/media?parent=4059"}],"wp:term":[{"taxonomy":"category","embeddable":true,"href":"https:\/\/www.vasmegye.hu\/en\/wp-json\/wp\/v2\/categories?post=4059"},{"taxonomy":"encyclopedia-category","embeddable":true,"href":"https:\/\/www.vasmegye.hu\/en\/wp-json\/wp\/v2\/encyclopedia-category?post=4059"},{"taxonomy":"writer","embeddable":true,"href":"https:\/\/www.vasmegye.hu\/en\/wp-json\/wp\/v2\/writer?post=4059"}],"curies":[{"name":"wp","href":"https:\/\/api.w.org\/{rel}","templated":true}]}}

Őriszentpéter &#8211; Szent Péter plébániatemplom

<p style="text-align: justify;">Vas megye délnyugati sarkában fekvő dombvidék az Őrség, melynek központja Őriszentpéter. Legrégibb épülete a Templomszeren álló plébánia templom. A román stílusú erődített templomot 1230 körül építették, melyet a XIV-XV. században gótikus stílusban bővítettek.</p>
<p>Bővebben <strong><a href="https://www.martinus.hu/nev-es-cimtar/plebaniak/50/oriszentpeter-szent-peter-apostol-plebania" target="_blank" rel="noopener">itt</a></strong> olvashat az értékről.</p>

<p>Vas megye délnyugati sarkában fekvő dombvidék az Őrség, melynek központja Őriszentpéter. Legrégibb épülete a Templomszeren álló plébánia templom. A román stílusú erődített templomot 1230 körül építették, melyet a XIV-XV. században gótikus stílusban bővítettek. Bővebben itt olvashat az értékről.</p>

https://www.vasmegye.hu/wp-content/uploads/2018/07/Őriszentpéter.jpg

Őriszentpéter, Szent Péter plébániatemplom
