{"id":4035,"date":"2018-07-25T10:55:24","date_gmt":"2018-07-25T08:55:24","guid":{"rendered":"https:\/\/www.vasmegye.hu\/?post_type=vallasi-ertekek&#038;p=4035"},"modified":"2018-08-09T13:12:05","modified_gmt":"2018-08-09T11:12:05","slug":"koszeg-szent-imre-es-szent-jakab-templom","status":"publish","type":"vallasi-ertekek","link":"https:\/\/www.vasmegye.hu\/en\/vallasi-ertekek\/koszeg-szent-imre-es-szent-jakab-templom\/","title":{"rendered":"K\u0151szeg &#8211; Szent Imre \u00e9s Szent Jakab templom"},"content":{"rendered":"<p style=\"text-align: justify;\">A Jurisics teret \u00e9szakon az 1615-1618 k\u00f6z\u00f6tt \u00e9p\u00fclt Szent Imre templom z\u00e1rja le. Eredetileg val\u00f3j\u00e1ban ez volt a protest\u00e1ns Magyar Templom, melyet 1673-ban vettek le protest\u00e1ns h\u00edvekt\u0151l, \u00e9s amely Szent Imre patr\u00f3nus tisztelet\u00e9re szentelve a v\u00e1ros pl\u00e9b\u00e1niatemploma lett 1697-ben. A templom szent\u00e9ly\u00e9n g\u00f3tiz\u00e1l\u00f3 cs\u00facs\u00edves ablakok \u00e9s t\u00e1mpill\u00e9rek tal\u00e1lhat\u00f3k. A f\u0151olt\u00e1ron Szent P\u00e9ter \u00e9s Szent P\u00e1l szobra l\u00e1that\u00f3. A Szent Jakab -templom vagy &#8222;\u00d6reg templom&#8221; alapvet\u0151en g\u00f3tikus \u00e9s barokk st\u00edluselemek \u00e1ltal meghat\u00e1rozott. A homlokzaton csak n\u00e9h\u00e1ny r\u00e9szlet maradt a g\u00f3tik\u00e1b\u00f3l. Az 1700-as t\u0171zv\u00e9sz ut\u00e1ni \u00e1t\u00e9p\u00edt\u00e9skor a barokk jegyek lettek a meghat\u00e1roz\u00f3ak. A templombels\u0151 szint\u00e9n a k\u00e9t st\u00edlus kevered\u00e9s\u00e9t mutatja.<\/p>\n<p>B\u0151vebben <strong><a href=\"https:\/\/www.martinus.hu\/nev-es-cimtar\/plebaniak\/242\/koszeg-szent-jakab-templom-szent-jakab-apostol-filia\" target=\"_blank\" rel=\"noopener\">itt<\/a><\/strong> olvashat az \u00e9rt\u00e9kr\u0151l.<\/p>","protected":false},"excerpt":{"rendered":"<p>A Jurisics teret \u00e9szakon az 1615-1618 k\u00f6z\u00f6tt \u00e9p\u00fclt Szent Imre templom z\u00e1rja le. Eredetileg val\u00f3j\u00e1ban ez volt a protest\u00e1ns Magyar Templom, melyet 1673-ban vettek le protest\u00e1ns h\u00edvekt\u0151l, \u00e9s amely Szent Imre patr\u00f3nus tisztelet\u00e9re szentelve a v\u00e1ros pl\u00e9b\u00e1niatemploma lett 1697-ben. A templom szent\u00e9ly\u00e9n g\u00f3tiz\u00e1l\u00f3 cs\u00facs\u00edves ablakok \u00e9s t\u00e1mpill\u00e9rek tal\u00e1lhat\u00f3k. A f\u0151olt\u00e1ron Szent P\u00e9ter \u00e9s Szent P\u00e1l [&hellip;]<\/p>","protected":false},"featured_media":4041,"parent":0,"menu_order":11,"template":"","meta":{"_exactmetrics_skip_tracking":false,"_exactmetrics_sitenote_active":false,"_exactmetrics_sitenote_note":"","_exactmetrics_sitenote_category":0,"footnotes":""},"categories":[],"encyclopedia-category":[],"writer":[],"class_list":["post-4035","vallasi-ertekek","type-vallasi-ertekek","status-publish","has-post-thumbnail","hentry","floatton-article"],"ptb_metabox":{"ptb_k_pgal_ria":{"url":[""],"link":[""],"title":[""],"description":[""]},"ptb_video":{"url":[""],"title":[""],"description":[""]}},"ptb_taxonomy":[],"ptb_featured_image":{"url":"https:\/\/www.vasmegye.hu\/wp-content\/uploads\/2018\/07\/k\u0151szeghez.png","title":"k\u0151szeghez","caption":""},"_links":{"self":[{"href":"https:\/\/www.vasmegye.hu\/en\/wp-json\/wp\/v2\/vallasi-ertekek\/4035","targetHints":{"allow":["GET"]}}],"collection":[{"href":"https:\/\/www.vasmegye.hu\/en\/wp-json\/wp\/v2\/vallasi-ertekek"}],"about":[{"href":"https:\/\/www.vasmegye.hu\/en\/wp-json\/wp\/v2\/types\/vallasi-ertekek"}],"version-history":[{"count":0,"href":"https:\/\/www.vasmegye.hu\/en\/wp-json\/wp\/v2\/vallasi-ertekek\/4035\/revisions"}],"wp:featuredmedia":[{"embeddable":true,"href":"https:\/\/www.vasmegye.hu\/en\/wp-json\/wp\/v2\/media\/4041"}],"wp:attachment":[{"href":"https:\/\/www.vasmegye.hu\/en\/wp-json\/wp\/v2\/media?parent=4035"}],"wp:term":[{"taxonomy":"category","embeddable":true,"href":"https:\/\/www.vasmegye.hu\/en\/wp-json\/wp\/v2\/categories?post=4035"},{"taxonomy":"encyclopedia-category","embeddable":true,"href":"https:\/\/www.vasmegye.hu\/en\/wp-json\/wp\/v2\/encyclopedia-category?post=4035"},{"taxonomy":"writer","embeddable":true,"href":"https:\/\/www.vasmegye.hu\/en\/wp-json\/wp\/v2\/writer?post=4035"}],"curies":[{"name":"wp","href":"https:\/\/api.w.org\/{rel}","templated":true}]}}

Kőszeg &#8211; Szent Imre és Szent Jakab templom

<p style="text-align: justify;">A Jurisics teret északon az 1615-1618 között épült Szent Imre templom zárja le. Eredetileg valójában ez volt a protestáns Magyar Templom, melyet 1673-ban vettek le protestáns hívektől, és amely Szent Imre patrónus tiszteletére szentelve a város plébániatemploma lett 1697-ben. A templom szentélyén gótizáló csúcsíves ablakok és támpillérek találhatók. A főoltáron Szent Péter és Szent Pál szobra látható. A Szent Jakab -templom vagy &#8222;Öreg templom&#8221; alapvetően gótikus és barokk stíluselemek által meghatározott. A homlokzaton csak néhány részlet maradt a gótikából. Az 1700-as tűzvész utáni átépítéskor a barokk jegyek lettek a meghatározóak. A templombelső szintén a két stílus keveredését mutatja.</p>
<p>Bővebben <strong><a href="https://www.martinus.hu/nev-es-cimtar/plebaniak/242/koszeg-szent-jakab-templom-szent-jakab-apostol-filia" target="_blank" rel="noopener">itt</a></strong> olvashat az értékről.</p>

<p>A Jurisics teret északon az 1615-1618 között épült Szent Imre templom zárja le. Eredetileg valójában ez volt a protestáns Magyar Templom, melyet 1673-ban vettek le protestáns hívektől, és amely Szent Imre patrónus tiszteletére szentelve a város plébániatemploma lett 1697-ben. A templom szentélyén gótizáló csúcsíves ablakok és támpillérek találhatók. A főoltáron Szent Péter és Szent Pál [&hellip;]</p>

https://www.vasmegye.hu/wp-content/uploads/2018/07/kőszeghez.png

kőszeghez
