{"id":3578,"date":"2018-07-19T11:09:24","date_gmt":"2018-07-19T09:09:24","guid":{"rendered":"https:\/\/www.vasmegye.hu\/?post_type=egeszsegturizmus&#038;p=3578"},"modified":"2018-08-31T10:12:03","modified_gmt":"2018-08-31T08:12:03","slug":"st-gotthard-spa-wellness","status":"publish","type":"termalfurdok","link":"https:\/\/www.vasmegye.hu\/en\/termalfurdok\/st-gotthard-spa-wellness\/","title":{"rendered":"St.Gotthard Spa &amp; Wellness"},"content":{"rendered":"<p style=\"text-align: justify;\">Az exkluz\u00edv kialak\u00edt\u00e1s\u00fa, eg\u00e9sz \u00e9vben m\u0171k\u00f6d\u0151 St. Gotthard Spa &amp; Wellness anim\u00e1ci\u00f3s, \u00e9lm\u00e9ny- \u00e9s term\u00e1lpark k\u00e9nyeztet\u0151 szolg\u00e1ltat\u00e1sok sor\u00e1t, t\u00f6k\u00e9letes kikapcsol\u00f3d\u00e1st, felejthetetlen programokat \u00e9s regener\u00e1l\u00f3d\u00e1st ny\u00fajt az ide\u00e9rkez\u0151 vend\u00e9gek sz\u00e1m\u00e1ra.<\/p>\n<p><strong>Nyitva tart\u00e1s:<\/strong><\/p>\n<p>pontos inform\u00e1ci\u00f3k <a href=\"http:\/\/thermalpark.hu\/hu\/nyitva-tartas\/\" target=\"_blank\" rel=\"noopener\">itt<\/a> \u00e9rhet\u0151k el<\/p>\n<p><strong>Weblap:<\/strong><\/p>\n<p><a href=\"http:\/\/thermalpark.hu\/hu\/\" target=\"_blank\" rel=\"noopener\">thermalpark.hu<\/a><\/p>","protected":false},"excerpt":{"rendered":"<p>Az exkluz\u00edv kialak\u00edt\u00e1s\u00fa, eg\u00e9sz \u00e9vben m\u0171k\u00f6d\u0151 St. Gotthard Spa &amp; Wellness anim\u00e1ci\u00f3s, \u00e9lm\u00e9ny- \u00e9s term\u00e1lpark k\u00e9nyeztet\u0151 szolg\u00e1ltat\u00e1sok sor\u00e1t, t\u00f6k\u00e9letes kikapcsol\u00f3d\u00e1st, felejthetetlen programokat \u00e9s regener\u00e1l\u00f3d\u00e1st ny\u00fajt az ide\u00e9rkez\u0151 vend\u00e9gek sz\u00e1m\u00e1ra. Nyitva tart\u00e1s: pontos inform\u00e1ci\u00f3k itt \u00e9rhet\u0151k el Weblap: thermalpark.hu<\/p>","protected":false},"featured_media":3584,"parent":0,"menu_order":3,"template":"","categories":[],"tags":[],"class_list":["post-3578","termalfurdok","type-termalfurdok","status-publish","has-post-thumbnail","hentry","floatton-article"],"ptb_metabox":{"ptb_k_p":["3584","https:\/\/www.vasmegye.hu\/wp-content\/uploads\/2018\/07\/St.Gotth\u00e1rd-f\u00fcrd\u0151.jpg","https:\/\/www.vasmegye.hu\/wp-content\/uploads\/2018\/07\/St.Gotth\u00e1rd-f\u00fcrd\u0151.jpg"],"ptb_k_pgal_ria":{"url":[""],"link":[""],"title":[""],"description":[""]},"ptb_video":{"url":[""],"title":[""],"description":[""]},"ptb_hely_cime":"C\u00edm: 9970 Szentgotth\u00e1rd, F\u00fczesi \u00fat 3\/A","ptb_elerhetoseg":"El\u00e9rhet\u0151s\u00e9g: +36 94 554-324"},"ptb_taxonomy":[],"ptb_featured_image":{"url":"https:\/\/www.vasmegye.hu\/wp-content\/uploads\/2018\/07\/St.Gotth\u00e1rd-f\u00fcrd\u0151.jpg","title":"St.Gotth\u00e1rd f\u00fcrd\u0151","caption":""},"_links":{"self":[{"href":"https:\/\/www.vasmegye.hu\/en\/wp-json\/wp\/v2\/termalfurdok\/3578","targetHints":{"allow":["GET"]}}],"collection":[{"href":"https:\/\/www.vasmegye.hu\/en\/wp-json\/wp\/v2\/termalfurdok"}],"about":[{"href":"https:\/\/www.vasmegye.hu\/en\/wp-json\/wp\/v2\/types\/termalfurdok"}],"wp:featuredmedia":[{"embeddable":true,"href":"https:\/\/www.vasmegye.hu\/en\/wp-json\/wp\/v2\/media\/3584"}],"wp:attachment":[{"href":"https:\/\/www.vasmegye.hu\/en\/wp-json\/wp\/v2\/media?parent=3578"}],"wp:term":[{"taxonomy":"category","embeddable":true,"href":"https:\/\/www.vasmegye.hu\/en\/wp-json\/wp\/v2\/categories?post=3578"},{"taxonomy":"post_tag","embeddable":true,"href":"https:\/\/www.vasmegye.hu\/en\/wp-json\/wp\/v2\/tags?post=3578"}],"curies":[{"name":"wp","href":"https:\/\/api.w.org\/{rel}","templated":true}]}}

<p style="text-align: justify;">Az exkluzív kialakítású, egész évben működő St. Gotthard Spa &amp; Wellness animációs, élmény- és termálpark kényeztető szolgáltatások sorát, tökéletes kikapcsolódást, felejthetetlen programokat és regenerálódást nyújt az ideérkező vendégek számára.</p>
<p><strong>Nyitva tartás:</strong></p>
<p>pontos információk <a href="http://thermalpark.hu/hu/nyitva-tartas/" target="_blank" rel="noopener">itt</a> érhetők el</p>
<p><strong>Weblap:</strong></p>
<p><a href="http://thermalpark.hu/hu/" target="_blank" rel="noopener">thermalpark.hu</a></p>

<p>Az exkluzív kialakítású, egész évben működő St. Gotthard Spa &amp; Wellness animációs, élmény- és termálpark kényeztető szolgáltatások sorát, tökéletes kikapcsolódást, felejthetetlen programokat és regenerálódást nyújt az ideérkező vendégek számára. Nyitva tartás: pontos információk itt érhetők el Weblap: thermalpark.hu</p>

https://www.vasmegye.hu/wp-content/uploads/2018/07/St.Gotthárd-fürdő.jpg

Cím: 9970 Szentgotthárd, Füzesi út 3/A

Elérhetőség: +36 94 554-324

St.Gotthárd fürdő
