{"id":3562,"date":"2018-07-19T10:51:34","date_gmt":"2018-07-19T08:51:34","guid":{"rendered":"https:\/\/www.vasmegye.hu\/?post_type=egeszsegturizmus&#038;p=3562"},"modified":"2018-08-31T10:09:36","modified_gmt":"2018-08-31T08:09:36","slug":"sarvar-gyogy-es-wellnessfurdo","status":"publish","type":"termalfurdok","link":"https:\/\/www.vasmegye.hu\/en\/termalfurdok\/sarvar-gyogy-es-wellnessfurdo\/","title":{"rendered":"S\u00e1rv\u00e1r &#8211; Gy\u00f3gy- \u00e9s Wellnessf\u00fcrd\u0151"},"content":{"rendered":"<div style=\"text-align: justify;\">A nemzetk\u00f6zi sz\u00ednvonal\u00fa S\u00e1rv\u00e1ri Gy\u00f3gy- \u00e9s Wellnessf\u00fcrd\u0151ben\u00a0sz\u00e1mos gy\u00f3gy\u00e1szati, eg\u00e9szs\u00e9gmeg\u0151rz\u0151 \u00e9s rekre\u00e1ci\u00f3s szolg\u00e1ltat\u00e1st k\u00edn\u00e1lnak.<\/div>\n<div style=\"text-align: justify;\">A 2002-ben \u00e1tadott \u00faj, nemzetk\u00f6zi sz\u00ednvonal\u00fa Gy\u00f3gy- \u00e9s Wellnessf\u00fcrd\u0151ben minden ig\u00e9nyt kiel\u00e9g\u00edtenek, sz\u00e1mos gy\u00f3gy\u00e1szati, eg\u00e9szs\u00e9gmeg\u0151rz\u0151 \u00e9s rekre\u00e1ci\u00f3s szolg\u00e1ltat\u00e1st k\u00edn\u00e1lnak az ide l\u00e1togat\u00f3knak.<\/div>\n<p><strong>Nyitva tart\u00e1s:<\/strong><\/p>\n<p>pontos inform\u00e1ci\u00f3k<a href=\"http:\/\/www.sarvarfurdo.hu\/nyitva_tartas_zsi\" target=\"_blank\" rel=\"noopener\"> itt<\/a> \u00e9rhet\u0151k el<\/p>\n<p><strong>Weblap:<\/strong><\/p>\n<p><a href=\"http:\/\/www.sarvarfurdo.hu\/\" target=\"_blank\" rel=\"noopener\">www.sarvarfurdo.hu<\/a><\/p>\n<p>&nbsp;<\/p>","protected":false},"excerpt":{"rendered":"<p>A nemzetk\u00f6zi sz\u00ednvonal\u00fa S\u00e1rv\u00e1ri Gy\u00f3gy- \u00e9s Wellnessf\u00fcrd\u0151ben\u00a0sz\u00e1mos gy\u00f3gy\u00e1szati, eg\u00e9szs\u00e9gmeg\u0151rz\u0151 \u00e9s rekre\u00e1ci\u00f3s szolg\u00e1ltat\u00e1st k\u00edn\u00e1lnak. A 2002-ben \u00e1tadott \u00faj, nemzetk\u00f6zi sz\u00ednvonal\u00fa Gy\u00f3gy- \u00e9s Wellnessf\u00fcrd\u0151ben minden ig\u00e9nyt kiel\u00e9g\u00edtenek, sz\u00e1mos gy\u00f3gy\u00e1szati, eg\u00e9szs\u00e9gmeg\u0151rz\u0151 \u00e9s rekre\u00e1ci\u00f3s szolg\u00e1ltat\u00e1st k\u00edn\u00e1lnak az ide l\u00e1togat\u00f3knak. Nyitva tart\u00e1s: pontos inform\u00e1ci\u00f3k itt \u00e9rhet\u0151k el Weblap: www.sarvarfurdo.hu &nbsp;<\/p>","protected":false},"featured_media":3568,"parent":0,"menu_order":5,"template":"","categories":[],"tags":[],"class_list":["post-3562","termalfurdok","type-termalfurdok","status-publish","has-post-thumbnail","hentry","floatton-article"],"ptb_metabox":{"ptb_k_p":["3572","https:\/\/www.vasmegye.hu\/wp-content\/uploads\/2018\/07\/S\u00e1rv\u00e1ri-f\u00fcrd\u0151-1.jpg","https:\/\/www.vasmegye.hu\/wp-content\/uploads\/2018\/07\/S\u00e1rv\u00e1ri-f\u00fcrd\u0151-1.jpg"],"ptb_k_pgal_ria":{"url":[""],"link":[""],"title":[""],"description":[""]},"ptb_video":{"url":[""],"title":[""],"description":[""]},"ptb_hely_cime":"C\u00edm: 9600 S\u00e1rv\u00e1r Vadkert u. 1","ptb_elerhetoseg":"El\u00e9rhet\u0151s\u00e9g: +36 95 523-600"},"ptb_taxonomy":[],"ptb_featured_image":{"url":"https:\/\/www.vasmegye.hu\/wp-content\/uploads\/2018\/07\/S\u00e1rv\u00e1ri-f\u00fcrd\u0151.jpg","title":"S\u00e1rv\u00e1ri f\u00fcrd\u0151","caption":""},"_links":{"self":[{"href":"https:\/\/www.vasmegye.hu\/en\/wp-json\/wp\/v2\/termalfurdok\/3562","targetHints":{"allow":["GET"]}}],"collection":[{"href":"https:\/\/www.vasmegye.hu\/en\/wp-json\/wp\/v2\/termalfurdok"}],"about":[{"href":"https:\/\/www.vasmegye.hu\/en\/wp-json\/wp\/v2\/types\/termalfurdok"}],"wp:featuredmedia":[{"embeddable":true,"href":"https:\/\/www.vasmegye.hu\/en\/wp-json\/wp\/v2\/media\/3568"}],"wp:attachment":[{"href":"https:\/\/www.vasmegye.hu\/en\/wp-json\/wp\/v2\/media?parent=3562"}],"wp:term":[{"taxonomy":"category","embeddable":true,"href":"https:\/\/www.vasmegye.hu\/en\/wp-json\/wp\/v2\/categories?post=3562"},{"taxonomy":"post_tag","embeddable":true,"href":"https:\/\/www.vasmegye.hu\/en\/wp-json\/wp\/v2\/tags?post=3562"}],"curies":[{"name":"wp","href":"https:\/\/api.w.org\/{rel}","templated":true}]}}

Sárvár &#8211; Gyógy- és Wellnessfürdő

<div style="text-align: justify;">A nemzetközi színvonalú Sárvári Gyógy- és Wellnessfürdőben számos gyógyászati, egészségmegőrző és rekreációs szolgáltatást kínálnak.</div>
<div style="text-align: justify;">A 2002-ben átadott új, nemzetközi színvonalú Gyógy- és Wellnessfürdőben minden igényt kielégítenek, számos gyógyászati, egészségmegőrző és rekreációs szolgáltatást kínálnak az ide látogatóknak.</div>
<p><strong>Nyitva tartás:</strong></p>
<p>pontos információk<a href="http://www.sarvarfurdo.hu/nyitva_tartas_zsi" target="_blank" rel="noopener"> itt</a> érhetők el</p>
<p><strong>Weblap:</strong></p>
<p><a href="http://www.sarvarfurdo.hu/" target="_blank" rel="noopener">www.sarvarfurdo.hu</a></p>
<p>&nbsp;</p>

<p>A nemzetközi színvonalú Sárvári Gyógy- és Wellnessfürdőben számos gyógyászati, egészségmegőrző és rekreációs szolgáltatást kínálnak. A 2002-ben átadott új, nemzetközi színvonalú Gyógy- és Wellnessfürdőben minden igényt kielégítenek, számos gyógyászati, egészségmegőrző és rekreációs szolgáltatást kínálnak az ide látogatóknak. Nyitva tartás: pontos információk itt érhetők el Weblap: www.sarvarfurdo.hu &nbsp;</p>

https://www.vasmegye.hu/wp-content/uploads/2018/07/Sárvári-fürdő-1.jpg

Cím: 9600 Sárvár Vadkert u. 1

Elérhetőség: +36 95 523-600

https://www.vasmegye.hu/wp-content/uploads/2018/07/Sárvári-fürdő.jpg

Sárvári fürdő
