{"id":28208,"date":"2026-04-20T23:02:59","date_gmt":"2026-04-20T21:02:59","guid":{"rendered":"https:\/\/www.vasmegye.hu\/?post_type=szechenyiterv-plusz&#038;p=28208"},"modified":"2026-04-20T23:02:59","modified_gmt":"2026-04-20T21:02:59","slug":"sarvar-kozos-utakon-ii","status":"publish","type":"szechenyiterv-plusz","link":"https:\/\/www.vasmegye.hu\/en\/szechenyiterv-plusz\/sarvar-kozos-utakon-ii\/","title":{"rendered":"S\u00e1rv\u00e1r &#8211; k\u00f6z\u00f6s utakon II."},"content":{"rendered":"<p style=\"text-align: justify;\"><span style=\"font-family: georgia, palatino, serif; font-size: 16px;\"><!--more--><\/span><\/p>\n<p style=\"text-align: justify;\"><span style=\"font-family: georgia, palatino, serif; font-size: 16px;\">A projekt az Eur\u00f3pai Uni\u00f3 \u00e1ltal biztos\u00edtott 333,06 milli\u00f3 forint vissza nem t\u00e9r\u00edtend\u0151 t\u00e1mogat\u00e1ssal, a Sz\u00e9chenyi Terv Plusz program keret\u00e9ben val\u00f3sul meg.<\/span><\/p>\n<p style=\"text-align: justify;\">\n<p style=\"text-align: justify;\"><span style=\"font-family: georgia, palatino, serif; font-size: 16px;\">S\u00e1rv\u00e1r V\u00e1ros \u00d6nkorm\u00e1nyzata \u201eS\u00e1rv\u00e1r \u2013 k\u00f6z\u00f6s utakon II.\u201d c\u00edm\u0171, TOP_PLUSZ-1.2.3-21-VS1-2025-00020 azonos\u00edt\u00f3sz\u00e1m\u00fa projektj\u00e9ben \u00f6nkorm\u00e1nyzati tulajdon\u00fa \u00e9s kezel\u00e9s\u0171, jelent\u0151s forgalmat bonyol\u00edt\u00f3 helyi k\u00f6zutak fel\u00faj\u00edt\u00e1s\u00e1ra ker\u00fclt sor: a Bocskai Istv\u00e1n utc\u00e1nak a N\u00e1dasdy utca \u00e9s Nagyv\u00e1rad utca k\u00f6z\u00f6tti szakasza, a D\u00f3zsa Gy\u00f6rgy utc\u00e1nak a Kisfaludy S\u00e1ndor utca \u00e9s De\u00e1k Ferenc utca k\u00f6z\u00f6tti szakasza \u00e9s a Magyari Istv\u00e1n utca teljes hosszban.<\/span><\/p>\n<p style=\"text-align: justify;\">\n<p style=\"text-align: justify;\"><span style=\"font-family: georgia, palatino, serif; font-size: 16px;\"><strong>A projekt c\u00e9lja S\u00e1rv\u00e1r v\u00e1ros ter\u00fclet\u00e9n<\/strong> <strong>belter\u00fcleti infrastrukt\u00fara-fejleszt\u00e9s megval\u00f3s\u00edt\u00e1sa<\/strong>, mely hozz\u00e1j\u00e1rul az egyes, k\u00f6zleked\u00e9si szempontb\u00f3l fontos jelent\u0151s\u00e9g\u0171 \u00fatszakaszok m\u0171szaki \u00e1llapot\u00e1nak fejleszt\u00e9s\u00e9hez. Tekintettel arra, hogy S\u00e1rv\u00e1r Vas v\u00e1rmegye m\u00e1sodik legnagyobb lakoss\u00e1gsz\u00e1m\u00fa telep\u00fcl\u00e9se, illetve turisztikai szempontb\u00f3l orsz\u00e1gosan is a legn\u00e9pszer\u0171bb desztin\u00e1ci\u00f3k k\u00f6z\u00f6tt szerepel, a telep\u00fcl\u00e9s k\u00f6z\u00fath\u00e1l\u00f3zat\u00e1nak folyamatos fejleszt\u00e9se elengedhetetlen.<\/span><\/p>\n<p style=\"text-align: justify;\"><span style=\"font-family: georgia, palatino, serif; font-size: 16px;\">Projekt m\u0171szaki tartalma:<\/span><\/p>\n<ol style=\"text-align: justify;\">\n<li><span style=\"font-family: georgia, palatino, serif; font-size: 16px;\">Bocskai Istv\u00e1n utca &#8211; N\u00e1dasdy utca \u00e9s Nagyv\u00e1rad utca k\u00f6z\u00f6tti szakasza \u00fajj\u00e1\u00e9p\u00fcl az \u00fat teljes sz\u00e9less\u00e9g\u00e9ben, cca 400 m hossz\u00fa p\u00e1lyaszakaszon. A burkolater\u0151s\u00edt\u00e9s \u00e9s fel\u00faj\u00edt\u00e1s sor\u00e1n aszfaltbor\u00edt\u00e1s\u00fa \u00fatp\u00e1lya k\u00e9sz\u00fcl.<\/span><\/li>\n<li><span style=\"font-family: georgia, palatino, serif; font-size: 16px;\">Magyari Istv\u00e1n utca teljes sz\u00e9less\u00e9g\u00e9ben \u00e9s teljes hossz\u00e1ban (cca 400) t\u00f6rt\u00e9n\u0151 fel\u00faj\u00edt\u00e1s sor\u00e1n burkolater\u0151s\u00edt\u00e9st kap.<\/span><\/li>\n<li><span style=\"font-family: georgia, palatino, serif; font-size: 16px;\">D\u00f3zsa Gy\u00f6rgy utca Kisfaludy S\u00e1ndor utca \u00e9s De\u00e1k Ferenc utca k\u00f6z\u00f6tti szakasza teljes sz\u00e9less\u00e9g\u00e9ben, cca 235 m hossz\u00fa p\u00e1lyaszakaszon burkolater\u0151s\u00edt\u00e9s \u00e9s fel\u00faj\u00edt\u00e1s t\u00f6rt\u00e9nik, aszfaltbor\u00edt\u00e1s\u00fa \u00fatp\u00e1lya k\u00e9sz\u00fcl. Az \u00fatfel\u00faj\u00edt\u00e1shoz elengedhetetlen csapad\u00e9kv\u00edz-elvezet\u00e9s ki\u00e9p\u00edt\u00e9sre ker\u00fcl. Az utcaszakaszhoz kapcsol\u00f3d\u00f3an megl\u00e9v\u0151 parkol\u00f3helyek fel\u00faj\u00edt\u00e1s\u00e1ra \u00e9s \u00faj parkol\u00f3helyek ki\u00e9p\u00edt\u00e9s\u00e9re is sor ker\u00fcl.<\/span><\/li>\n<\/ol>\n<p style=\"text-align: justify;\">\n<p style=\"text-align: justify;\"><span style=\"font-family: georgia, palatino, serif; font-size: 16px;\"><strong>A telep\u00fcl\u00e9s infrastrukt\u00far\u00e1j\u00e1nak min\u0151s\u00e9gi<\/strong> <strong>fejleszt\u00e9se eredm\u00e9nyek\u00e9nt<\/strong> a fejleszt\u00e9ssel \u00e9rintett telep\u00fcl\u00e9sr\u00e9szek k\u00f6zint\u00e9zm\u00e9nyei, k\u00f6zszolg\u00e1ltat\u00e1st ny\u00fajt\u00f3 l\u00e9tes\u00edtm\u00e9nyei jobban megk\u00f6zel\u00edthet\u0151v\u00e9 v\u00e1lnak, a lak\u00f3ter\u00fcletekkel javul a kapcsolat, ez\u00e1ltal a telep\u00fcl\u00e9s \u00e9lhet\u0151bb\u00e9 v\u00e1lik \u00e9s potenci\u00e1lja javul. J\u00e1r\u00e1ssz\u00e9khely telep\u00fcl\u00e9sk\u00e9nt a s\u00e1rv\u00e1ri \u00fatfel\u00faj\u00edt\u00e1sok a j\u00e1r\u00e1s teljes lakoss\u00e1ga sz\u00e1m\u00e1ra \u00e9rezhet\u0151 v\u00e1ltoz\u00e1st eredm\u00e9nyeznek.<\/span><\/p>\n<p style=\"text-align: justify;\">\n<p style=\"text-align: justify;\"><span style=\"font-family: georgia, palatino, serif; font-size: 16px;\">A projekt megval\u00f3s\u00edt\u00e1s\u00e1t S\u00e1rv\u00e1r V\u00e1ros \u00d6nkorm\u00e1nyzata \u00e9s a Vas V\u00e1rmegyei \u00d6nkorm\u00e1nyzati Hivatal konzorciumi form\u00e1ban bonyol\u00edtja le.<\/span><\/p>","protected":false},"excerpt":{"rendered":"A projekt az Eur\u00f3pai Uni\u00f3 \u00e1ltal biztos\u00edtott 333,06 milli\u00f3 forint vissza nem t\u00e9r\u00edtend\u0151 t\u00e1mogat\u00e1ssal, a Sz\u00e9chenyi Terv Plusz program keret\u00e9ben val\u00f3sul meg. S\u00e1rv\u00e1r V\u00e1ros \u00d6nkorm\u00e1nyzata \u201eS\u00e1rv\u00e1r \u2013 k\u00f6z\u00f6s utakon II.\u201d c\u00edm\u0171, TOP_PLUSZ-1.2.3-21-VS1-2025-00020 azonos\u00edt\u00f3sz\u00e1m\u00fa projektj\u00e9ben \u00f6nkorm\u00e1nyzati tulajdon\u00fa \u00e9s kezel\u00e9s\u0171, jelent\u0151s forgalmat bonyol\u00edt\u00f3 helyi k\u00f6zutak fel\u00faj\u00edt\u00e1s\u00e1ra ker\u00fclt sor: a Bocskai Istv\u00e1n utc\u00e1nak a N\u00e1dasdy utca \u00e9s Nagyv\u00e1rad [...]","protected":false},"featured_media":16057,"parent":0,"menu_order":0,"template":"","szechenyi_terv_plusz":[341],"class_list":["post-28208","szechenyiterv-plusz","type-szechenyiterv-plusz","status-publish","has-post-thumbnail","hentry","szechenyi_terv_plusz-top_plusz-1-2-3-21-belteruleti-utak-fejlesztese","floatton-article"],"ptb_metabox":{"ptb_kedvezmenyezett_neve_":"S\u00e1rv\u00e1r V\u00e1ros \u00d6nkorm\u00e1nyzata","ptb_konzorciumi_partner_":"Vas V\u00e1rmegyei \u00d6nkorm\u00e1nyzati Hivatal","ptb_a_projekt_cime_":"S\u00e1rv\u00e1r - k\u00f6z\u00f6s utakon II.","ptb_szerzodott_tamogatas_osszege_":"333 061 109 Ft","ptb_a_tamogatas_merteke_":"100%","ptb_a_projekt_tervezett_befejezesi_datuma_":"2029.02.28","ptb_projekt_azonositoszama_":"TOP_PLUSZ-1.2.3-21-VS1-2025-00020","ptb_let_lthet_file_ok_":{"url":[""],"title":[""]}},"ptb_taxonomy":{"szechenyi_terv_plusz":[{"term_id":341,"name":"TOP_Plusz-1.2.3-21 Belter\u00fcleti utak fejleszt\u00e9se","slug":"top_plusz-1-2-3-21-belteruleti-utak-fejlesztese","term_group":0,"term_taxonomy_id":341,"taxonomy":"szechenyi_terv_plusz","description":"","parent":0,"count":7,"filter":"raw","term_order":"0"}]},"ptb_featured_image":{"url":"https:\/\/www.vasmegye.hu\/wp-content\/uploads\/2022\/04\/MFF-kedvezmenyezetti-infoblokk-keretes-1.jpg","title":"MFF kedvezm\u00e9nyezetti inf\u00f3blokk keretes-1","caption":""},"_links":{"self":[{"href":"https:\/\/www.vasmegye.hu\/en\/wp-json\/wp\/v2\/szechenyiterv-plusz\/28208","targetHints":{"allow":["GET"]}}],"collection":[{"href":"https:\/\/www.vasmegye.hu\/en\/wp-json\/wp\/v2\/szechenyiterv-plusz"}],"about":[{"href":"https:\/\/www.vasmegye.hu\/en\/wp-json\/wp\/v2\/types\/szechenyiterv-plusz"}],"version-history":[{"count":1,"href":"https:\/\/www.vasmegye.hu\/en\/wp-json\/wp\/v2\/szechenyiterv-plusz\/28208\/revisions"}],"predecessor-version":[{"id":28209,"href":"https:\/\/www.vasmegye.hu\/en\/wp-json\/wp\/v2\/szechenyiterv-plusz\/28208\/revisions\/28209"}],"wp:featuredmedia":[{"embeddable":true,"href":"https:\/\/www.vasmegye.hu\/en\/wp-json\/wp\/v2\/media\/16057"}],"wp:attachment":[{"href":"https:\/\/www.vasmegye.hu\/en\/wp-json\/wp\/v2\/media?parent=28208"}],"wp:term":[{"taxonomy":"szechenyi_terv_plusz","embeddable":true,"href":"https:\/\/www.vasmegye.hu\/en\/wp-json\/wp\/v2\/szechenyi_terv_plusz?post=28208"}],"curies":[{"name":"wp","href":"https:\/\/api.w.org\/{rel}","templated":true}]}}

Sárvár &#8211; közös utakon II.

<p style="text-align: justify;"><span style="font-family: georgia, palatino, serif; font-size: 16px;"><!--more--></span></p>
<p style="text-align: justify;"><span style="font-family: georgia, palatino, serif; font-size: 16px;">A projekt az Európai Unió által biztosított 333,06 millió forint vissza nem térítendő támogatással, a Széchenyi Terv Plusz program keretében valósul meg.</span></p>
<p style="text-align: justify;">
<p style="text-align: justify;"><span style="font-family: georgia, palatino, serif; font-size: 16px;">Sárvár Város Önkormányzata „Sárvár – közös utakon II.” című, TOP_PLUSZ-1.2.3-21-VS1-2025-00020 azonosítószámú projektjében önkormányzati tulajdonú és kezelésű, jelentős forgalmat bonyolító helyi közutak felújítására került sor: a Bocskai István utcának a Nádasdy utca és Nagyvárad utca közötti szakasza, a Dózsa György utcának a Kisfaludy Sándor utca és Deák Ferenc utca közötti szakasza és a Magyari István utca teljes hosszban.</span></p>
<p style="text-align: justify;">
<p style="text-align: justify;"><span style="font-family: georgia, palatino, serif; font-size: 16px;"><strong>A projekt célja Sárvár város területén</strong> <strong>belterületi infrastruktúra-fejlesztés megvalósítása</strong>, mely hozzájárul az egyes, közlekedési szempontból fontos jelentőségű útszakaszok műszaki állapotának fejlesztéséhez. Tekintettel arra, hogy Sárvár Vas vármegye második legnagyobb lakosságszámú települése, illetve turisztikai szempontból országosan is a legnépszerűbb desztinációk között szerepel, a település közúthálózatának folyamatos fejlesztése elengedhetetlen.</span></p>
<p style="text-align: justify;"><span style="font-family: georgia, palatino, serif; font-size: 16px;">Projekt műszaki tartalma:</span></p>
<ol style="text-align: justify;">
<li><span style="font-family: georgia, palatino, serif; font-size: 16px;">Bocskai István utca &#8211; Nádasdy utca és Nagyvárad utca közötti szakasza újjáépül az út teljes szélességében, cca 400 m hosszú pályaszakaszon. A burkolaterősítés és felújítás során aszfaltborítású útpálya készül.</span></li>
<li><span style="font-family: georgia, palatino, serif; font-size: 16px;">Magyari István utca teljes szélességében és teljes hosszában (cca 400) történő felújítás során burkolaterősítést kap.</span></li>
<li><span style="font-family: georgia, palatino, serif; font-size: 16px;">Dózsa György utca Kisfaludy Sándor utca és Deák Ferenc utca közötti szakasza teljes szélességében, cca 235 m hosszú pályaszakaszon burkolaterősítés és felújítás történik, aszfaltborítású útpálya készül. Az útfelújításhoz elengedhetetlen csapadékvíz-elvezetés kiépítésre kerül. Az utcaszakaszhoz kapcsolódóan meglévő parkolóhelyek felújítására és új parkolóhelyek kiépítésére is sor kerül.</span></li>
</ol>
<p style="text-align: justify;">
<p style="text-align: justify;"><span style="font-family: georgia, palatino, serif; font-size: 16px;"><strong>A település infrastruktúrájának minőségi</strong> <strong>fejlesztése eredményeként</strong> a fejlesztéssel érintett településrészek közintézményei, közszolgáltatást nyújtó létesítményei jobban megközelíthetővé válnak, a lakóterületekkel javul a kapcsolat, ezáltal a település élhetőbbé válik és potenciálja javul. Járásszékhely településként a sárvári útfelújítások a járás teljes lakossága számára érezhető változást eredményeznek.</span></p>
<p style="text-align: justify;">
<p style="text-align: justify;"><span style="font-family: georgia, palatino, serif; font-size: 16px;">A projekt megvalósítását Sárvár Város Önkormányzata és a Vas Vármegyei Önkormányzati Hivatal konzorciumi formában bonyolítja le.</span></p>

A projekt az Európai Unió által biztosított 333,06 millió forint vissza nem térítendő támogatással, a Széchenyi Terv Plusz program keretében valósul meg. Sárvár Város Önkormányzata „Sárvár – közös utakon II.” című, TOP_PLUSZ-1.2.3-21-VS1-2025-00020 azonosítószámú projektjében önkormányzati tulajdonú és kezelésű, jelentős forgalmat bonyolító helyi közutak felújítására került sor: a Bocskai István utcának a Nádasdy utca és Nagyvárad [...]

Sárvár Város Önkormányzata

Vas Vármegyei Önkormányzati Hivatal

Sárvár - közös utakon II.

TOP_Plusz-1.2.3-21 Belterületi utak fejlesztése

MFF kedvezményezetti infóblokk keretes-1
