{"id":28061,"date":"2026-03-25T15:17:46","date_gmt":"2026-03-25T13:17:46","guid":{"rendered":"https:\/\/www.vasmegye.hu\/?post_type=szechenyiterv-plusz&#038;p=28061"},"modified":"2026-03-26T09:36:50","modified_gmt":"2026-03-26T07:36:50","slug":"belvaros-rehabilitacioja-kormenden","status":"publish","type":"szechenyiterv-plusz","link":"https:\/\/www.vasmegye.hu\/en\/szechenyiterv-plusz\/belvaros-rehabilitacioja-kormenden\/","title":{"rendered":"Belv\u00e1ros rehabilit\u00e1ci\u00f3ja K\u00f6rmenden"},"content":{"rendered":"<p style=\"text-align: justify;\"><span style=\"font-family: georgia, palatino, serif; font-size: 16px;\"><!--more--><\/span><\/p>\n<p style=\"text-align: justify;\"><span style=\"font-family: georgia, palatino, serif; font-size: 16px;\">A projekt az Eur\u00f3pai Uni\u00f3 t\u00e1mogat\u00e1s\u00e1val, a magyar \u00e1llam t\u00e1rsfinansz\u00edroz\u00e1s\u00e1val val\u00f3sul meg.<\/span><\/p>\n<p style=\"text-align: justify;\"><span style=\"font-family: georgia, palatino, serif; font-size: 16px;\">K\u00f6rmend V\u00e1ros \u00d6nkorm\u00e1nyzata \u00e9s a Vas V\u00e1rmegyei \u00d6nkorm\u00e1nyzati Hivatal \u00e1ltal alkotott konzorcium p\u00e1ly\u00e1zatot ny\u00fajtott be a TOP_Plusz-1.2.1-21 \u00c9lhet\u0151 telep\u00fcl\u00e9sek t\u00e1rgy\u00fa felh\u00edv\u00e1sra, melyet a Nemzeti Fejleszt\u00e9si K\u00f6zpont 2026. janu\u00e1r 23. napon t\u00e1mogat\u00e1sban r\u00e9szes\u00edtett.<\/span><\/p>\n<p style=\"text-align: justify;\"><span style=\"font-family: georgia, palatino, serif; font-size: 16px;\">A projekt keret\u00e9ben K\u00f6rmend belv\u00e1ros\u00e1nak rehabilit\u00e1ci\u00f3ja, a megl\u00e9v\u0151 infrastrukt\u00fara fejleszt\u00e9se tervezett az al\u00e1bbi beruh\u00e1z\u00e1sok megval\u00f3s\u00edt\u00e1sa \u00e1ltal:<\/span><\/p>\n<ul style=\"text-align: justify;\">\n<li><span style=\"font-family: georgia, palatino, serif; font-size: 16px;\">A K\u00f6rmend, Vida J\u00f3zsef utca \u2013 R\u00e1k\u00f3czi utca \u2013 Zr\u00ednyi utca \u2013 B\u00e1stya utc\u00e1k \u00e1ltal hat\u00e1rolt t\u00f6mbr\u00e9szlet (230\/4 hrsz, 231 hrsz) k\u00f6zter\u00fclet eset\u00e9ben forgalmi rend fel\u00fclvizsg\u00e1lata, burkolatok \u00e9s z\u00f6ldfel\u00fcletek min\u0151s\u00e9gi \u00e9s funkcion\u00e1lis fel\u00faj\u00edt\u00e1sa, megl\u00e9v\u0151 k\u00f6zm\u0171h\u00e1l\u00f3zat, csapad\u00e9kv\u00edz elvezet\u00e9s \u00e9s k\u00f6zvil\u00e1g\u00edt\u00e1s fel\u00fclvizsg\u00e1lata, a sz\u00fcks\u00e9ges k\u00f6zm\u0171kiv\u00e1lt\u00e1sok elv\u00e9gz\u00e9se indokolt. A k\u00f6zter\u00fcleten \u00e1ll\u00f3 lakoss\u00e1gi hullad\u00e9kgy\u0171jt\u0151 ed\u00e9nyek\/ hullad\u00e9kszigetek elhelyez\u00e9se t\u00e1jba illeszt\u00e9ssel szint\u00e9n sz\u00fcks\u00e9ges.<\/span><\/li>\n<\/ul>\n<p style=\"text-align: justify;\"><span style=\"font-family: georgia, palatino, serif; font-size: 16px;\">A jelenleg szab\u00e1lytalan m\u00f3don kialakult parkol\u00e1si rendet szab\u00e1lyoss\u00e1 kell tenni, min\u00e9l nagyobb sz\u00e1m\u00fa parkol\u00f3 l\u00e9tes\u00edt\u00e9s\u00e9vel.<\/span><\/p>\n<ul style=\"text-align: justify;\">\n<li><span style=\"font-family: georgia, palatino, serif; font-size: 16px;\">A Zr\u00ednyi utca (229 hrsz) burkolat\u00e1nak fel\u00faj\u00edt\u00e1sa 77 m\u00e9ter hosszban, tov\u00e1bb\u00e1 az ezen az ingatlanon l\u00e9v\u0151 j\u00e1rd\u00e1k \u00e9s z\u00f6ldfel\u00fclet rekonstrukci\u00f3ja tervezett.<\/span><\/li>\n<li><span style=\"font-family: georgia, palatino, serif; font-size: 16px;\">Zr\u00ednyi utca &#8211; R\u00e1k\u00f3czi utca \u2013 Bem J\u00f3zsef utca \u2013 B\u00e1stya utca (221\/12 hrsz) \u00e1ltal hat\u00e1rolt t\u00f6mbr\u00e9szlet burkolat, illetve z\u00f6ldfel\u00fclet fel\u00faj\u00edt\u00e1sa indokolt, a k\u00f6zm\u0171akn\u00e1k szintbeli elhelyez\u00e9se sz\u00fcks\u00e9ges. A t\u00f6mb\u00f6k \u00e1ltal hat\u00e1rolt z\u00f6ldfel\u00fclet fel\u00faj\u00edt\u00e1sa funkci\u00f3b\u0151v\u00edt\u00e9s fel\u00fclvizsg\u00e1lat\u00e1val \u00e9s egys\u00e9ges utcab\u00fator kialak\u00edt\u00e1s\u00e1val t\u00f6rt\u00e9nik.<\/span><\/li>\n<li><span style=\"font-family: georgia, palatino, serif; font-size: 16px;\">A Bem J\u00f3zsef utca \u2013 R\u00e1k\u00f3czi utca \u2013 J\u00f3zsef Attila utca &#8211; B\u00e1stya utca k\u00f6z\u00f6tti t\u00f6mbr\u00e9szlet (200\/22 hrsz) parkol\u00e1si, illetve forgalmi rend fel\u00fclvizsg\u00e1lata, burkolatok \u00e9s z\u00f6ldfel\u00fcletek min\u0151s\u00e9gi \u00e9s funkcion\u00e1lis fel\u00faj\u00edt\u00e1sa, egys\u00e9ges utcab\u00fatorzattal, megl\u00e9v\u0151 k\u00f6zm\u0171h\u00e1l\u00f3zat, csapad\u00e9kv\u00edz elvezet\u00e9s, k\u00f6zvil\u00e1g\u00edt\u00e1s fel\u00fclvizsg\u00e1lata \u00e9s a sz\u00fcks\u00e9ges k\u00f6zm\u0171kiv\u00e1lt\u00e1sok megtervez\u00e9se sz\u00fcks\u00e9ges.<\/span><\/li>\n<li><span style=\"font-family: georgia, palatino, serif; font-size: 16px;\">Az Olcsai-Kiss Zolt\u00e1n t\u00e9r (317\/2) \u00e9s a hozz\u00e1 fizikailag kapcsol\u00f3d\u00f3 319 hrsz-on tal\u00e1lhat\u00f3 j\u00e1rda \u00e9s az ezen ter\u00fcleten tal\u00e1lhat\u00f3 k\u00f6zter\u00fcletek \u00e9s z\u00f6ldfel\u00fcletek fel\u00faj\u00edt\u00e1sa, valamint egys\u00e9ges utcab\u00fatorok beszerz\u00e9se indokolt.<\/span><\/li>\n<li><span style=\"font-family: georgia, palatino, serif; font-size: 16px;\">A k\u00f6zvil\u00e1g\u00edt\u00e1s ki\u00e9p\u00edt\u00e9se a teljes tervez\u00e9si ter\u00fcleten energiatakar\u00e9kos vil\u00e1g\u00edt\u00f3testek tervez\u00e9s\u00e9vel t\u00f6rt\u00e9nik.<\/span><\/li>\n<\/ul>\n<p style=\"text-align: justify;\"><span style=\"font-family: georgia, palatino, serif; font-size: 16px;\">A fejleszt\u00e9s sor\u00e1n megval\u00f3sul a k\u00f6zter\u00fcletek k\u00f6rnyezettudatos, csal\u00e1d- \u00e9s kl\u00edmabar\u00e1t meg\u00faj\u00edt\u00e1sa az\u00e1ltal, hogy a beavatkoz\u00e1sok ter\u00fclete alkalmas lesz a csal\u00e1dok \u00e9s a fiatalok sz\u00e1m\u00e1ra szabadidej\u00fck hasznos elt\u00f6lt\u00e9s\u00e9hez, mindek\u00f6zben a fejleszt\u00e9sek a k\u00f6rnyezeti fenntarthat\u00f3s\u00e1g k\u00f6vetelm\u00e9nyeit szolg\u00e1lj\u00e1k, ezek gazdas\u00e1gos fenntart\u00e1s\u00e1hoz j\u00e1rulnak hozz\u00e1.<\/span><\/p>\n<p style=\"text-align: justify;\"><span style=\"font-family: georgia, palatino, serif; font-size: 16px;\">A projekt hossz\u00fa t\u00e1v\u00fa c\u00e9lja a fejleszt\u00e9ssel \u00e9rintett ter\u00fcletek rehabilit\u00e1ci\u00f3ja \u00e1ltal a k\u00f6rmendiek lak\u00f3k\u00f6rnyezet\u00e9nek, a v\u00e1ros modern \u00e9s k\u00f6rnyezetbar\u00e1t infrastrukt\u00far\u00e1j\u00e1nak fejleszt\u00e9se.<\/span><\/p>\n<p style=\"text-align: justify;\"><span style=\"font-family: georgia, palatino, serif; font-size: 16px;\">A projektben konzorciumi tagk\u00e9nt szerepet v\u00e1llal\u00f3 Vas V\u00e1rmegyei \u00d6nkorm\u00e1nyzati Hivatal l\u00e1tja el a projektmenedzsmenti \u00e9s a k\u00f6telez\u0151en el\u0151\u00edrt nyilv\u00e1noss\u00e1gi feladatokat a projekt teljes megval\u00f3s\u00edt\u00e1si id\u0151szaka alatt.<\/span><\/p>","protected":false},"excerpt":{"rendered":"A projekt az Eur\u00f3pai Uni\u00f3 t\u00e1mogat\u00e1s\u00e1val, a magyar \u00e1llam t\u00e1rsfinansz\u00edroz\u00e1s\u00e1val val\u00f3sul meg. K\u00f6rmend V\u00e1ros \u00d6nkorm\u00e1nyzata \u00e9s a Vas V\u00e1rmegyei \u00d6nkorm\u00e1nyzati Hivatal \u00e1ltal alkotott konzorcium p\u00e1ly\u00e1zatot ny\u00fajtott be a TOP_Plusz-1.2.1-21 \u00c9lhet\u0151 telep\u00fcl\u00e9sek t\u00e1rgy\u00fa felh\u00edv\u00e1sra, melyet a Nemzeti Fejleszt\u00e9si K\u00f6zpont 2026. janu\u00e1r 23. napon t\u00e1mogat\u00e1sban r\u00e9szes\u00edtett. A projekt keret\u00e9ben K\u00f6rmend belv\u00e1ros\u00e1nak rehabilit\u00e1ci\u00f3ja, a megl\u00e9v\u0151 infrastrukt\u00fara fejleszt\u00e9se tervezett [...]","protected":false},"featured_media":16057,"parent":0,"menu_order":0,"template":"","szechenyi_terv_plusz":[339],"class_list":["post-28061","szechenyiterv-plusz","type-szechenyiterv-plusz","status-publish","has-post-thumbnail","hentry","szechenyi_terv_plusz-top_plusz-1-2-1-21-elheto-telepulesek","floatton-article"],"ptb_metabox":{"ptb_kedvezmenyezett_neve_":"K\u00f6rmend V\u00e1ros \u00d6nkorm\u00e1nyzata","ptb_konzorciumi_partner_":"Vas V\u00e1rmegyei \u00d6nkorm\u00e1nyzati Hivatal","ptb_a_projekt_cime_":"\u201eBelv\u00e1ros rehabilit\u00e1ci\u00f3ja K\u00f6rmenden\u201d","ptb_szerzodott_tamogatas_osszege_":"600 000 000 Ft","ptb_a_tamogatas_merteke_":"100%","ptb_a_projekt_tervezett_befejezesi_datuma_":"2029.04.30.","ptb_projekt_azonositoszama_":"TOP_PLUSZ-1.2.1-21-VS1-2025-00070","ptb_let_lthet_file_ok_":{"url":[""],"title":[""]}},"ptb_taxonomy":{"szechenyi_terv_plusz":[{"term_id":339,"name":"TOP_Plusz-1.2.1-21 - \u00c9lhet\u0151 telep\u00fcl\u00e9sek","slug":"top_plusz-1-2-1-21-elheto-telepulesek","term_group":0,"term_taxonomy_id":339,"taxonomy":"szechenyi_terv_plusz","description":"","parent":0,"count":11,"filter":"raw","term_order":"0"}]},"ptb_featured_image":{"url":"https:\/\/www.vasmegye.hu\/wp-content\/uploads\/2022\/04\/MFF-kedvezmenyezetti-infoblokk-keretes-1.jpg","title":"MFF kedvezm\u00e9nyezetti inf\u00f3blokk keretes-1","caption":""},"_links":{"self":[{"href":"https:\/\/www.vasmegye.hu\/en\/wp-json\/wp\/v2\/szechenyiterv-plusz\/28061","targetHints":{"allow":["GET"]}}],"collection":[{"href":"https:\/\/www.vasmegye.hu\/en\/wp-json\/wp\/v2\/szechenyiterv-plusz"}],"about":[{"href":"https:\/\/www.vasmegye.hu\/en\/wp-json\/wp\/v2\/types\/szechenyiterv-plusz"}],"version-history":[{"count":3,"href":"https:\/\/www.vasmegye.hu\/en\/wp-json\/wp\/v2\/szechenyiterv-plusz\/28061\/revisions"}],"predecessor-version":[{"id":28067,"href":"https:\/\/www.vasmegye.hu\/en\/wp-json\/wp\/v2\/szechenyiterv-plusz\/28061\/revisions\/28067"}],"wp:featuredmedia":[{"embeddable":true,"href":"https:\/\/www.vasmegye.hu\/en\/wp-json\/wp\/v2\/media\/16057"}],"wp:attachment":[{"href":"https:\/\/www.vasmegye.hu\/en\/wp-json\/wp\/v2\/media?parent=28061"}],"wp:term":[{"taxonomy":"szechenyi_terv_plusz","embeddable":true,"href":"https:\/\/www.vasmegye.hu\/en\/wp-json\/wp\/v2\/szechenyi_terv_plusz?post=28061"}],"curies":[{"name":"wp","href":"https:\/\/api.w.org\/{rel}","templated":true}]}}

Belváros rehabilitációja Körmenden

<p style="text-align: justify;"><span style="font-family: georgia, palatino, serif; font-size: 16px;"><!--more--></span></p>
<p style="text-align: justify;"><span style="font-family: georgia, palatino, serif; font-size: 16px;">A projekt az Európai Unió támogatásával, a magyar állam társfinanszírozásával valósul meg.</span></p>
<p style="text-align: justify;"><span style="font-family: georgia, palatino, serif; font-size: 16px;">Körmend Város Önkormányzata és a Vas Vármegyei Önkormányzati Hivatal által alkotott konzorcium pályázatot nyújtott be a TOP_Plusz-1.2.1-21 Élhető települések tárgyú felhívásra, melyet a Nemzeti Fejlesztési Központ 2026. január 23. napon támogatásban részesített.</span></p>
<p style="text-align: justify;"><span style="font-family: georgia, palatino, serif; font-size: 16px;">A projekt keretében Körmend belvárosának rehabilitációja, a meglévő infrastruktúra fejlesztése tervezett az alábbi beruházások megvalósítása által:</span></p>
<ul style="text-align: justify;">
<li><span style="font-family: georgia, palatino, serif; font-size: 16px;">A Körmend, Vida József utca – Rákóczi utca – Zrínyi utca – Bástya utcák által határolt tömbrészlet (230/4 hrsz, 231 hrsz) közterület esetében forgalmi rend felülvizsgálata, burkolatok és zöldfelületek minőségi és funkcionális felújítása, meglévő közműhálózat, csapadékvíz elvezetés és közvilágítás felülvizsgálata, a szükséges közműkiváltások elvégzése indokolt. A közterületen álló lakossági hulladékgyűjtő edények/ hulladékszigetek elhelyezése tájba illesztéssel szintén szükséges.</span></li>
</ul>
<p style="text-align: justify;"><span style="font-family: georgia, palatino, serif; font-size: 16px;">A jelenleg szabálytalan módon kialakult parkolási rendet szabályossá kell tenni, minél nagyobb számú parkoló létesítésével.</span></p>
<ul style="text-align: justify;">
<li><span style="font-family: georgia, palatino, serif; font-size: 16px;">A Zrínyi utca (229 hrsz) burkolatának felújítása 77 méter hosszban, továbbá az ezen az ingatlanon lévő járdák és zöldfelület rekonstrukciója tervezett.</span></li>
<li><span style="font-family: georgia, palatino, serif; font-size: 16px;">Zrínyi utca &#8211; Rákóczi utca – Bem József utca – Bástya utca (221/12 hrsz) által határolt tömbrészlet burkolat, illetve zöldfelület felújítása indokolt, a közműaknák szintbeli elhelyezése szükséges. A tömbök által határolt zöldfelület felújítása funkcióbővítés felülvizsgálatával és egységes utcabútor kialakításával történik.</span></li>
<li><span style="font-family: georgia, palatino, serif; font-size: 16px;">A Bem József utca – Rákóczi utca – József Attila utca &#8211; Bástya utca közötti tömbrészlet (200/22 hrsz) parkolási, illetve forgalmi rend felülvizsgálata, burkolatok és zöldfelületek minőségi és funkcionális felújítása, egységes utcabútorzattal, meglévő közműhálózat, csapadékvíz elvezetés, közvilágítás felülvizsgálata és a szükséges közműkiváltások megtervezése szükséges.</span></li>
<li><span style="font-family: georgia, palatino, serif; font-size: 16px;">Az Olcsai-Kiss Zoltán tér (317/2) és a hozzá fizikailag kapcsolódó 319 hrsz-on található járda és az ezen területen található közterületek és zöldfelületek felújítása, valamint egységes utcabútorok beszerzése indokolt.</span></li>
<li><span style="font-family: georgia, palatino, serif; font-size: 16px;">A közvilágítás kiépítése a teljes tervezési területen energiatakarékos világítótestek tervezésével történik.</span></li>
</ul>
<p style="text-align: justify;"><span style="font-family: georgia, palatino, serif; font-size: 16px;">A fejlesztés során megvalósul a közterületek környezettudatos, család- és klímabarát megújítása azáltal, hogy a beavatkozások területe alkalmas lesz a családok és a fiatalok számára szabadidejük hasznos eltöltéséhez, mindeközben a fejlesztések a környezeti fenntarthatóság követelményeit szolgálják, ezek gazdaságos fenntartásához járulnak hozzá.</span></p>
<p style="text-align: justify;"><span style="font-family: georgia, palatino, serif; font-size: 16px;">A projekt hosszú távú célja a fejlesztéssel érintett területek rehabilitációja által a körmendiek lakókörnyezetének, a város modern és környezetbarát infrastruktúrájának fejlesztése.</span></p>
<p style="text-align: justify;"><span style="font-family: georgia, palatino, serif; font-size: 16px;">A projektben konzorciumi tagként szerepet vállaló Vas Vármegyei Önkormányzati Hivatal látja el a projektmenedzsmenti és a kötelezően előírt nyilvánossági feladatokat a projekt teljes megvalósítási időszaka alatt.</span></p>

A projekt az Európai Unió támogatásával, a magyar állam társfinanszírozásával valósul meg. Körmend Város Önkormányzata és a Vas Vármegyei Önkormányzati Hivatal által alkotott konzorcium pályázatot nyújtott be a TOP_Plusz-1.2.1-21 Élhető települések tárgyú felhívásra, melyet a Nemzeti Fejlesztési Központ 2026. január 23. napon támogatásban részesített. A projekt keretében Körmend belvárosának rehabilitációja, a meglévő infrastruktúra fejlesztése tervezett [...]

Körmend Város Önkormányzata

Vas Vármegyei Önkormányzati Hivatal

„Belváros rehabilitációja Körmenden”

TOP_Plusz-1.2.1-21 - Élhető települések

MFF kedvezményezetti infóblokk keretes-1
