{"id":28045,"date":"2026-03-24T11:40:01","date_gmt":"2026-03-24T09:40:01","guid":{"rendered":"https:\/\/www.vasmegye.hu\/?post_type=szechenyiterv-plusz&#038;p=28045"},"modified":"2026-03-24T11:40:01","modified_gmt":"2026-03-24T09:40:01","slug":"belteruleti-lakoutak-fejlesztese-celldomolkon","status":"publish","type":"szechenyiterv-plusz","link":"https:\/\/www.vasmegye.hu\/en\/szechenyiterv-plusz\/belteruleti-lakoutak-fejlesztese-celldomolkon\/","title":{"rendered":"Belter\u00fcleti lak\u00f3utak fejleszt\u00e9se Celld\u00f6m\u00f6lk\u00f6n"},"content":{"rendered":"<p style=\"text-align: justify;\"><span style=\"font-family: georgia, palatino, serif;\"><!--more--><\/span><\/p>\n<p style=\"text-align: justify;\"><span style=\"font-family: georgia, palatino, serif;\">A projekt az Eur\u00f3pai Uni\u00f3 \u00e1ltal biztos\u00edtott 220 milli\u00f3 forint vissza nem t\u00e9r\u00edtend\u0151 t\u00e1mogat\u00e1ssal, a Sz\u00e9chenyi Terv Plusz program keret\u00e9ben val\u00f3sult meg.<\/span><\/p>\n<p style=\"text-align: justify;\">\n<p style=\"text-align: justify;\"><span style=\"font-family: georgia, palatino, serif;\">Celld\u00f6m\u00f6lk V\u00e1ros \u00d6nkorm\u00e1nyzata \u201eBelter\u00fcleti lak\u00f3utak fejleszt\u00e9se Celld\u00f6m\u00f6lk\u00f6n\u201d c\u00edm\u0171, TOP_PLUSZ-1.2.3-21-VS1-2025-00018 azonos\u00edt\u00f3sz\u00e1m\u00fa projektj\u00e9ben \u00f6nkorm\u00e1nyzati tulajdonban l\u00e9v\u0151 belter\u00fcleti utak, parkol\u00f3k \u00e9s kapcsol\u00f3d\u00f3 k\u00f6zter\u00fcleti elemek (pl. z\u00f6ldfel\u00fclet, ker\u00e9kp\u00e1rt\u00e1rol\u00f3k, forgalomtechnikai t\u00e1bl\u00e1k, k\u00f6zvil\u00e1g\u00edt\u00e1s) korszer\u0171s\u00edt\u00e9se, fel\u00faj\u00edt\u00e1sa, fejleszt\u00e9se val\u00f3sul meg. Az \u00fatfel\u00fclet \u00e9s a kapcsol\u00f3d\u00f3 infrastrukt\u00fara min\u0151s\u00e9g\u00e9nek jav\u00edt\u00e1s\u00e1val az \u00e9rintett ter\u00fcleten az ott \u00e9l\u0151k, a v\u00e1rosba ing\u00e1z\u00f3k, valamint a turist\u00e1k k\u00f6zleked\u00e9se \u00e9s mindennapi \u00e9lete v\u00e1lik biztons\u00e1gosabb\u00e1 \u00e9s komfortosabb\u00e1.<\/span><\/p>\n<p style=\"text-align: justify;\">\n<p style=\"text-align: justify;\"><span style=\"font-family: georgia, palatino, serif;\">A fejleszt\u00e9s \u00e9rinti \u00a0a Puskin utc\u00e1t, a Koptik Od\u00f3 \u00e9s a P\u00f3rd\u00f6m\u00f6lk utc\u00e1kat, valamint \u00a0a Sz\u00e9chenyi Istv\u00e1n &#8211; Kossuth Lajos utc\u00e1k \u00e1ltal hat\u00e1rolt t\u00f6mb bels\u0151 udvar\u00e1t. A Ter\u00fclet- \u00e9s Telep\u00fcl\u00e9sfejleszt\u00e9si Operat\u00edv Program Plusz keret\u00e9ben 220\u00a0000 000 forint vissza nem t\u00e9r\u00edtend\u0151 eur\u00f3pai uni\u00f3s t\u00e1mogat\u00e1sb\u00f3l val\u00f3sul meg a fejleszt\u00e9s.<\/span><\/p>\n<p style=\"text-align: justify;\">\n<p style=\"text-align: justify;\"><span style=\"font-family: georgia, palatino, serif;\">A projekt \u00e1tfog\u00f3 c\u00e9lja Celld\u00f6m\u00f6lk v\u00e1ros ter\u00fclet\u00e9n olyan belter\u00fcleti infrastrukt\u00fara-fejleszt\u00e9s megval\u00f3s\u00edt\u00e1sa, amely hozz\u00e1j\u00e1rul a TOP Plusz gazdas\u00e1gfejleszt\u00e9si \u00e9s telep\u00fcl\u00e9sfejleszt\u00e9si c\u00e9ljaihoz, egy\u00fattal jav\u00edtja a telep\u00fcl\u00e9s \u00e1ltal\u00e1nos k\u00f6rnyezeti \u00e1llapot\u00e1t \u00e9s eszt\u00e9tikai megjelen\u00e9s\u00e9t.<\/span><\/p>\n<p style=\"text-align: justify;\">\n<p style=\"text-align: justify;\"><span style=\"font-family: georgia, palatino, serif;\">A beruh\u00e1z\u00e1s hozz\u00e1j\u00e1rul a fenntarthat\u00f3 telep\u00fcl\u00e9si t\u00e9rszerkezet kialak\u00edt\u00e1s\u00e1hoz \u00e9s a v\u00e1ros vonzerej\u00e9nek n\u00f6vel\u00e9s\u00e9hez, el\u0151seg\u00edtve a t\u00e1rsadalmi j\u00f3l\u00e9tet, a gazdas\u00e1gi kapcsolatok er\u0151s\u00f6d\u00e9s\u00e9t \u00e9s a ter\u00fcleti koh\u00e9zi\u00f3t. A telep\u00fcl\u00e9s infrastrukt\u00far\u00e1j\u00e1nak min\u0151s\u00e9gi fejleszt\u00e9se egyben jav\u00edtja a k\u00f6zint\u00e9zm\u00e9nyek, k\u00f6zszolg\u00e1ltat\u00e1st ny\u00fajt\u00f3 l\u00e9tes\u00edtm\u00e9nyek \u00e9s lak\u00f3ter\u00fcletek megk\u00f6zel\u00edthet\u0151s\u00e9g\u00e9t, cs\u00f6kkenti a v\u00e1rosk\u00f6zpont forgalmi terhel\u00e9s\u00e9t, \u00e9s hozz\u00e1j\u00e1rul Celld\u00f6m\u00f6lk \u00e9lhet\u0151s\u00e9g\u00e9nek n\u00f6vel\u00e9s\u00e9hez.<\/span><\/p>\n<p style=\"text-align: justify;\">\n<p style=\"text-align: justify;\"><span style=\"font-family: georgia, palatino, serif;\">A projekt c\u00e9lcsoportja els\u0151sorban a v\u00e1ros lakoss\u00e1ga, k\u00fcl\u00f6n\u00f6sen a g\u00e9pj\u00e1rm\u0171vel \u00e9s ker\u00e9kp\u00e1rral k\u00f6zleked\u0151k, valamint a helyi v\u00e1llalkoz\u00e1sok, amelyek sz\u00e1m\u00e1ra a fejleszt\u00e9s jav\u00edtja az el\u00e9rhet\u0151s\u00e9get \u00e9s a m\u0171k\u00f6d\u00e9si felt\u00e9teleket. M\u00e1sodsorban a v\u00e1rosba \u00e9rkez\u0151 turist\u00e1k, akik sz\u00e1m\u00e1ra a k\u00f6zleked\u00e9si infrastrukt\u00fara fejleszt\u00e9se k\u00e9nyelmesebb \u00e9s biztons\u00e1gosabb k\u00f6zleked\u00e9st biztos\u00edt a v\u00e1ros f\u0151bb turisztikai pontjai k\u00f6z\u00f6tt.<\/span><\/p>\n<p style=\"text-align: justify;\"><span style=\"font-family: georgia, palatino, serif;\">K\u00f6zvetlen fejleszt\u00e9si c\u00e9l:<\/span><\/p>\n<ul style=\"text-align: justify;\">\n<li><span style=\"font-family: georgia, palatino, serif;\">Celld\u00f6m\u00f6lk k\u00f6zleked\u00e9si infrastrukt\u00far\u00e1j\u00e1nak fejleszt\u00e9se, az el\u00f6regedett burkolatok, illetve nem szil\u00e1rd burkolatok fel\u00faj\u00edt\u00e1s\u00e1val, meger\u0151s\u00edt\u00e9s\u00e9vel, ki\u00e9p\u00edt\u00e9s\u00e9vel.<\/span><\/li>\n<\/ul>\n<p style=\"text-align: justify;\">\n<ul style=\"text-align: justify;\">\n<li><span style=\"font-family: georgia, palatino, serif;\">A k\u00f6zleked\u00e9sbiztons\u00e1g n\u00f6vel\u00e9se korszer\u0171 forgalomtechnikai elemek (pl. t\u00e1bl\u00e1k, jelz\u00e9sek) kihelyez\u00e9s\u00e9vel \u00e9s a gyalogos k\u00f6zleked\u00e9s felt\u00e9teleinek jav\u00edt\u00e1s\u00e1val.<\/span><\/li>\n<\/ul>\n<p style=\"text-align: justify;\">\n<ul style=\"text-align: justify;\">\n<li><span style=\"font-family: georgia, palatino, serif;\">Az akad\u00e1lymentes k\u00f6zleked\u00e9s biztos\u00edt\u00e1sa, a projekt keret\u00e9ben fel\u00fajt\u00e1sra ker\u00fcl\u0151 \u00fat \u00e9s a hozz\u00e1 csatlakoz\u00f3 j\u00e1rd\u00e1k csatlakoz\u00e1si szakaszainak akad\u00e1lymentes kialak\u00edt\u00e1s\u00e1val, valamint\u00a0 egy1 db akad\u00e1lymentes parkol\u00f3hely kialak\u00edt\u00e1ssal.<\/span><\/li>\n<\/ul>\n<p style=\"text-align: justify;\">\n<ul style=\"text-align: justify;\">\n<li><span style=\"font-family: georgia, palatino, serif;\">A k\u00f6zter\u00fcletek eszt\u00e9tikai \u00e9rt\u00e9k\u00e9nek n\u00f6vel\u00e9se z\u00f6ldfel\u00fclet-fejleszt\u00e9ssel \u00e9s modern ker\u00e9kp\u00e1rt\u00e1rol\u00f3k kialak\u00edt\u00e1s\u00e1val.<\/span><\/li>\n<\/ul>\n<p style=\"text-align: justify;\">\n<ul style=\"text-align: justify;\">\n<li><span style=\"font-family: georgia, palatino, serif;\">A k\u00f6zvil\u00e1g\u00edt\u00e1s korszer\u0171s\u00edt\u00e9se energiatakar\u00e9kos LED-es l\u00e1mpatestekre, ezzel a v\u00e1rosi energiafelhaszn\u00e1l\u00e1s cs\u00f6kkent\u00e9se \u00e9s a f\u00e9nyszennyez\u00e9s m\u00e9rs\u00e9kl\u00e9se.<\/span><\/li>\n<\/ul>\n<p style=\"text-align: justify;\">\n<p style=\"text-align: justify;\"><span style=\"font-family: georgia, palatino, serif;\">A Ter\u00fclet- \u00e9s Telep\u00fcl\u00e9sfejleszt\u00e9si Operat\u00edv Program Plusz keret\u00e9ben 220 000 000 forint vissza nem t\u00e9r\u00edtend\u0151 eur\u00f3pai uni\u00f3s t\u00e1mogat\u00e1sb\u00f3l val\u00f3sul meg a fejleszt\u00e9s.<\/span><\/p>\n<p style=\"text-align: justify;\">\n<p style=\"text-align: justify;\"><span style=\"font-family: georgia, palatino, serif;\">A projektben konzorciumi tagk\u00e9nt szerepet v\u00e1llal\u00f3 Vas V\u00e1rmegyei \u00d6nkorm\u00e1nyzati Hivatal val\u00f3s\u00edtja meg saj\u00e1t teljes\u00edt\u00e9sben a projektmenedzsmenti feladatok ell\u00e1t\u00e1s\u00e1t a projekt teljes megval\u00f3s\u00edt\u00e1si id\u0151szaka alatt.<\/span><\/p>","protected":false},"excerpt":{"rendered":"A projekt az Eur\u00f3pai Uni\u00f3 \u00e1ltal biztos\u00edtott 220 milli\u00f3 forint vissza nem t\u00e9r\u00edtend\u0151 t\u00e1mogat\u00e1ssal, a Sz\u00e9chenyi Terv Plusz program keret\u00e9ben val\u00f3sult meg. Celld\u00f6m\u00f6lk V\u00e1ros \u00d6nkorm\u00e1nyzata \u201eBelter\u00fcleti lak\u00f3utak fejleszt\u00e9se Celld\u00f6m\u00f6lk\u00f6n\u201d c\u00edm\u0171, TOP_PLUSZ-1.2.3-21-VS1-2025-00018 azonos\u00edt\u00f3sz\u00e1m\u00fa projektj\u00e9ben \u00f6nkorm\u00e1nyzati tulajdonban l\u00e9v\u0151 belter\u00fcleti utak, parkol\u00f3k \u00e9s kapcsol\u00f3d\u00f3 k\u00f6zter\u00fcleti elemek (pl. z\u00f6ldfel\u00fclet, ker\u00e9kp\u00e1rt\u00e1rol\u00f3k, forgalomtechnikai t\u00e1bl\u00e1k, k\u00f6zvil\u00e1g\u00edt\u00e1s) korszer\u0171s\u00edt\u00e9se, fel\u00faj\u00edt\u00e1sa, fejleszt\u00e9se val\u00f3sul meg. Az [...]","protected":false},"featured_media":16057,"parent":0,"menu_order":0,"template":"","szechenyi_terv_plusz":[341],"class_list":["post-28045","szechenyiterv-plusz","type-szechenyiterv-plusz","status-publish","has-post-thumbnail","hentry","szechenyi_terv_plusz-top_plusz-1-2-3-21-belteruleti-utak-fejlesztese","floatton-article"],"ptb_metabox":{"ptb_kedvezmenyezett_neve_":"Celld\u00f6m\u00f6lk V\u00e1ros \u00d6nkorm\u00e1nyzata","ptb_konzorciumi_partner_":"Vas V\u00e1rmegyei \u00d6nkorm\u00e1nyzati Hivatal","ptb_a_projekt_cime_":"Belter\u00fcleti lak\u00f3utak fejleszt\u00e9se Celld\u00f6m\u00f6lk\u00f6n","ptb_szerzodott_tamogatas_osszege_":"220 000 000 Ft","ptb_a_tamogatas_merteke_":"100%","ptb_a_projekt_tervezett_befejezesi_datuma_":"2029.02.28.","ptb_let_lthet_file_ok_":{"url":[""],"title":[""]}},"ptb_taxonomy":{"szechenyi_terv_plusz":[{"term_id":341,"name":"TOP_Plusz-1.2.3-21 Belter\u00fcleti utak fejleszt\u00e9se","slug":"top_plusz-1-2-3-21-belteruleti-utak-fejlesztese","term_group":0,"term_taxonomy_id":341,"taxonomy":"szechenyi_terv_plusz","description":"","parent":0,"count":7,"filter":"raw","term_order":"0"}]},"ptb_featured_image":{"url":"https:\/\/www.vasmegye.hu\/wp-content\/uploads\/2022\/04\/MFF-kedvezmenyezetti-infoblokk-keretes-1.jpg","title":"MFF kedvezm\u00e9nyezetti inf\u00f3blokk keretes-1","caption":""},"_links":{"self":[{"href":"https:\/\/www.vasmegye.hu\/en\/wp-json\/wp\/v2\/szechenyiterv-plusz\/28045","targetHints":{"allow":["GET"]}}],"collection":[{"href":"https:\/\/www.vasmegye.hu\/en\/wp-json\/wp\/v2\/szechenyiterv-plusz"}],"about":[{"href":"https:\/\/www.vasmegye.hu\/en\/wp-json\/wp\/v2\/types\/szechenyiterv-plusz"}],"version-history":[{"count":1,"href":"https:\/\/www.vasmegye.hu\/en\/wp-json\/wp\/v2\/szechenyiterv-plusz\/28045\/revisions"}],"predecessor-version":[{"id":28046,"href":"https:\/\/www.vasmegye.hu\/en\/wp-json\/wp\/v2\/szechenyiterv-plusz\/28045\/revisions\/28046"}],"wp:featuredmedia":[{"embeddable":true,"href":"https:\/\/www.vasmegye.hu\/en\/wp-json\/wp\/v2\/media\/16057"}],"wp:attachment":[{"href":"https:\/\/www.vasmegye.hu\/en\/wp-json\/wp\/v2\/media?parent=28045"}],"wp:term":[{"taxonomy":"szechenyi_terv_plusz","embeddable":true,"href":"https:\/\/www.vasmegye.hu\/en\/wp-json\/wp\/v2\/szechenyi_terv_plusz?post=28045"}],"curies":[{"name":"wp","href":"https:\/\/api.w.org\/{rel}","templated":true}]}}

Belterületi lakóutak fejlesztése Celldömölkön

<p style="text-align: justify;"><span style="font-family: georgia, palatino, serif;"><!--more--></span></p>
<p style="text-align: justify;"><span style="font-family: georgia, palatino, serif;">A projekt az Európai Unió által biztosított 220 millió forint vissza nem térítendő támogatással, a Széchenyi Terv Plusz program keretében valósult meg.</span></p>
<p style="text-align: justify;">
<p style="text-align: justify;"><span style="font-family: georgia, palatino, serif;">Celldömölk Város Önkormányzata „Belterületi lakóutak fejlesztése Celldömölkön” című, TOP_PLUSZ-1.2.3-21-VS1-2025-00018 azonosítószámú projektjében önkormányzati tulajdonban lévő belterületi utak, parkolók és kapcsolódó közterületi elemek (pl. zöldfelület, kerékpártárolók, forgalomtechnikai táblák, közvilágítás) korszerűsítése, felújítása, fejlesztése valósul meg. Az útfelület és a kapcsolódó infrastruktúra minőségének javításával az érintett területen az ott élők, a városba ingázók, valamint a turisták közlekedése és mindennapi élete válik biztonságosabbá és komfortosabbá.</span></p>
<p style="text-align: justify;">
<p style="text-align: justify;"><span style="font-family: georgia, palatino, serif;">A fejlesztés érinti  a Puskin utcát, a Koptik Odó és a Pórdömölk utcákat, valamint  a Széchenyi István &#8211; Kossuth Lajos utcák által határolt tömb belső udvarát. A Terület- és Településfejlesztési Operatív Program Plusz keretében 220 000 000 forint vissza nem térítendő európai uniós támogatásból valósul meg a fejlesztés.</span></p>
<p style="text-align: justify;">
<p style="text-align: justify;"><span style="font-family: georgia, palatino, serif;">A projekt átfogó célja Celldömölk város területén olyan belterületi infrastruktúra-fejlesztés megvalósítása, amely hozzájárul a TOP Plusz gazdaságfejlesztési és településfejlesztési céljaihoz, egyúttal javítja a település általános környezeti állapotát és esztétikai megjelenését.</span></p>
<p style="text-align: justify;">
<p style="text-align: justify;"><span style="font-family: georgia, palatino, serif;">A beruházás hozzájárul a fenntartható települési térszerkezet kialakításához és a város vonzerejének növeléséhez, elősegítve a társadalmi jólétet, a gazdasági kapcsolatok erősödését és a területi kohéziót. A település infrastruktúrájának minőségi fejlesztése egyben javítja a közintézmények, közszolgáltatást nyújtó létesítmények és lakóterületek megközelíthetőségét, csökkenti a városközpont forgalmi terhelését, és hozzájárul Celldömölk élhetőségének növeléséhez.</span></p>
<p style="text-align: justify;">
<p style="text-align: justify;"><span style="font-family: georgia, palatino, serif;">A projekt célcsoportja elsősorban a város lakossága, különösen a gépjárművel és kerékpárral közlekedők, valamint a helyi vállalkozások, amelyek számára a fejlesztés javítja az elérhetőséget és a működési feltételeket. Másodsorban a városba érkező turisták, akik számára a közlekedési infrastruktúra fejlesztése kényelmesebb és biztonságosabb közlekedést biztosít a város főbb turisztikai pontjai között.</span></p>
<p style="text-align: justify;"><span style="font-family: georgia, palatino, serif;">Közvetlen fejlesztési cél:</span></p>
<ul style="text-align: justify;">
<li><span style="font-family: georgia, palatino, serif;">Celldömölk közlekedési infrastruktúrájának fejlesztése, az elöregedett burkolatok, illetve nem szilárd burkolatok felújításával, megerősítésével, kiépítésével.</span></li>
</ul>
<p style="text-align: justify;">
<ul style="text-align: justify;">
<li><span style="font-family: georgia, palatino, serif;">A közlekedésbiztonság növelése korszerű forgalomtechnikai elemek (pl. táblák, jelzések) kihelyezésével és a gyalogos közlekedés feltételeinek javításával.</span></li>
</ul>
<p style="text-align: justify;">
<ul style="text-align: justify;">
<li><span style="font-family: georgia, palatino, serif;">Az akadálymentes közlekedés biztosítása, a projekt keretében felújtásra kerülő út és a hozzá csatlakozó járdák csatlakozási szakaszainak akadálymentes kialakításával, valamint  egy1 db akadálymentes parkolóhely kialakítással.</span></li>
</ul>
<p style="text-align: justify;">
<ul style="text-align: justify;">
<li><span style="font-family: georgia, palatino, serif;">A közterületek esztétikai értékének növelése zöldfelület-fejlesztéssel és modern kerékpártárolók kialakításával.</span></li>
</ul>
<p style="text-align: justify;">
<ul style="text-align: justify;">
<li><span style="font-family: georgia, palatino, serif;">A közvilágítás korszerűsítése energiatakarékos LED-es lámpatestekre, ezzel a városi energiafelhasználás csökkentése és a fényszennyezés mérséklése.</span></li>
</ul>
<p style="text-align: justify;">
<p style="text-align: justify;"><span style="font-family: georgia, palatino, serif;">A Terület- és Településfejlesztési Operatív Program Plusz keretében 220 000 000 forint vissza nem térítendő európai uniós támogatásból valósul meg a fejlesztés.</span></p>
<p style="text-align: justify;">
<p style="text-align: justify;"><span style="font-family: georgia, palatino, serif;">A projektben konzorciumi tagként szerepet vállaló Vas Vármegyei Önkormányzati Hivatal valósítja meg saját teljesítésben a projektmenedzsmenti feladatok ellátását a projekt teljes megvalósítási időszaka alatt.</span></p>

A projekt az Európai Unió által biztosított 220 millió forint vissza nem térítendő támogatással, a Széchenyi Terv Plusz program keretében valósult meg. Celldömölk Város Önkormányzata „Belterületi lakóutak fejlesztése Celldömölkön” című, TOP_PLUSZ-1.2.3-21-VS1-2025-00018 azonosítószámú projektjében önkormányzati tulajdonban lévő belterületi utak, parkolók és kapcsolódó közterületi elemek (pl. zöldfelület, kerékpártárolók, forgalomtechnikai táblák, közvilágítás) korszerűsítése, felújítása, fejlesztése valósul meg. Az [...]

Celldömölk Város Önkormányzata

Vas Vármegyei Önkormányzati Hivatal

TOP_Plusz-1.2.3-21 Belterületi utak fejlesztése

MFF kedvezményezetti infóblokk keretes-1
