{"id":28038,"date":"2026-03-24T11:08:10","date_gmt":"2026-03-24T09:08:10","guid":{"rendered":"https:\/\/www.vasmegye.hu\/?post_type=szechenyiterv-plusz&#038;p=28038"},"modified":"2026-03-24T11:21:34","modified_gmt":"2026-03-24T09:21:34","slug":"vasvar-varos-kozossegi-infrastrukturajanak-fejlesztese","status":"publish","type":"szechenyiterv-plusz","link":"https:\/\/www.vasmegye.hu\/en\/szechenyiterv-plusz\/vasvar-varos-kozossegi-infrastrukturajanak-fejlesztese\/","title":{"rendered":"Vasv\u00e1r v\u00e1ros k\u00f6z\u00f6ss\u00e9gi infrastrukt\u00far\u00e1j\u00e1nak fejleszt\u00e9se"},"content":{"rendered":"<p><!--more--><\/p>\n<p style=\"text-align: justify;\"><span style=\"font-family: georgia, palatino, serif; font-size: 16px;\">A projekt az Eur\u00f3pai Uni\u00f3 \u00e1ltal biztos\u00edtott 600 milli\u00f3 forint vissza nem t\u00e9r\u00edtend\u0151 t\u00e1mogat\u00e1ssal, a Sz\u00e9chenyi Terv Plusz program keret\u00e9ben val\u00f3sult meg.<\/span><\/p>\n<p style=\"text-align: justify;\"><span style=\"font-family: georgia, palatino, serif; font-size: 16px;\">Vasv\u00e1r V\u00e1ros \u00d6nkorm\u00e1nyzata \u201eVasv\u00e1r v\u00e1ros k\u00f6z\u00f6ss\u00e9gi infrastrukt\u00far\u00e1j\u00e1nak fejleszt\u00e9se\u201d c\u00edm\u0171, TOP_PLUSZ-1.2.1-21-VS1-2025-00068 azonos\u00edt\u00f3sz\u00e1m\u00fa projektj\u00e9ben \u00f6nkorm\u00e1nyzati tulajdonban l\u00e9v\u0151 sport\u00f6lt\u00f6z\u0151 fel\u00faj\u00edt\u00e1s\u00e1t, b\u0151v\u00edt\u00e9s\u00e9t, parkol\u00f3k, j\u00e1rd\u00e1k, \u00a0k\u00f6zpark \u00e9s kapcsol\u00f3d\u00f3 z\u00f6ldter\u00fclet fejleszt\u00e9s\u00e9t t\u0171zte ki c\u00e9lul.<\/span><\/p>\n<p style=\"text-align: justify;\"><span style=\"font-family: georgia, palatino, serif; font-size: 16px;\">A projekt \u00e1tfog\u00f3 c\u00e9lja Vasv\u00e1r v\u00e1ros ter\u00fclet\u00e9n olyan komplex infrastrukt\u00fara-fejleszt\u00e9sek megval\u00f3s\u00edt\u00e1sa, mely hozz\u00e1j\u00e1rul a TOP Plusz gazdas\u00e1gfejleszt\u00e9si c\u00e9ljaihoz \u00e9s a lakoss\u00e1g, kiemelten a fiatalok helyben marad\u00e1s\u00e1hoz, egy\u00fattal a telep\u00fcl\u00e9s \u00e1ltal\u00e1nos k\u00f6rnyezeti \u00e1llapot\u00e1t is jav\u00edtja. Ezzel hozz\u00e1j\u00e1rulva a fenntarthat\u00f3 fejl\u0151d\u00e9s helyi felt\u00e9teleinek biztos\u00edt\u00e1s\u00e1hoz \u00e9s a fenntarthat\u00f3 telep\u00fcl\u00e9si t\u00e9rszerkezet kialakul\u00e1s\u00e1hoz, amely hozz\u00e1j\u00e1rul a t\u00e1rsadalmi j\u00f3l\u00e9thez az\u00e1ltal, hogy a telep\u00fcl\u00e9s vonz\u00f3 \u00e9s \u00e9lhet\u0151. A projekt c\u00e9lcsoportjai ennek megfelel\u0151n els\u0151sorban a telep\u00fcl\u00e9s lakoss\u00e1ga.<\/span><\/p>\n<p style=\"text-align: justify;\"><span style=\"font-family: georgia, palatino, serif; font-size: 16px;\">A projekt m\u0171szaki tartalma:<\/span><\/p>\n<p style=\"text-align: justify;\"><span style=\"font-family: georgia, palatino, serif; font-size: 16px;\">A projekt keret\u00e9ben Vasv\u00e1r v\u00e1ros k\u00f6z\u00f6ss\u00e9gi infrastrukt\u00far\u00e1j\u00e1nak fejleszt\u00e9se tervezett az al\u00e1bbi beruh\u00e1z\u00e1sok megval\u00f3s\u00edt\u00e1sa \u00e1ltal:<\/span><\/p>\n<ul style=\"text-align: justify;\">\n<li><span style=\"font-family: georgia, palatino, serif; font-size: 16px;\">A vasv\u00e1ri sporttelep infrastruktur\u00e1lis fejleszt\u00e9se a sport\u00f6lt\u00f6z\u0151 fel\u00faj\u00edt\u00e1s\u00e1val \u00e9s b\u0151v\u00edt\u00e9s\u00e9vel, a sporttelephez tartoz\u00f3 parkol\u00f3 b\u0151v\u00edt\u00e9s\u00e9vel, valamint lel\u00e1t\u00f3k \u00e9p\u00edt\u00e9s\u00e9vel.<\/span><\/li>\n<li><span style=\"font-family: georgia, palatino, serif; font-size: 16px;\">K\u00f6zpark \u00e9s parkol\u00f3k kialak\u00edt\u00e1sa a Hunyadi utca \u00e9s Kossuth utca keresztez\u0151d\u00e9s\u00e9ben, a hozz\u00e1 tartoz\u00f3 z\u00f6ldter\u00fclet fejleszt\u00e9s\u00e9vel<\/span><\/li>\n<li><span style=\"font-family: georgia, palatino, serif; font-size: 16px;\">Dr. Tretter L\u00e1szl\u00f3 utca megl\u00e9v\u0151 j\u00e1rd\u00e1j\u00e1nak fel\u00faj\u00edt\u00e1sa<\/span><\/li>\n<\/ul>\n<p style=\"text-align: justify;\"><span style=\"font-family: georgia, palatino, serif; font-size: 16px;\">Az \u00f6nkorm\u00e1nyzati tudatos telep\u00fcl\u00e9sfejleszt\u00e9s els\u0151dleges c\u00e9lja az \u00e9lhet\u0151 \u00e9s min\u0151s\u00e9gi telep\u00fcl\u00e9si k\u00f6rnyezet megteremt\u00e9se, mind a v\u00e1ros lak\u00f3i, mind a telep\u00fcl\u00e9sre l\u00e1togat\u00f3k sz\u00e1m\u00e1ra. A min\u0151s\u00e9gi telep\u00fcl\u00e9si k\u00f6rnyezet hozz\u00e1j\u00e1rul az idegenforgalmi vonzer\u0151 \u2013 ez\u00e1ltal a t\u00e9rs\u00e9gi versenyk\u00e9pess\u00e9g \u2013 n\u00f6vel\u00e9s\u00e9hez. A v\u00e1ros kiemelt telep\u00fcl\u00e9sfejleszt\u00e9si c\u00e9ljai k\u00f6z\u00f6tt szerepel egyr\u00e9szt a telep\u00fcl\u00e9sen el\u00e9rhet\u0151 k\u00f6z\u00f6ss\u00e9gi c\u00e9l\u00fa funkci\u00f3kat ell\u00e1t\u00f3 \u00e9p\u00fcletek, illetve k\u00f6zter\u00fcletek fejleszt\u00e9se, amely hozz\u00e1j\u00e1rul a szabadid\u0151 min\u00e9l magasabb sz\u00ednvonalon val\u00f3, hasznos elt\u00f6lt\u00e9s\u00e9hez, m\u00e1sr\u00e9szt a telep\u00fcl\u00e9sen el\u00e9rhet\u0151 k\u00f6zleked\u00e9si infrastrukt\u00fara tov\u00e1bbi fejleszt\u00e9se, amely a gyalogosok, mint a k\u00f6zleked\u00e9sben legv\u00e9dtelenebb k\u00f6zleked\u0151k sz\u00e1m\u00e1ra is biztons\u00e1gos k\u00f6zleked\u00e9si m\u00f3dos biztos\u00edt.<\/span><\/p>\n<p style=\"text-align: justify;\"><span style=\"font-family: georgia, palatino, serif; font-size: 16px;\">A v\u00e1ros sport\u00f6lt\u00f6z\u0151je er\u0151sen leromlott \u00e1llapot\u00fa, jelenleg sem funkci\u00f3j\u00e1ban, sem m\u00e9ret\u00e9ben nem tudja megfelel\u0151en kiszolg\u00e1lni a telep\u00fcl\u00e9sen jelentkez\u0151, mai kor k\u00f6vetelm\u00e9nyeinek megfelel\u0151 ig\u00e9nyeket. A sporttelep mind a v\u00e1ros, mind a vasv\u00e1ri j\u00e1r\u00e1s sport\u00e9let\u00e9ben meghat\u00e1roz\u00f3 szerepet j\u00e1tszik, hiszen sz\u00e1mos iskolai sportesem\u00e9ny, illetve egy\u00e9b k\u00f6z\u00f6ss\u00e9gi c\u00e9lokat szolg\u00e1l\u00f3 sport- \u00e1s szabadid\u0151s rendezv\u00e9ny helysz\u00edn\u00e9\u00fcl szolg\u00e1l.<\/span><\/p>\n<p style=\"text-align: justify;\"><span style=\"font-family: georgia, palatino, serif; font-size: 16px;\">A Hunyadi utca \u00e9s a Kossuth utca keresztez\u0151d\u00e9s\u00e9ben tervezett k\u00f6zpark a v\u00e1rosban rendelkez\u00e9sre \u00e1ll\u00f3 z\u00f6ldfel\u00fcletet tov\u00e1bb n\u00f6veli, hozz\u00e1j\u00e1rulva az \u00e9lhet\u0151bb v\u00e1rosi k\u00f6rnyezet kialak\u00edt\u00e1s\u00e1hoz. A parkba tervezett, szinte minden koroszt\u00e1ly \u00e1ltal haszn\u00e1lhat\u00f3 motorik park elemek szint\u00e9n a szabadid\u0151 hasznos elt\u00f6lt\u00e9s\u00e9t seg\u00edtik el\u0151.<\/span><\/p>\n<p style=\"text-align: justify;\"><span style=\"font-family: georgia, palatino, serif; font-size: 16px;\">A telep\u00fcl\u00e9s k\u00f6zter\u00fcletein tal\u00e1lhat\u00f3 j\u00e1rd\u00e1k burkolatai rendk\u00edv\u00fcl rossz \u00e1llapotban vannak, t\u00f6bb helyen t\u00f6redezettek \u00e9s megs\u00fcllyedtek, \u00edgy a biztons\u00e1gos gyalogos k\u00f6zleked\u00e9s biztos\u00edt\u00e1s\u00e1ra alkalmatlanok. Fentiek k\u00f6vetkezt\u00e9ben a nagyobb gyalogos forgalmat lebonyol\u00edt\u00f3 ter\u00fcleteken, \u00edgy t\u00f6bbek k\u00f6z\u00f6tt a v\u00e1rosk\u00f6zponthoz k\u00f6zel tal\u00e1lhat\u00f3 Dr. Tretter L\u00e1szl\u00f3 utc\u00e1ban a gyalogos k\u00f6zleked\u00e9s felt\u00e9teleinek fejleszt\u00e9se elengedhetetlenn\u00e9 v\u00e1lt.<\/span><\/p>\n<p style=\"text-align: justify;\"><span style=\"font-family: georgia, palatino, serif; font-size: 16px;\">A tervezett fejleszt\u00e9sek eredm\u00e9nyek\u00e9nt n\u0151 a min\u0151s\u00e9gi z\u00f6ldfel\u00fcletek ar\u00e1nya, a gyalogos infrastrukt\u00fara fejleszt\u00e9s\u00e9vel, valamint a parkol\u00e1si lehet\u0151s\u00e9gek b\u0151v\u00fcl\u00e9s\u00e9vel pedig mind a v\u00e1rosi k\u00f6zszolg\u00e1ltat\u00e1sok, mind a munkahelyek jobb el\u00e9rhet\u0151s\u00e9ggel fognak rendelkezni.<\/span><\/p>\n<p style=\"text-align: justify;\"><span style=\"font-family: georgia, palatino, serif; font-size: 16px;\">A Ter\u00fclet- \u00e9s Telep\u00fcl\u00e9sfejleszt\u00e9si Operat\u00edv Program Plusz keret\u00e9ben 600 000 000 forint vissza nem t\u00e9r\u00edtend\u0151 eur\u00f3pai uni\u00f3s t\u00e1mogat\u00e1sb\u00f3l val\u00f3sul meg a fejleszt\u00e9s.<\/span><\/p>\n<p style=\"text-align: justify;\"><span style=\"font-family: georgia, palatino, serif; font-size: 16px;\">A projektben konzorciumi tagk\u00e9nt szerepet v\u00e1llal\u00f3 Vas V\u00e1rmegyei \u00d6nkorm\u00e1nyzati Hivatal val\u00f3s\u00edtja meg saj\u00e1t teljes\u00edt\u00e9sben a projektmenedzsmenti feladatok ell\u00e1t\u00e1s\u00e1t a projekt teljes megval\u00f3s\u00edt\u00e1si id\u0151szaka alatt.<\/span><\/p>","protected":false},"excerpt":{"rendered":"A projekt az Eur\u00f3pai Uni\u00f3 \u00e1ltal biztos\u00edtott 600 milli\u00f3 forint vissza nem t\u00e9r\u00edtend\u0151 t\u00e1mogat\u00e1ssal, a Sz\u00e9chenyi Terv Plusz program keret\u00e9ben val\u00f3sult meg. Vasv\u00e1r V\u00e1ros \u00d6nkorm\u00e1nyzata \u201eVasv\u00e1r v\u00e1ros k\u00f6z\u00f6ss\u00e9gi infrastrukt\u00far\u00e1j\u00e1nak fejleszt\u00e9se\u201d c\u00edm\u0171, TOP_PLUSZ-1.2.1-21-VS1-2025-00068 azonos\u00edt\u00f3sz\u00e1m\u00fa projektj\u00e9ben \u00f6nkorm\u00e1nyzati tulajdonban l\u00e9v\u0151 sport\u00f6lt\u00f6z\u0151 fel\u00faj\u00edt\u00e1s\u00e1t, b\u0151v\u00edt\u00e9s\u00e9t, parkol\u00f3k, j\u00e1rd\u00e1k, \u00a0k\u00f6zpark \u00e9s kapcsol\u00f3d\u00f3 z\u00f6ldter\u00fclet fejleszt\u00e9s\u00e9t t\u0171zte ki c\u00e9lul. A projekt \u00e1tfog\u00f3 c\u00e9lja Vasv\u00e1r [...]","protected":false},"featured_media":16057,"parent":0,"menu_order":0,"template":"","szechenyi_terv_plusz":[339],"class_list":["post-28038","szechenyiterv-plusz","type-szechenyiterv-plusz","status-publish","has-post-thumbnail","hentry","szechenyi_terv_plusz-top_plusz-1-2-1-21-elheto-telepulesek","floatton-article"],"ptb_metabox":{"ptb_kedvezmenyezett_neve_":"Vasv\u00e1r V\u00e1ros \u00d6nkorm\u00e1nyzata","ptb_konzorciumi_partner_":"Vas V\u00e1rmegyei \u00d6nkorm\u00e1nyzati Hivatal","ptb_a_projekt_cime_":"Vasv\u00e1r v\u00e1ros k\u00f6z\u00f6ss\u00e9gi infrastrukt\u00far\u00e1j\u00e1nak fejleszt\u00e9se","ptb_szerzodott_tamogatas_osszege_":"600 000 000 Ft","ptb_a_tamogatas_merteke_":"100%","ptb_a_projekt_tervezett_befejezesi_datuma_":"2029.04.30.","ptb_projekt_azonositoszama_":"TOP_PLUSZ-1.2.1-21-VS1-2025-00068","ptb_let_lthet_file_ok_":{"url":[""],"title":[""]}},"ptb_taxonomy":{"szechenyi_terv_plusz":[{"term_id":339,"name":"TOP_Plusz-1.2.1-21 - \u00c9lhet\u0151 telep\u00fcl\u00e9sek","slug":"top_plusz-1-2-1-21-elheto-telepulesek","term_group":0,"term_taxonomy_id":339,"taxonomy":"szechenyi_terv_plusz","description":"","parent":0,"count":11,"filter":"raw","term_order":"0"}]},"ptb_featured_image":{"url":"https:\/\/www.vasmegye.hu\/wp-content\/uploads\/2022\/04\/MFF-kedvezmenyezetti-infoblokk-keretes-1.jpg","title":"MFF kedvezm\u00e9nyezetti inf\u00f3blokk keretes-1","caption":""},"_links":{"self":[{"href":"https:\/\/www.vasmegye.hu\/en\/wp-json\/wp\/v2\/szechenyiterv-plusz\/28038","targetHints":{"allow":["GET"]}}],"collection":[{"href":"https:\/\/www.vasmegye.hu\/en\/wp-json\/wp\/v2\/szechenyiterv-plusz"}],"about":[{"href":"https:\/\/www.vasmegye.hu\/en\/wp-json\/wp\/v2\/types\/szechenyiterv-plusz"}],"version-history":[{"count":5,"href":"https:\/\/www.vasmegye.hu\/en\/wp-json\/wp\/v2\/szechenyiterv-plusz\/28038\/revisions"}],"predecessor-version":[{"id":28044,"href":"https:\/\/www.vasmegye.hu\/en\/wp-json\/wp\/v2\/szechenyiterv-plusz\/28038\/revisions\/28044"}],"wp:featuredmedia":[{"embeddable":true,"href":"https:\/\/www.vasmegye.hu\/en\/wp-json\/wp\/v2\/media\/16057"}],"wp:attachment":[{"href":"https:\/\/www.vasmegye.hu\/en\/wp-json\/wp\/v2\/media?parent=28038"}],"wp:term":[{"taxonomy":"szechenyi_terv_plusz","embeddable":true,"href":"https:\/\/www.vasmegye.hu\/en\/wp-json\/wp\/v2\/szechenyi_terv_plusz?post=28038"}],"curies":[{"name":"wp","href":"https:\/\/api.w.org\/{rel}","templated":true}]}}

Vasvár város közösségi infrastruktúrájának fejlesztése

<p><!--more--></p>
<p style="text-align: justify;"><span style="font-family: georgia, palatino, serif; font-size: 16px;">A projekt az Európai Unió által biztosított 600 millió forint vissza nem térítendő támogatással, a Széchenyi Terv Plusz program keretében valósult meg.</span></p>
<p style="text-align: justify;"><span style="font-family: georgia, palatino, serif; font-size: 16px;">Vasvár Város Önkormányzata „Vasvár város közösségi infrastruktúrájának fejlesztése” című, TOP_PLUSZ-1.2.1-21-VS1-2025-00068 azonosítószámú projektjében önkormányzati tulajdonban lévő sportöltöző felújítását, bővítését, parkolók, járdák,  közpark és kapcsolódó zöldterület fejlesztését tűzte ki célul.</span></p>
<p style="text-align: justify;"><span style="font-family: georgia, palatino, serif; font-size: 16px;">A projekt átfogó célja Vasvár város területén olyan komplex infrastruktúra-fejlesztések megvalósítása, mely hozzájárul a TOP Plusz gazdaságfejlesztési céljaihoz és a lakosság, kiemelten a fiatalok helyben maradásához, egyúttal a település általános környezeti állapotát is javítja. Ezzel hozzájárulva a fenntartható fejlődés helyi feltételeinek biztosításához és a fenntartható települési térszerkezet kialakulásához, amely hozzájárul a társadalmi jóléthez azáltal, hogy a település vonzó és élhető. A projekt célcsoportjai ennek megfelelőn elsősorban a település lakossága.</span></p>
<p style="text-align: justify;"><span style="font-family: georgia, palatino, serif; font-size: 16px;">A projekt műszaki tartalma:</span></p>
<p style="text-align: justify;"><span style="font-family: georgia, palatino, serif; font-size: 16px;">A projekt keretében Vasvár város közösségi infrastruktúrájának fejlesztése tervezett az alábbi beruházások megvalósítása által:</span></p>
<ul style="text-align: justify;">
<li><span style="font-family: georgia, palatino, serif; font-size: 16px;">A vasvári sporttelep infrastrukturális fejlesztése a sportöltöző felújításával és bővítésével, a sporttelephez tartozó parkoló bővítésével, valamint lelátók építésével.</span></li>
<li><span style="font-family: georgia, palatino, serif; font-size: 16px;">Közpark és parkolók kialakítása a Hunyadi utca és Kossuth utca kereszteződésében, a hozzá tartozó zöldterület fejlesztésével</span></li>
<li><span style="font-family: georgia, palatino, serif; font-size: 16px;">Dr. Tretter László utca meglévő járdájának felújítása</span></li>
</ul>
<p style="text-align: justify;"><span style="font-family: georgia, palatino, serif; font-size: 16px;">Az önkormányzati tudatos településfejlesztés elsődleges célja az élhető és minőségi települési környezet megteremtése, mind a város lakói, mind a településre látogatók számára. A minőségi települési környezet hozzájárul az idegenforgalmi vonzerő – ezáltal a térségi versenyképesség – növeléséhez. A város kiemelt településfejlesztési céljai között szerepel egyrészt a településen elérhető közösségi célú funkciókat ellátó épületek, illetve közterületek fejlesztése, amely hozzájárul a szabadidő minél magasabb színvonalon való, hasznos eltöltéséhez, másrészt a településen elérhető közlekedési infrastruktúra további fejlesztése, amely a gyalogosok, mint a közlekedésben legvédtelenebb közlekedők számára is biztonságos közlekedési módos biztosít.</span></p>
<p style="text-align: justify;"><span style="font-family: georgia, palatino, serif; font-size: 16px;">A város sportöltözője erősen leromlott állapotú, jelenleg sem funkciójában, sem méretében nem tudja megfelelően kiszolgálni a településen jelentkező, mai kor követelményeinek megfelelő igényeket. A sporttelep mind a város, mind a vasvári járás sportéletében meghatározó szerepet játszik, hiszen számos iskolai sportesemény, illetve egyéb közösségi célokat szolgáló sport- ás szabadidős rendezvény helyszínéül szolgál.</span></p>
<p style="text-align: justify;"><span style="font-family: georgia, palatino, serif; font-size: 16px;">A Hunyadi utca és a Kossuth utca kereszteződésében tervezett közpark a városban rendelkezésre álló zöldfelületet tovább növeli, hozzájárulva az élhetőbb városi környezet kialakításához. A parkba tervezett, szinte minden korosztály által használható motorik park elemek szintén a szabadidő hasznos eltöltését segítik elő.</span></p>
<p style="text-align: justify;"><span style="font-family: georgia, palatino, serif; font-size: 16px;">A település közterületein található járdák burkolatai rendkívül rossz állapotban vannak, több helyen töredezettek és megsüllyedtek, így a biztonságos gyalogos közlekedés biztosítására alkalmatlanok. Fentiek következtében a nagyobb gyalogos forgalmat lebonyolító területeken, így többek között a városközponthoz közel található Dr. Tretter László utcában a gyalogos közlekedés feltételeinek fejlesztése elengedhetetlenné vált.</span></p>
<p style="text-align: justify;"><span style="font-family: georgia, palatino, serif; font-size: 16px;">A tervezett fejlesztések eredményeként nő a minőségi zöldfelületek aránya, a gyalogos infrastruktúra fejlesztésével, valamint a parkolási lehetőségek bővülésével pedig mind a városi közszolgáltatások, mind a munkahelyek jobb elérhetőséggel fognak rendelkezni.</span></p>
<p style="text-align: justify;"><span style="font-family: georgia, palatino, serif; font-size: 16px;">A Terület- és Településfejlesztési Operatív Program Plusz keretében 600 000 000 forint vissza nem térítendő európai uniós támogatásból valósul meg a fejlesztés.</span></p>
<p style="text-align: justify;"><span style="font-family: georgia, palatino, serif; font-size: 16px;">A projektben konzorciumi tagként szerepet vállaló Vas Vármegyei Önkormányzati Hivatal valósítja meg saját teljesítésben a projektmenedzsmenti feladatok ellátását a projekt teljes megvalósítási időszaka alatt.</span></p>

A projekt az Európai Unió által biztosított 600 millió forint vissza nem térítendő támogatással, a Széchenyi Terv Plusz program keretében valósult meg. Vasvár Város Önkormányzata „Vasvár város közösségi infrastruktúrájának fejlesztése” című, TOP_PLUSZ-1.2.1-21-VS1-2025-00068 azonosítószámú projektjében önkormányzati tulajdonban lévő sportöltöző felújítását, bővítését, parkolók, járdák,  közpark és kapcsolódó zöldterület fejlesztését tűzte ki célul. A projekt átfogó célja Vasvár [...]

Vasvár Város Önkormányzata

Vas Vármegyei Önkormányzati Hivatal

TOP_Plusz-1.2.1-21 - Élhető települések

MFF kedvezményezetti infóblokk keretes-1
