{"id":24756,"date":"2025-03-10T11:15:46","date_gmt":"2025-03-10T09:15:46","guid":{"rendered":"https:\/\/www.vasmegye.hu\/?post_type=szechenyiterv-plusz&#038;p=24756"},"modified":"2026-04-29T13:30:16","modified_gmt":"2026-04-29T11:30:16","slug":"ifjusag-egeszseg-vas-varmegye","status":"publish","type":"szechenyiterv-plusz","link":"https:\/\/www.vasmegye.hu\/en\/szechenyiterv-plusz\/ifjusag-egeszseg-vas-varmegye\/","title":{"rendered":"Ifj\u00fas\u00e1g, eg\u00e9szs\u00e9g &#8211; Vas v\u00e1rmegye"},"content":{"rendered":"<p style=\"text-align: justify;\"><span style=\"font-family: georgia, palatino, serif;\"><!--more--><\/span><\/p>\n<p style=\"text-align: justify;\"><span style=\"font-family: georgia, palatino, serif;\">A projekt az Eur\u00f3pai Uni\u00f3 \u00e1ltal biztos\u00edtott 299.999.859 forint vissza nem t\u00e9r\u00edtend\u0151 t\u00e1mogat\u00e1ssal, a Sz\u00e9chenyi Terv Plusz program keret\u00e9ben val\u00f3sul meg.<\/span><\/p>\n<p style=\"text-align: justify;\"><span style=\"font-family: georgia, palatino, serif;\">Vas v\u00e1rmegye telep\u00fcl\u00e9sszerkezet\u00e9t az apr\u00f3falvas telep\u00fcl\u00e9sek hat\u00e1rozz\u00e1k meg, mely telep\u00fcl\u00e9sek, m\u00e9ret\u00fckn\u00e9l fogva, korl\u00e1tozott er\u0151forr\u00e1ssal \u00e9s kapacit\u00e1sokkal rendelkeznek a h\u00e1tr\u00e1nyos helyzet\u0171 c\u00e9lcsoportok t\u00e1mogat\u00e1s\u00e1ban. A projekt c\u00e9lcsoportj\u00e1t a v\u00e1rmegy\u00e9ben \u00e9l\u0151 h\u00e1tr\u00e1nyos helyzet\u0171 lakoss\u00e1g adja. A projektben megjelen\u0151 t\u00f6bb mint 100 program jellemz\u0151en hi\u00e1nyp\u00f3tl\u00f3, az el\u0151zetes ig\u00e9nyfelm\u00e9r\u00e9sen alapszik. A projekt c\u00e9lja a lakoss\u00e1g, k\u00fcl\u00f6n\u00f6sen a fiatalok akt\u00edv r\u00e9szv\u00e9tel\u00e9nek el\u0151mozd\u00edt\u00e1sa, a k\u00f6z\u00f6s gondolkod\u00e1s \u00e9s az ig\u00e9nyeiknek megfelel\u0151, mindennapi kih\u00edv\u00e1saikra megold\u00e1st k\u00edn\u00e1l\u00f3 programokat biztos\u00edt\u00f3 szolg\u00e1ltat\u00e1si h\u00e1tt\u00e9rfelt\u00e9telek kialak\u00edt\u00e1s\u00e1n kereszt\u00fcl. Mivel az ig\u00e9nyfelm\u00e9r\u00e9s alapj\u00e1n ezen programok, azaz a fiatalokat \u00e9rdekl\u0151 k\u00e9rd\u00e9sek megt\u00e1rgyal\u00e1sa, a sz\u00e1mukra v\u00e1laszokat ad\u00f3 \u00e9s inspir\u00e1l\u00f3 rendezv\u00e9nyek el\u00e9r\u00e9se korl\u00e1tozott, k\u00fcl\u00f6n\u00f6sen az apr\u00f3falvas t\u00e9rs\u00e9gekben, ez\u00e9rt a tervezett tev\u00e9kenys\u00e9gek javar\u00e9sze els\u0151sorban ezen pontokra f\u00f3kusz\u00e1l. A tervezett tev\u00e9kenys\u00e9gek hozz\u00e1j\u00e1rulnak a fiatalok sz\u00e1m\u00e1ra a helyi k\u00f6z\u00f6ss\u00e9gek er\u0151s\u00edt\u00e9s\u00e9ben, az apr\u00f3falvas t\u00e9rs\u00e9gek n\u00e9pess\u00e9gmegtart\u00f3 k\u00e9pess\u00e9g\u00e9nek fokoz\u00e1s\u00e1ban.<\/span><\/p>\n<p style=\"text-align: justify;\"><span style=\"font-family: georgia, palatino, serif;\">Az eg\u00e9szs\u00e9gfejleszt\u00e9s \u00e9s eg\u00e9szs\u00e9g\u00fcgyi prevenci\u00f3s programok szervez\u00e9se, a programokra val\u00f3 eljut\u00e1s seg\u00edt\u00e9se a h\u00e1tr\u00e1nyos helyzet\u0171 c\u00e9lcsoport sz\u00e1m\u00e1ra kiemelten fontos, \u00edgy ez k\u00e9pezi a projekt m\u00e1sik f\u00f3kusz\u00e1t. A tev\u00e9kenys\u00e9gek \u00f6ssze\u00e1ll\u00edt\u00e1sa sor\u00e1n priorit\u00e1st \u00e9lveztek az eg\u00e9szs\u00e9gtudatoss\u00e1got er\u0151s\u00edt\u0151 szolg\u00e1ltat\u00e1sok, ezek biztos\u00edt\u00e1sa a lakoss\u00e1g min\u00e9l sz\u00e9lesebb, c\u00e9lcsoportba tartoz\u00f3 k\u00f6re sz\u00e1m\u00e1ra. A tev\u00e9kenys\u00e9gek mindazon\u00e1ltal egy-egy sz\u0171kebb c\u00e9lcsoporti k\u00f6rre koncentr\u00e1lnak a c\u00e9lzott seg\u00edts\u00e9g ny\u00fajt\u00e1sa \u00e9rdek\u00e9ben, \u00fagymint id\u0151sek, n\u0151k, \u00e9desany\u00e1k, fogyat\u00e9kkal \u00e9l\u0151k. A projekt felh\u00edvja a figyelmet a tudatos \u00e9s eg\u00e9szs\u00e9ges t\u00e1pl\u00e1lkoz\u00e1sra, a ment\u00e1lis \u00e9s fizikai eg\u00e9szs\u00e9g meg\u0151rz\u00e9s\u00e9nek jelent\u0151s\u00e9g\u00e9re is, \u00edgy hossz\u00fat\u00e1von is komoly prevenci\u00f3s hat\u00e1st \u00e9rhet el a bevont telep\u00fcl\u00e9seken.<\/span><\/p>\n<p style=\"text-align: justify;\"><span style=\"font-family: georgia, palatino, serif;\">A szeml\u00e9letform\u00e1l\u00f3 tev\u00e9kenys\u00e9gek els\u0151sorban a b\u0171n\u00f6z\u00e9s \u00e9s b\u0171nesetek, b\u0171ncselekm\u00e9nyek megel\u0151z\u00e9s\u00e9re, azaz a biztons\u00e1g\u00e9rzet n\u00f6vel\u00e9s\u00e9re, valamint a ker\u00e9kp\u00e1ros k\u00f6zleked\u00e9s terjeszt\u00e9s\u00e9re helyezik a hangs\u00falyt. Mindezen tev\u00e9kenys\u00e9gek hozz\u00e1j\u00e1rulnak a szolg\u00e1ltat\u00e1sok kiegyenl\u00edtettebb ter\u00fcleti el\u00e9r\u00e9s\u00e9hez, a lakoss\u00e1g \u00e9s a c\u00e9lcsoport e t\u00e9ren jelentkez\u0151 es\u00e9lyegyenl\u0151s\u00e9g\u00e9nek fokoz\u00e1s\u00e1hoz.<\/span><\/p>\n<p style=\"text-align: justify;\"><span style=\"font-family: georgia, palatino, serif;\">A projekt a Vas V\u00e1rmegye Korm\u00e1nyhivatal, a Szoci\u00e1lis \u00e9s Gyermekv\u00e9delmi F\u0151igazgat\u00f3s\u00e1g, a H+ M\u00e9dia \u00e9s Kultur\u00e1lis Egyes\u00fclet \u00e9s a Vas V\u00e1rmegye \u00d6nkorm\u00e1nyzata konzorciuma keret\u00e9ben val\u00f3sul meg.<\/span><\/p>\n<p style=\"text-align: justify;\"><span style=\"font-family: georgia, palatino, serif;\">Vas V\u00e1rmegye \u00d6nkorm\u00e1nyzata, mint konzorcium vezet\u0151 l\u00e1tja el t\u00f6bbek k\u00f6z\u00f6tt a projektmenedzsmenti feladatokat is, illetve bonyol\u00edt le 12 db programot.<\/span><\/p>\n<p>Vas V\u00e1rmegye Korm\u00e1nyhivatala 64 db programot bonyol\u00edt le a projekt keret\u00e9ben.<\/p>\n<p>A Szoci\u00e1lis \u00e9s Gyermekv\u00e9delmi F\u0151igazgat\u00f3s\u00e1g 6 db programot bonyol\u00edt le a projekt keret\u00e9ben.<\/p>\n<p>A H+ M\u00e9dia \u00e9s Kultur\u00e1lis Egyes\u00fclet 25 db programot bonyol\u00edt le a projekt keret\u00e9ben.<\/p>","protected":false},"excerpt":{"rendered":"A projekt az Eur\u00f3pai Uni\u00f3 \u00e1ltal biztos\u00edtott 299.999.859 forint vissza nem t\u00e9r\u00edtend\u0151 t\u00e1mogat\u00e1ssal, a Sz\u00e9chenyi Terv Plusz program keret\u00e9ben val\u00f3sul meg. Vas v\u00e1rmegye telep\u00fcl\u00e9sszerkezet\u00e9t az apr\u00f3falvas telep\u00fcl\u00e9sek hat\u00e1rozz\u00e1k meg, mely telep\u00fcl\u00e9sek, m\u00e9ret\u00fckn\u00e9l fogva, korl\u00e1tozott er\u0151forr\u00e1ssal \u00e9s kapacit\u00e1sokkal rendelkeznek a h\u00e1tr\u00e1nyos helyzet\u0171 c\u00e9lcsoportok t\u00e1mogat\u00e1s\u00e1ban. A projekt c\u00e9lcsoportj\u00e1t a v\u00e1rmegy\u00e9ben \u00e9l\u0151 h\u00e1tr\u00e1nyos helyzet\u0171 lakoss\u00e1g adja. A projektben [...]","protected":false},"featured_media":16020,"parent":0,"menu_order":0,"template":"","szechenyi_terv_plusz":[609],"class_list":["post-24756","szechenyiterv-plusz","type-szechenyiterv-plusz","status-publish","has-post-thumbnail","hentry","szechenyi_terv_plusz-top_plusz-3-1-3-23-helyi-human-fejlesztesek","floatton-article"],"ptb_metabox":{"ptb_kedvezmenyezett_neve_":"Vas V\u00e1rmegye \u00d6nkorm\u00e1nyzata","ptb_a_projekt_cime_":"Ifj\u00fas\u00e1g, eg\u00e9szs\u00e9g - Vas v\u00e1rmegye","ptb_szerzodott_tamogatas_osszege_":"299 999 859 Ft","ptb_a_tamogatas_merteke_":"100%","ptb_a_projekt_tervezett_befejezesi_datuma_":"2027.02.28.","ptb_projekt_azonositoszama_":" TOP_PLUSZ-3.1.3-23-VS2-2024-00003","ptb_let_lthet_file_ok_":{"url":[""],"title":[""]}},"ptb_taxonomy":{"szechenyi_terv_plusz":[{"term_id":609,"name":"TOP_PLUSZ-3.1.3-23 - Helyi hum\u00e1n fejleszt\u00e9sek","slug":"top_plusz-3-1-3-23-helyi-human-fejlesztesek","term_group":0,"term_taxonomy_id":609,"taxonomy":"szechenyi_terv_plusz","description":"","parent":0,"count":4,"filter":"raw","term_order":"0"}]},"ptb_featured_image":{"url":"https:\/\/www.vasmegye.hu\/wp-content\/uploads\/2022\/04\/sztervplusz.jpg","title":"sztervplusz","caption":""},"_links":{"self":[{"href":"https:\/\/www.vasmegye.hu\/en\/wp-json\/wp\/v2\/szechenyiterv-plusz\/24756","targetHints":{"allow":["GET"]}}],"collection":[{"href":"https:\/\/www.vasmegye.hu\/en\/wp-json\/wp\/v2\/szechenyiterv-plusz"}],"about":[{"href":"https:\/\/www.vasmegye.hu\/en\/wp-json\/wp\/v2\/types\/szechenyiterv-plusz"}],"version-history":[{"count":3,"href":"https:\/\/www.vasmegye.hu\/en\/wp-json\/wp\/v2\/szechenyiterv-plusz\/24756\/revisions"}],"predecessor-version":[{"id":28302,"href":"https:\/\/www.vasmegye.hu\/en\/wp-json\/wp\/v2\/szechenyiterv-plusz\/24756\/revisions\/28302"}],"wp:featuredmedia":[{"embeddable":true,"href":"https:\/\/www.vasmegye.hu\/en\/wp-json\/wp\/v2\/media\/16020"}],"wp:attachment":[{"href":"https:\/\/www.vasmegye.hu\/en\/wp-json\/wp\/v2\/media?parent=24756"}],"wp:term":[{"taxonomy":"szechenyi_terv_plusz","embeddable":true,"href":"https:\/\/www.vasmegye.hu\/en\/wp-json\/wp\/v2\/szechenyi_terv_plusz?post=24756"}],"curies":[{"name":"wp","href":"https:\/\/api.w.org\/{rel}","templated":true}]}}

Ifjúság, egészség &#8211; Vas vármegye

<p style="text-align: justify;"><span style="font-family: georgia, palatino, serif;"><!--more--></span></p>
<p style="text-align: justify;"><span style="font-family: georgia, palatino, serif;">A projekt az Európai Unió által biztosított 299.999.859 forint vissza nem térítendő támogatással, a Széchenyi Terv Plusz program keretében valósul meg.</span></p>
<p style="text-align: justify;"><span style="font-family: georgia, palatino, serif;">Vas vármegye településszerkezetét az aprófalvas települések határozzák meg, mely települések, méretüknél fogva, korlátozott erőforrással és kapacitásokkal rendelkeznek a hátrányos helyzetű célcsoportok támogatásában. A projekt célcsoportját a vármegyében élő hátrányos helyzetű lakosság adja. A projektben megjelenő több mint 100 program jellemzően hiánypótló, az előzetes igényfelmérésen alapszik. A projekt célja a lakosság, különösen a fiatalok aktív részvételének előmozdítása, a közös gondolkodás és az igényeiknek megfelelő, mindennapi kihívásaikra megoldást kínáló programokat biztosító szolgáltatási háttérfeltételek kialakításán keresztül. Mivel az igényfelmérés alapján ezen programok, azaz a fiatalokat érdeklő kérdések megtárgyalása, a számukra válaszokat adó és inspiráló rendezvények elérése korlátozott, különösen az aprófalvas térségekben, ezért a tervezett tevékenységek javarésze elsősorban ezen pontokra fókuszál. A tervezett tevékenységek hozzájárulnak a fiatalok számára a helyi közösségek erősítésében, az aprófalvas térségek népességmegtartó képességének fokozásában.</span></p>
<p style="text-align: justify;"><span style="font-family: georgia, palatino, serif;">Az egészségfejlesztés és egészségügyi prevenciós programok szervezése, a programokra való eljutás segítése a hátrányos helyzetű célcsoport számára kiemelten fontos, így ez képezi a projekt másik fókuszát. A tevékenységek összeállítása során prioritást élveztek az egészségtudatosságot erősítő szolgáltatások, ezek biztosítása a lakosság minél szélesebb, célcsoportba tartozó köre számára. A tevékenységek mindazonáltal egy-egy szűkebb célcsoporti körre koncentrálnak a célzott segítség nyújtása érdekében, úgymint idősek, nők, édesanyák, fogyatékkal élők. A projekt felhívja a figyelmet a tudatos és egészséges táplálkozásra, a mentális és fizikai egészség megőrzésének jelentőségére is, így hosszútávon is komoly prevenciós hatást érhet el a bevont településeken.</span></p>
<p style="text-align: justify;"><span style="font-family: georgia, palatino, serif;">A szemléletformáló tevékenységek elsősorban a bűnözés és bűnesetek, bűncselekmények megelőzésére, azaz a biztonságérzet növelésére, valamint a kerékpáros közlekedés terjesztésére helyezik a hangsúlyt. Mindezen tevékenységek hozzájárulnak a szolgáltatások kiegyenlítettebb területi eléréséhez, a lakosság és a célcsoport e téren jelentkező esélyegyenlőségének fokozásához.</span></p>
<p style="text-align: justify;"><span style="font-family: georgia, palatino, serif;">A projekt a Vas Vármegye Kormányhivatal, a Szociális és Gyermekvédelmi Főigazgatóság, a H+ Média és Kulturális Egyesület és a Vas Vármegye Önkormányzata konzorciuma keretében valósul meg.</span></p>
<p style="text-align: justify;"><span style="font-family: georgia, palatino, serif;">Vas Vármegye Önkormányzata, mint konzorcium vezető látja el többek között a projektmenedzsmenti feladatokat is, illetve bonyolít le 12 db programot.</span></p>
<p>Vas Vármegye Kormányhivatala 64 db programot bonyolít le a projekt keretében.</p>
<p>A Szociális és Gyermekvédelmi Főigazgatóság 6 db programot bonyolít le a projekt keretében.</p>
<p>A H+ Média és Kulturális Egyesület 25 db programot bonyolít le a projekt keretében.</p>

A projekt az Európai Unió által biztosított 299.999.859 forint vissza nem térítendő támogatással, a Széchenyi Terv Plusz program keretében valósul meg. Vas vármegye településszerkezetét az aprófalvas települések határozzák meg, mely települések, méretüknél fogva, korlátozott erőforrással és kapacitásokkal rendelkeznek a hátrányos helyzetű célcsoportok támogatásában. A projekt célcsoportját a vármegyében élő hátrányos helyzetű lakosság adja. A projektben [...]

Vas Vármegye Önkormányzata

Ifjúság, egészség - Vas vármegye

TOP_PLUSZ-3.1.3-23 - Helyi humán fejlesztések
