{"id":24754,"date":"2025-03-10T11:13:33","date_gmt":"2025-03-10T09:13:33","guid":{"rendered":"https:\/\/www.vasmegye.hu\/?post_type=szechenyiterv-plusz&#038;p=24754"},"modified":"2025-04-14T11:19:22","modified_gmt":"2025-04-14T09:19:22","slug":"eros-kozossegek-megujulo-koszeghegyalja","status":"publish","type":"szechenyiterv-plusz","link":"https:\/\/www.vasmegye.hu\/en\/szechenyiterv-plusz\/eros-kozossegek-megujulo-koszeghegyalja\/","title":{"rendered":"Er\u0151s k\u00f6z\u00f6ss\u00e9gek \u2013 meg\u00fajul\u00f3 K\u0151szeghegyalja"},"content":{"rendered":"<p style=\"text-align: justify;\"><span style=\"font-family: georgia, palatino, serif;\"><!--more--><\/span><\/p>\n<p style=\"text-align: justify;\"><span style=\"font-family: georgia, palatino, serif;\">A projekt az Eur\u00f3pai Uni\u00f3 \u00e1ltal biztos\u00edtott 100 milli\u00f3 forint vissza nem t\u00e9r\u00edtend\u0151 t\u00e1mogat\u00e1ssal, a Sz\u00e9chenyi Terv Plusz program keret\u00e9ben val\u00f3sul meg.<\/span><\/p>\n<p style=\"text-align: justify;\"><span style=\"font-family: georgia, palatino, serif;\">Az <strong>Er\u0151s k\u00f6z\u00f6ss\u00e9gek \u2013 meg\u00fajul\u00f3 K\u0151szeghegyalja<\/strong> projekt \u00e1tfog\u00f3 c\u00e9lja \u2013 a Ter\u00fcletfejleszt\u00e9si Koncepci\u00f3val \u00f6sszhangban, \u00e9s a v\u00e1rmegyei c\u00e9lokhoz szorosan kapcsol\u00f3dva \u2013 a K\u0151szeghegyalja, mint c\u00e9lter\u00fclet h\u00e1tr\u00e1nyos helyzet\u0171 lakosai eset\u00e9ben a t\u00e9rs\u00e9gi identit\u00e1s, k\u00f6z\u00f6ss\u00e9gi \u00f6sszetartoz\u00e1s, valamint a t\u00e9rs\u00e9gfejleszt\u00e9si egy\u00fcttm\u0171k\u00f6d\u00e9sek er\u0151s\u00edt\u00e9se \u00e9rdek\u00e9ben egy pilot projekt megval\u00f3s\u00edt\u00e1sa. A pilot projekt keret\u00e9ben kidolgozva azon programok, akci\u00f3k \u00e9s int\u00e9zked\u00e9sek rendszer\u00e9t, melyek eredm\u00e9nyek\u00e9nt a t\u00e9rs\u00e9gben \u00e9l\u0151 h\u00e1tr\u00e1nyos helyzet\u0171 c\u00e9lszem\u00e9lyek integr\u00e1lt fejleszt\u00e9se, a t\u00e1rsadalmi koh\u00e9zi\u00f3 \u00e9s es\u00e9lyegyenl\u0151s\u00e9g er\u0151s\u00edt\u00e9se val\u00f3sulhasson meg, az\u00e1ltal, hogy k\u00f6z\u00f6ss\u00e9gfejleszt\u0151 \u00e9s megtart\u00f3 programok ker\u00fclnek lebonyol\u00edt\u00e1sra.<\/span><\/p>\n<p style=\"text-align: justify;\"><span style=\"font-family: georgia, palatino, serif;\">C\u00e9lk\u00e9nt ker\u00fclt meghat\u00e1roz\u00e1sra a helyi identit\u00e1s \u00e9s koh\u00e9zi\u00f3 er\u0151s\u00edt\u00e9se a K\u0151szeghegyaljai t\u00e9rs\u00e9g \u00f6t telep\u00fcl\u00e9s\u00e9n a K\u0151szeghegyalj\u00e1\u00e9rt Egyes\u00fclet szakmai k\u00f6zrem\u0171k\u00f6d\u00e9s\u00e9vel. Fontos feladat a k\u00f6z\u00f6ss\u00e9gi \u00e9let intenzit\u00e1s\u00e1t, a helyi identit\u00e1s er\u0151ss\u00e9g\u00e9t befoly\u00e1sol\u00f3 probl\u00e9m\u00e1k, sz\u00fcks\u00e9gletek felt\u00e1r\u00e1sa, megold\u00e1si, cselekv\u00e9si javaslatok k\u00e9sz\u00edt\u00e9se \u00e9s azok megval\u00f3s\u00edt\u00e1sa a lakoss\u00e1g bevon\u00e1s\u00e1val.<\/span><\/p>\n<p style=\"text-align: justify;\"><span style=\"font-family: georgia, palatino, serif;\">A projekt keret\u00e9ben m\u00e1r megl\u00e9v\u0151 programok tov\u00e1bbvitele, illetve \u00faj, a k\u00f6z\u00f6ss\u00e9g fejleszt\u00e9s\u00e9t szolg\u00e1l\u00f3 programelemekkel \u00e9s tev\u00e9kenys\u00e9gekkel val\u00f3 b\u0151v\u00edt\u00e9se is megt\u00f6rt\u00e9nik, mely illeszkedik a meglev\u0151 k\u00edn\u00e1lathoz, megfelel a felh\u00edv\u00e1sban t\u00e1masztott krit\u00e9riumrendszernek.<\/span><\/p>\n<p style=\"text-align: justify;\"><span style=\"font-family: georgia, palatino, serif;\">C\u00e9l a mikrot\u00e9rs\u00e9g lakoss\u00e1g\u00e1nak \u00f6sszefog\u00e1sa, azon bel\u00fcl is a h\u00e1tr\u00e1nyos helyzet\u0171 lakosok t\u00e1rsadalmi \u00e9let\u00e9nek \u00e9l\u00e9nk\u00edt\u00e9se, a civil- \u00e9s lakoss\u00e1gi kezdem\u00e9nyez\u00e9sek t\u00e1mogat\u00e1sa. C\u00e9l, hogy a telep\u00fcl\u00e9sek h\u00e1tr\u00e1nyos helyzet\u0171 lak\u00f3i eset\u00e9ben a k\u00f6z\u00f6ss\u00e9gek egy\u00fcttm\u0171k\u00f6d\u00e9se r\u00e9v\u00e9n a telep\u00fcl\u00e9si identit\u00e1s, az \u00f6sszetartoz\u00e1s \u00e9lm\u00e9nye elm\u00e9ly\u00fclj\u00f6n, a k\u00f6z\u00f6ss\u00e9g tagjai \u00e9rz\u00e9kenny\u00e9 v\u00e1ljanak egym\u00e1s probl\u00e9m\u00e1inak megismer\u00e9se \u00e9s meg\u00e9rt\u00e9se ir\u00e1ny\u00e1ban, \u00edgy a k\u00f6z\u00f6ss\u00e9g megtart\u00f3 ereje meger\u0151s\u00f6dj\u00f6n.<\/span><\/p>\n<p style=\"text-align: justify;\"><span style=\"font-family: georgia, palatino, serif;\">A projekt keret\u00e9ben t\u00f6bb mint 100 h\u00e1tr\u00e1nyos helyzet\u0171eket c\u00e9lz\u00f3 program val\u00f3sul meg a n\u00e9h\u00e1ny f\u0151s rendezv\u00e9nyekt\u0151l a t\u00f6bb sz\u00e1z r\u00e9sztvev\u0151t megmozgat\u00f3 esem\u00e9nyekig. T\u00f6bbek k\u00f6z\u00f6tt megrendez\u00e9sre ker\u00fcl a Ny\u00e1ri est\u00e9k \u00e9s T\u00e9li est\u00e9k programsorozat, az \u00f3vod\u00e1s koroszt\u00e1ly sz\u00e1m\u00e1ra k\u00f6z\u00f6ss\u00e9gfejleszt\u0151 akci\u00f3k ker\u00fcltek tervez\u00e9sre. Megval\u00f3s\u00edt\u00e1sra ker\u00fcl a Gesztenyevir\u00e1gz\u00e1s \u00fcnnepe, az Adventi programsorozat, az \u00cdzek, illatok, K\u0151szeghegyalja rendezv\u00e9nysorozat, valamint a K\u0151szeghegyalja Piknik program. Tov\u00e1bb\u00e1 kiad\u00e1sra ker\u00fcl a Nagy K\u0151szeghegyalja k\u00f6nyv, illetve a c\u00e9lter\u00fclet valamennyi lak\u00e1s\u00e1ba eljuttat\u00e1sra ker\u00fcl a kiad\u00e1sra ker\u00fcl\u0151 K\u0151szeghegyaljai H\u00edrmond\u00f3 magazin is.<\/span><\/p>\n<p style=\"text-align: justify;\"><span style=\"font-family: georgia, palatino, serif;\">A projekt a K\u0151szeghegyalj\u00e1\u00e9rt Egyes\u00fclet \u00e9s a Vas V\u00e1rmegye \u00d6nkorm\u00e1nyzata konzorciuma keret\u00e9ben val\u00f3sul meg. A Vas V\u00e1rmegye \u00d6nkorm\u00e1nyzata, mint konzorcium vezet\u0151 l\u00e1tja el t\u00f6bbek k\u00f6z\u00f6tt a projektmenedzsmenti feladatokat is.<\/span><\/p>","protected":false},"excerpt":{"rendered":"A projekt az Eur\u00f3pai Uni\u00f3 \u00e1ltal biztos\u00edtott 100 milli\u00f3 forint vissza nem t\u00e9r\u00edtend\u0151 t\u00e1mogat\u00e1ssal, a Sz\u00e9chenyi Terv Plusz program keret\u00e9ben val\u00f3sul meg. Az Er\u0151s k\u00f6z\u00f6ss\u00e9gek \u2013 meg\u00fajul\u00f3 K\u0151szeghegyalja projekt \u00e1tfog\u00f3 c\u00e9lja \u2013 a Ter\u00fcletfejleszt\u00e9si Koncepci\u00f3val \u00f6sszhangban, \u00e9s a v\u00e1rmegyei c\u00e9lokhoz szorosan kapcsol\u00f3dva \u2013 a K\u0151szeghegyalja, mint c\u00e9lter\u00fclet h\u00e1tr\u00e1nyos helyzet\u0171 lakosai eset\u00e9ben a t\u00e9rs\u00e9gi identit\u00e1s, k\u00f6z\u00f6ss\u00e9gi [...]","protected":false},"featured_media":16020,"parent":0,"menu_order":0,"template":"","szechenyi_terv_plusz":[609],"class_list":["post-24754","szechenyiterv-plusz","type-szechenyiterv-plusz","status-publish","has-post-thumbnail","hentry","szechenyi_terv_plusz-top_plusz-3-1-3-23-helyi-human-fejlesztesek","floatton-article"],"ptb_metabox":{"ptb_kedvezmenyezett_neve_":"Vas V\u00e1rmegye \u00d6nkorm\u00e1nyzata","ptb_a_projekt_cime_":"Er\u0151s k\u00f6z\u00f6ss\u00e9gek \u2013 meg\u00fajul\u00f3 K\u0151szeghegyalja","ptb_szerzodott_tamogatas_osszege_":"100 000 000 Ft","ptb_a_tamogatas_merteke_":"100%","ptb_a_projekt_tervezett_befejezesi_datuma_":"2028.03.31.","ptb_projekt_azonositoszama_":"TOP_PLUSZ-3.1.3-23-VS2-2024-00002","ptb_let_lthet_file_ok_":{"url":[""],"title":[""]}},"ptb_taxonomy":{"szechenyi_terv_plusz":[{"term_id":609,"name":"TOP_PLUSZ-3.1.3-23 - Helyi hum\u00e1n fejleszt\u00e9sek","slug":"top_plusz-3-1-3-23-helyi-human-fejlesztesek","term_group":0,"term_taxonomy_id":609,"taxonomy":"szechenyi_terv_plusz","description":"","parent":0,"count":4,"filter":"raw","term_order":"0"}]},"ptb_featured_image":{"url":"https:\/\/www.vasmegye.hu\/wp-content\/uploads\/2022\/04\/sztervplusz.jpg","title":"sztervplusz","caption":""},"_links":{"self":[{"href":"https:\/\/www.vasmegye.hu\/en\/wp-json\/wp\/v2\/szechenyiterv-plusz\/24754","targetHints":{"allow":["GET"]}}],"collection":[{"href":"https:\/\/www.vasmegye.hu\/en\/wp-json\/wp\/v2\/szechenyiterv-plusz"}],"about":[{"href":"https:\/\/www.vasmegye.hu\/en\/wp-json\/wp\/v2\/types\/szechenyiterv-plusz"}],"version-history":[{"count":1,"href":"https:\/\/www.vasmegye.hu\/en\/wp-json\/wp\/v2\/szechenyiterv-plusz\/24754\/revisions"}],"predecessor-version":[{"id":24755,"href":"https:\/\/www.vasmegye.hu\/en\/wp-json\/wp\/v2\/szechenyiterv-plusz\/24754\/revisions\/24755"}],"wp:featuredmedia":[{"embeddable":true,"href":"https:\/\/www.vasmegye.hu\/en\/wp-json\/wp\/v2\/media\/16020"}],"wp:attachment":[{"href":"https:\/\/www.vasmegye.hu\/en\/wp-json\/wp\/v2\/media?parent=24754"}],"wp:term":[{"taxonomy":"szechenyi_terv_plusz","embeddable":true,"href":"https:\/\/www.vasmegye.hu\/en\/wp-json\/wp\/v2\/szechenyi_terv_plusz?post=24754"}],"curies":[{"name":"wp","href":"https:\/\/api.w.org\/{rel}","templated":true}]}}

Erős közösségek – megújuló Kőszeghegyalja

<p style="text-align: justify;"><span style="font-family: georgia, palatino, serif;"><!--more--></span></p>
<p style="text-align: justify;"><span style="font-family: georgia, palatino, serif;">A projekt az Európai Unió által biztosított 100 millió forint vissza nem térítendő támogatással, a Széchenyi Terv Plusz program keretében valósul meg.</span></p>
<p style="text-align: justify;"><span style="font-family: georgia, palatino, serif;">Az <strong>Erős közösségek – megújuló Kőszeghegyalja</strong> projekt átfogó célja – a Területfejlesztési Koncepcióval összhangban, és a vármegyei célokhoz szorosan kapcsolódva – a Kőszeghegyalja, mint célterület hátrányos helyzetű lakosai esetében a térségi identitás, közösségi összetartozás, valamint a térségfejlesztési együttműködések erősítése érdekében egy pilot projekt megvalósítása. A pilot projekt keretében kidolgozva azon programok, akciók és intézkedések rendszerét, melyek eredményeként a térségben élő hátrányos helyzetű célszemélyek integrált fejlesztése, a társadalmi kohézió és esélyegyenlőség erősítése valósulhasson meg, azáltal, hogy közösségfejlesztő és megtartó programok kerülnek lebonyolításra.</span></p>
<p style="text-align: justify;"><span style="font-family: georgia, palatino, serif;">Célként került meghatározásra a helyi identitás és kohézió erősítése a Kőszeghegyaljai térség öt településén a Kőszeghegyaljáért Egyesület szakmai közreműködésével. Fontos feladat a közösségi élet intenzitását, a helyi identitás erősségét befolyásoló problémák, szükségletek feltárása, megoldási, cselekvési javaslatok készítése és azok megvalósítása a lakosság bevonásával.</span></p>
<p style="text-align: justify;"><span style="font-family: georgia, palatino, serif;">A projekt keretében már meglévő programok továbbvitele, illetve új, a közösség fejlesztését szolgáló programelemekkel és tevékenységekkel való bővítése is megtörténik, mely illeszkedik a meglevő kínálathoz, megfelel a felhívásban támasztott kritériumrendszernek.</span></p>
<p style="text-align: justify;"><span style="font-family: georgia, palatino, serif;">Cél a mikrotérség lakosságának összefogása, azon belül is a hátrányos helyzetű lakosok társadalmi életének élénkítése, a civil- és lakossági kezdeményezések támogatása. Cél, hogy a települések hátrányos helyzetű lakói esetében a közösségek együttműködése révén a települési identitás, az összetartozás élménye elmélyüljön, a közösség tagjai érzékennyé váljanak egymás problémáinak megismerése és megértése irányában, így a közösség megtartó ereje megerősödjön.</span></p>
<p style="text-align: justify;"><span style="font-family: georgia, palatino, serif;">A projekt keretében több mint 100 hátrányos helyzetűeket célzó program valósul meg a néhány fős rendezvényektől a több száz résztvevőt megmozgató eseményekig. Többek között megrendezésre kerül a Nyári esték és Téli esték programsorozat, az óvodás korosztály számára közösségfejlesztő akciók kerültek tervezésre. Megvalósításra kerül a Gesztenyevirágzás ünnepe, az Adventi programsorozat, az Ízek, illatok, Kőszeghegyalja rendezvénysorozat, valamint a Kőszeghegyalja Piknik program. Továbbá kiadásra kerül a Nagy Kőszeghegyalja könyv, illetve a célterület valamennyi lakásába eljuttatásra kerül a kiadásra kerülő Kőszeghegyaljai Hírmondó magazin is.</span></p>
<p style="text-align: justify;"><span style="font-family: georgia, palatino, serif;">A projekt a Kőszeghegyaljáért Egyesület és a Vas Vármegye Önkormányzata konzorciuma keretében valósul meg. A Vas Vármegye Önkormányzata, mint konzorcium vezető látja el többek között a projektmenedzsmenti feladatokat is.</span></p>

A projekt az Európai Unió által biztosított 100 millió forint vissza nem térítendő támogatással, a Széchenyi Terv Plusz program keretében valósul meg. Az Erős közösségek – megújuló Kőszeghegyalja projekt átfogó célja – a Területfejlesztési Koncepcióval összhangban, és a vármegyei célokhoz szorosan kapcsolódva – a Kőszeghegyalja, mint célterület hátrányos helyzetű lakosai esetében a térségi identitás, közösségi [...]

Vas Vármegye Önkormányzata

TOP_PLUSZ-3.1.3-23 - Helyi humán fejlesztések
