{"id":19913,"date":"2024-02-12T10:52:12","date_gmt":"2024-02-12T08:52:12","guid":{"rendered":"https:\/\/www.vasmegye.hu\/?post_type=szechenyiterv-plusz&#038;p=19913"},"modified":"2024-08-23T10:14:49","modified_gmt":"2024-08-23T08:14:49","slug":"vulkan-gyogy-es-elmenyfurdo-energetikai-fejlesztese-celldomolkon","status":"publish","type":"szechenyiterv-plusz","link":"https:\/\/www.vasmegye.hu\/en\/szechenyiterv-plusz\/vulkan-gyogy-es-elmenyfurdo-energetikai-fejlesztese-celldomolkon\/","title":{"rendered":"Vulk\u00e1n Gy\u00f3gy- \u00e9s \u00c9lm\u00e9nyf\u00fcrd\u0151 energetikai fejleszt\u00e9se Celld\u00f6m\u00f6lk\u00f6n"},"content":{"rendered":"<p style=\"text-align: justify;\"><span style=\"font-family: georgia, palatino, serif;\"><!--more--><\/span><\/p>\n<p style=\"text-align: justify;\"><span style=\"font-family: georgia, palatino, serif;\">A projekt az Eur\u00f3pai Uni\u00f3 \u00e1ltal biztos\u00edtott 1 200 000 000 forint vissza nem t\u00e9r\u00edtend\u0151 t\u00e1mogat\u00e1ssal, a Sz\u00e9chenyi Terv Plusz program keret\u00e9ben val\u00f3sul meg.<\/span><\/p>\n<p style=\"text-align: justify;\"><span style=\"font-family: georgia, palatino, serif;\">A Vulk\u00e1n Gy\u00f3gy- \u00e9s \u00c9lm\u00e9nyf\u00fcrd\u0151 \u00dczemeltet\u0151 Kft. \u00a0\u00e9s a Vas V\u00e1rmegyei \u00d6nkorm\u00e1nyzati Hivatal \u00e1ltal alkotott konzorcium p\u00e1ly\u00e1zatot ny\u00fajtott be a TOP_Plusz-2.1.1-21 &#8211; \u00d6nkorm\u00e1nyzati \u00e9p\u00fcletek energetikai korszer\u0171s\u00edt\u00e9se t\u00e1rgy\u00fa felh\u00edv\u00e1sra, melyet a Minisztereln\u00f6ks\u00e9g Ter\u00fcletfejleszt\u00e9si Operat\u00edv Programok Ir\u00e1ny\u00edt\u00f3 Hat\u00f3s\u00e1ga 2023.07.04. napon t\u00e1mogat\u00e1sban r\u00e9szes\u00edtett.<\/span><\/p>\n<p style=\"text-align: justify;\"><span style=\"font-family: georgia, palatino, serif;\">A f\u00fcrd\u0151komplexum 2004-05 k\u00f6z\u00f6tt \u00e9p\u00fclt, az adott id\u0151szak technol\u00f3giai lehet\u0151s\u00e9geit haszn\u00e1lva. A jelenlegi term\u00e1l kutak v\u00edzhozama \u00e9s h\u0151m\u00e9rs\u00e9klete a v\u00edzkezel\u00e9si technol\u00f3gi\u00e1ban maxim\u00e1lisan ki van haszn\u00e1lva h\u0151hasznos\u00edt\u00e1s szempontj\u00e1b\u00f3l, emellett azonban jelent\u0151s g\u00e1z- \u00e9s villamos energia sz\u00fcks\u00e9ges a rendszerek \u00fczemeltet\u00e9s\u00e9hez. Ezek \u00e1ra folyamatosan neh\u00e9z terhet jelentett az \u00fczemeltet\u00e9sre, a piaci neh\u00e9zs\u00e9gek idej\u00e9n pedig operat\u00edv int\u00e9zked\u00e9sek n\u00e9lk\u00fcl szinte kezelhetetlen helyzetet teremtettek. Mindamellett a celld\u00f6m\u00f6lki gy\u00f3gyhely ter\u00fclet\u00e9n minden olyan int\u00e9zked\u00e9s megt\u00e9tel\u00e9t sz\u00fcks\u00e9gesnek tartja a tulajdonos \u00e9s az \u00fczemeltet\u0151, ami a k\u00e1ros kibocs\u00e1t\u00e1sokat cs\u00f6kkenti, \u00edgy jelen projekt seg\u00edts\u00e9g\u00e9vel a ma ismert legk\u00f6rnyezet-k\u00edm\u00e9l\u0151bb technol\u00f3gi\u00e1ra k\u00edv\u00e1nunk \u00e1tt\u00e9rni.<\/span><\/p>\n<p style=\"text-align: justify;\"><span style=\"font-family: georgia, palatino, serif;\">A projekt f\u0151 c\u00e9lja, hogy a meg\u00fajul\u00f3 energiaforr\u00e1sokkal min\u00e9l nagyobb m\u00e9rt\u00e9kben kiv\u00e1lthat\u00f3v\u00e1 v\u00e1ljon a jelenlegi f\u00f6ldg\u00e1z- \u00e9s villamosenergia-fogyaszt\u00e1s, cs\u00f6kkentve az \u00fcvegh\u00e1zhat\u00e1s\u00fa g\u00e1zok \u00e9ves kibocs\u00e1t\u00e1s\u00e1t. A fejleszt\u00e9s \u00e1ltal lehet\u0151v\u00e9 v\u00e1lik a f\u00fcrd\u0151komplexum energiaell\u00e1t\u00e1s\u00e1nak racionaliz\u00e1l\u00e1sa geotermikus energia-felhaszn\u00e1l\u00e1ssal, \u00faj k\u00fat l\u00e9tes\u00edt\u00e9s\u00e9vel, napelemes rendszerrel.<\/span><\/p>","protected":false},"excerpt":{"rendered":"A projekt az Eur\u00f3pai Uni\u00f3 \u00e1ltal biztos\u00edtott 1 200 000 000 forint vissza nem t\u00e9r\u00edtend\u0151 t\u00e1mogat\u00e1ssal, a Sz\u00e9chenyi Terv Plusz program keret\u00e9ben val\u00f3sul meg. A Vulk\u00e1n Gy\u00f3gy- \u00e9s \u00c9lm\u00e9nyf\u00fcrd\u0151 \u00dczemeltet\u0151 Kft. \u00a0\u00e9s a Vas V\u00e1rmegyei \u00d6nkorm\u00e1nyzati Hivatal \u00e1ltal alkotott konzorcium p\u00e1ly\u00e1zatot ny\u00fajtott be a TOP_Plusz-2.1.1-21 - \u00d6nkorm\u00e1nyzati \u00e9p\u00fcletek energetikai korszer\u0171s\u00edt\u00e9se t\u00e1rgy\u00fa felh\u00edv\u00e1sra, melyet a Minisztereln\u00f6ks\u00e9g [...]","protected":false},"featured_media":16020,"parent":0,"menu_order":0,"template":"","szechenyi_terv_plusz":[338],"class_list":["post-19913","szechenyiterv-plusz","type-szechenyiterv-plusz","status-publish","has-post-thumbnail","hentry","szechenyi_terv_plusz-top_plusz-2-1-1-21-onkormanyzati-epuletek-energetikai-korszerusitese","floatton-article"],"ptb_metabox":{"ptb_kedvezmenyezett_neve_":"Vulk\u00e1n Gy\u00f3gy- \u00e9s \u00c9lm\u00e9nyf\u00fcrd\u0151 \u00dczemeltet\u0151 Korl\u00e1tolt Felel\u0151ss\u00e9g\u0171 T\u00e1rsas\u00e1g","ptb_a_projekt_cime_":"Vulk\u00e1n Gy\u00f3gy- \u00e9s \u00c9lm\u00e9nyf\u00fcrd\u0151 energetikai fejleszt\u00e9se Celld\u00f6m\u00f6lk\u00f6n","ptb_szerzodott_tamogatas_osszege_":"1 200 000 000 Ft","ptb_a_tamogatas_merteke_":"100%","ptb_a_projekt_tervezett_befejezesi_datuma_":"2026.05.31.","ptb_projekt_azonositoszama_":"TOP_PLUSZ-2.1.1-21-VS1-2023-00015 ","ptb_let_lthet_file_ok_":{"url":[""],"title":[""]}},"ptb_taxonomy":{"szechenyi_terv_plusz":[{"term_id":338,"name":"TOP_Plusz-2.1.1-21 - \u00d6nkorm\u00e1nyzati \u00e9p\u00fcletek energetikai korszer\u0171s\u00edt\u00e9se","slug":"top_plusz-2-1-1-21-onkormanyzati-epuletek-energetikai-korszerusitese","term_group":0,"term_taxonomy_id":338,"taxonomy":"szechenyi_terv_plusz","description":"","parent":0,"count":4,"filter":"raw","term_order":"0"}]},"ptb_featured_image":{"url":"https:\/\/www.vasmegye.hu\/wp-content\/uploads\/2022\/04\/sztervplusz.jpg","title":"sztervplusz","caption":""},"_links":{"self":[{"href":"https:\/\/www.vasmegye.hu\/en\/wp-json\/wp\/v2\/szechenyiterv-plusz\/19913","targetHints":{"allow":["GET"]}}],"collection":[{"href":"https:\/\/www.vasmegye.hu\/en\/wp-json\/wp\/v2\/szechenyiterv-plusz"}],"about":[{"href":"https:\/\/www.vasmegye.hu\/en\/wp-json\/wp\/v2\/types\/szechenyiterv-plusz"}],"version-history":[{"count":3,"href":"https:\/\/www.vasmegye.hu\/en\/wp-json\/wp\/v2\/szechenyiterv-plusz\/19913\/revisions"}],"predecessor-version":[{"id":20862,"href":"https:\/\/www.vasmegye.hu\/en\/wp-json\/wp\/v2\/szechenyiterv-plusz\/19913\/revisions\/20862"}],"wp:featuredmedia":[{"embeddable":true,"href":"https:\/\/www.vasmegye.hu\/en\/wp-json\/wp\/v2\/media\/16020"}],"wp:attachment":[{"href":"https:\/\/www.vasmegye.hu\/en\/wp-json\/wp\/v2\/media?parent=19913"}],"wp:term":[{"taxonomy":"szechenyi_terv_plusz","embeddable":true,"href":"https:\/\/www.vasmegye.hu\/en\/wp-json\/wp\/v2\/szechenyi_terv_plusz?post=19913"}],"curies":[{"name":"wp","href":"https:\/\/api.w.org\/{rel}","templated":true}]}}

Vulkán Gyógy- és Élményfürdő energetikai fejlesztése Celldömölkön

<p style="text-align: justify;"><span style="font-family: georgia, palatino, serif;"><!--more--></span></p>
<p style="text-align: justify;"><span style="font-family: georgia, palatino, serif;">A projekt az Európai Unió által biztosított 1 200 000 000 forint vissza nem térítendő támogatással, a Széchenyi Terv Plusz program keretében valósul meg.</span></p>
<p style="text-align: justify;"><span style="font-family: georgia, palatino, serif;">A Vulkán Gyógy- és Élményfürdő Üzemeltető Kft.  és a Vas Vármegyei Önkormányzati Hivatal által alkotott konzorcium pályázatot nyújtott be a TOP_Plusz-2.1.1-21 &#8211; Önkormányzati épületek energetikai korszerűsítése tárgyú felhívásra, melyet a Miniszterelnökség Területfejlesztési Operatív Programok Irányító Hatósága 2023.07.04. napon támogatásban részesített.</span></p>
<p style="text-align: justify;"><span style="font-family: georgia, palatino, serif;">A fürdőkomplexum 2004-05 között épült, az adott időszak technológiai lehetőségeit használva. A jelenlegi termál kutak vízhozama és hőmérséklete a vízkezelési technológiában maximálisan ki van használva hőhasznosítás szempontjából, emellett azonban jelentős gáz- és villamos energia szükséges a rendszerek üzemeltetéséhez. Ezek ára folyamatosan nehéz terhet jelentett az üzemeltetésre, a piaci nehézségek idején pedig operatív intézkedések nélkül szinte kezelhetetlen helyzetet teremtettek. Mindamellett a celldömölki gyógyhely területén minden olyan intézkedés megtételét szükségesnek tartja a tulajdonos és az üzemeltető, ami a káros kibocsátásokat csökkenti, így jelen projekt segítségével a ma ismert legkörnyezet-kímélőbb technológiára kívánunk áttérni.</span></p>
<p style="text-align: justify;"><span style="font-family: georgia, palatino, serif;">A projekt fő célja, hogy a megújuló energiaforrásokkal minél nagyobb mértékben kiválthatóvá váljon a jelenlegi földgáz- és villamosenergia-fogyasztás, csökkentve az üvegházhatású gázok éves kibocsátását. A fejlesztés által lehetővé válik a fürdőkomplexum energiaellátásának racionalizálása geotermikus energia-felhasználással, új kút létesítésével, napelemes rendszerrel.</span></p>

A projekt az Európai Unió által biztosított 1 200 000 000 forint vissza nem térítendő támogatással, a Széchenyi Terv Plusz program keretében valósul meg. A Vulkán Gyógy- és Élményfürdő Üzemeltető Kft.  és a Vas Vármegyei Önkormányzati Hivatal által alkotott konzorcium pályázatot nyújtott be a TOP_Plusz-2.1.1-21 - Önkormányzati épületek energetikai korszerűsítése tárgyú felhívásra, melyet a Miniszterelnökség [...]

Vulkán Gyógy- és Élményfürdő Üzemeltető Korlátolt Felelősségű Társaság

TOP_Plusz-2.1.1-21 - Önkormányzati épületek energetikai korszerűsítése
