{"id":17106,"date":"2023-05-17T10:47:10","date_gmt":"2023-05-17T08:47:10","guid":{"rendered":"https:\/\/www.vasmegye.hu\/?post_type=szechenyiterv-plusz&#038;p=17106"},"modified":"2024-08-23T09:05:24","modified_gmt":"2024-08-23T07:05:24","slug":"celldomolk-iparterulet-fejlesztese-ii-utem","status":"publish","type":"szechenyiterv-plusz","link":"https:\/\/www.vasmegye.hu\/en\/szechenyiterv-plusz\/celldomolk-iparterulet-fejlesztese-ii-utem\/","title":{"rendered":"Celld\u00f6m\u00f6lk Iparter\u00fclet fejleszt\u00e9se II. \u00fctem"},"content":{"rendered":"<p style=\"text-align: justify;\"><span style=\"font-family: georgia, palatino, serif;\"><!--more--><\/span><\/p>\n<p style=\"text-align: justify;\"><span style=\"font-family: georgia, palatino, serif;\">A projekt az Eur\u00f3pai Uni\u00f3 \u00e1ltal biztos\u00edtott 318 milli\u00f3 forint vissza nem t\u00e9r\u00edtend\u0151 t\u00e1mogat\u00e1ssal, a Sz\u00e9chenyi Terv Plusz program keret\u00e9ben val\u00f3sul meg.<\/span><\/p>\n<p style=\"text-align: justify;\"><span style=\"font-family: georgia, palatino, serif;\">A kor\u00e1bbi projekt, illetve a jelenlegi helyzet hi\u00e1nyoss\u00e1ga, hogy \u00e1thalad\u00f3 forgalmat, kivezet\u00e9st a fejlesztett \u00fat v\u00e9g\u00e9n nem biztos\u00edt, azaz egyel\u0151re csak egy zs\u00e1kutca j\u00f6het l\u00e9tre.<\/span><\/p>\n<p style=\"text-align: justify;\"><span style=\"font-family: georgia, palatino, serif;\">Jelen p\u00e1ly\u00e1zat keret\u00e9ben a megkezdett el\u0151k\u00f6zm\u0171ves\u00edt\u00e9st (\u00fat, v\u00edz szennyv\u00edz, elektromos \u00e1ram) a t\u00f6bb, mint 11 ha-os \u00f6nkorm\u00e1nyzati tulajdon\u00fa telken bel\u00fcl tov\u00e1bb folytatn\u00e1nk, el\u0151seg\u00edtve ezzel a jelenleg mintegy csak 250 m\u00e9ter homlokfronttal (\u00e9s 450 m\u00e9ter m\u00e9lys\u00e9ggel) rendelkez\u0151 ter\u00fclet bels\u0151 felt\u00e1r\u00e1s\u00e1t.<\/span><\/p>\n<p style=\"text-align: justify;\"><span style=\"font-family: georgia, palatino, serif;\">Jelen projekt c\u00e9lja a betelep\u00fcl\u0151 v\u00e1llalkoz\u00e1sok sz\u00e1m\u00e1ra \u00faj k\u00f6zm\u0171ves\u00edtett telkek biztos\u00edt\u00e1sa. Az \u00fat, aminek a m\u0171szaki param\u00e9tere tov\u00e1bbra is emelt teherb\u00edr\u00e1s\u00fa \u00e9s sz\u00e9less\u00e9g\u0171 a telek v\u00e9g\u00e9n bek\u00f6thet\u0151 a Marx utc\u00e1ra. A fejleszt\u00e9s \u00e1ltal megteremthet\u0151 egy t\u00f6bbc\u00e9l\u00fa komplex \u00faj k\u00f6z\u00fati kapcsolat l\u00e9tes\u00edt\u00e9se az Als\u00f3s\u00e1g \u00e9s a celld\u00f6m\u00f6lki v\u00e1rosr\u00e9sz k\u00f6z\u00f6tt, mely logisztikai \u00e9s sz\u00e1ll\u00edtm\u00e1nyoz\u00e1si szempontb\u00f3l egyar\u00e1nt fontos.<\/span><\/p>\n<p style=\"text-align: justify;\"><span style=\"font-family: georgia, palatino, serif;\">A fejleszt\u00e9s \u00e9s b\u0151v\u00edt\u00e9s eredm\u00e9nyek\u00e9nt a jelenleg a v\u00e1rosk\u00f6zpontban \u00e9s egy\u00e9b bels\u0151 ter\u00fcleteken elhelyezked\u0151 c\u00e9gek sz\u00e1m\u00e1ra is lehet\u0151s\u00e9g ny\u00edlik \u00faj, korszer\u0171 telephelyek l\u00e9tes\u00edt\u00e9s\u00e9re, ezzel cs\u00f6kkentve a v\u00e1rosk\u00f6zpontra, a belv\u00e1rosra gyakorolt k\u00f6rnyezeti nyom\u00e1st \u00e9s h\u00e1tr\u00e1nyos hat\u00e1sokat. Az Ipari Park ter\u00fclet\u00e9re kitelep\u00fcl\u0151 c\u00e9gek alapanyag besz\u00e1ll\u00edt\u00e1s\u00e1nak \u00e9s a k\u00e9szterm\u00e9k elsz\u00e1ll\u00edt\u00e1s\u00e1nak k\u00f6rnyezeti terhel\u00e9s\u00e9t\u0151l ez\u00e1ltal sikeresen mentes\u00fcl a belv\u00e1ros.<\/span><\/p>\n<p style=\"text-align: justify;\"><span style=\"font-family: georgia, palatino, serif;\">Az Als\u00f3s\u00e1gr\u00f3l \u00e9s Izs\u00e1kf\u00e1r\u00f3l ker\u00e9kp\u00e1rral munk\u00e1ba \u00e9rkez\u0151 alkalmazottak sz\u00e1m\u00e1ra lehet\u0151s\u00e9g ny\u00edlik a munkahelyek balesetmentes megk\u00f6zel\u00edt\u00e9sre, mert az \u00fatvonaluk nem \u00e9rinti az aut\u00f3- \u00e9s kamionforgalomt\u00f3l terhelt f\u0151bb utakat, illetve ler\u00f6vid\u00fcl a munk\u00e1ba j\u00e1r\u00e1s ideje.<\/span><\/p>","protected":false},"excerpt":{"rendered":"A projekt az Eur\u00f3pai Uni\u00f3 \u00e1ltal biztos\u00edtott 318 milli\u00f3 forint vissza nem t\u00e9r\u00edtend\u0151 t\u00e1mogat\u00e1ssal, a Sz\u00e9chenyi Terv Plusz program keret\u00e9ben val\u00f3sul meg. A kor\u00e1bbi projekt, illetve a jelenlegi helyzet hi\u00e1nyoss\u00e1ga, hogy \u00e1thalad\u00f3 forgalmat, kivezet\u00e9st a fejlesztett \u00fat v\u00e9g\u00e9n nem biztos\u00edt, azaz egyel\u0151re csak egy zs\u00e1kutca j\u00f6het l\u00e9tre. Jelen p\u00e1ly\u00e1zat keret\u00e9ben a megkezdett el\u0151k\u00f6zm\u0171ves\u00edt\u00e9st (\u00fat, v\u00edz [...]","protected":false},"featured_media":16057,"parent":0,"menu_order":0,"template":"","szechenyi_terv_plusz":[343],"class_list":["post-17106","szechenyiterv-plusz","type-szechenyiterv-plusz","status-publish","has-post-thumbnail","hentry","szechenyi_terv_plusz-top_plusz-1-1-1-21-helyi-gazdasagfejlesztes","floatton-article"],"ptb_metabox":{"ptb_kedvezmenyezett_neve_":"Celld\u00f6m\u00f6lk V\u00e1ros \u00d6nkorm\u00e1nyzata ","ptb_a_projekt_cime_":"Celld\u00f6m\u00f6lk Iparter\u00fclet fejleszt\u00e9se II. \u00fctem","ptb_szerzodott_tamogatas_osszege_":"318 658 287 Ft","ptb_a_tamogatas_merteke_":"100%","ptb_a_projekt_tervezett_befejezesi_datuma_":"2026.01.31.","ptb_projekt_azonositoszama_":"TOP_PLUSZ-1.1.1-21-VS1-2022-00007 ","ptb_let_lthet_file_ok_":{"url":[""],"title":[""]}},"ptb_taxonomy":{"szechenyi_terv_plusz":[{"term_id":343,"name":"TOP_Plusz-1.1.1-21 Helyi gazdas\u00e1gfejleszt\u00e9s","slug":"top_plusz-1-1-1-21-helyi-gazdasagfejlesztes","term_group":0,"term_taxonomy_id":343,"taxonomy":"szechenyi_terv_plusz","description":"","parent":0,"count":1,"filter":"raw","term_order":"0"}]},"ptb_featured_image":{"url":"https:\/\/www.vasmegye.hu\/wp-content\/uploads\/2022\/04\/MFF-kedvezmenyezetti-infoblokk-keretes-1.jpg","title":"MFF kedvezm\u00e9nyezetti inf\u00f3blokk keretes-1","caption":""},"_links":{"self":[{"href":"https:\/\/www.vasmegye.hu\/en\/wp-json\/wp\/v2\/szechenyiterv-plusz\/17106","targetHints":{"allow":["GET"]}}],"collection":[{"href":"https:\/\/www.vasmegye.hu\/en\/wp-json\/wp\/v2\/szechenyiterv-plusz"}],"about":[{"href":"https:\/\/www.vasmegye.hu\/en\/wp-json\/wp\/v2\/types\/szechenyiterv-plusz"}],"version-history":[{"count":2,"href":"https:\/\/www.vasmegye.hu\/en\/wp-json\/wp\/v2\/szechenyiterv-plusz\/17106\/revisions"}],"predecessor-version":[{"id":20832,"href":"https:\/\/www.vasmegye.hu\/en\/wp-json\/wp\/v2\/szechenyiterv-plusz\/17106\/revisions\/20832"}],"wp:featuredmedia":[{"embeddable":true,"href":"https:\/\/www.vasmegye.hu\/en\/wp-json\/wp\/v2\/media\/16057"}],"wp:attachment":[{"href":"https:\/\/www.vasmegye.hu\/en\/wp-json\/wp\/v2\/media?parent=17106"}],"wp:term":[{"taxonomy":"szechenyi_terv_plusz","embeddable":true,"href":"https:\/\/www.vasmegye.hu\/en\/wp-json\/wp\/v2\/szechenyi_terv_plusz?post=17106"}],"curies":[{"name":"wp","href":"https:\/\/api.w.org\/{rel}","templated":true}]}}

Celldömölk Iparterület fejlesztése II. ütem

<p style="text-align: justify;"><span style="font-family: georgia, palatino, serif;"><!--more--></span></p>
<p style="text-align: justify;"><span style="font-family: georgia, palatino, serif;">A projekt az Európai Unió által biztosított 318 millió forint vissza nem térítendő támogatással, a Széchenyi Terv Plusz program keretében valósul meg.</span></p>
<p style="text-align: justify;"><span style="font-family: georgia, palatino, serif;">A korábbi projekt, illetve a jelenlegi helyzet hiányossága, hogy áthaladó forgalmat, kivezetést a fejlesztett út végén nem biztosít, azaz egyelőre csak egy zsákutca jöhet létre.</span></p>
<p style="text-align: justify;"><span style="font-family: georgia, palatino, serif;">Jelen pályázat keretében a megkezdett előközművesítést (út, víz szennyvíz, elektromos áram) a több, mint 11 ha-os önkormányzati tulajdonú telken belül tovább folytatnánk, elősegítve ezzel a jelenleg mintegy csak 250 méter homlokfronttal (és 450 méter mélységgel) rendelkező terület belső feltárását.</span></p>
<p style="text-align: justify;"><span style="font-family: georgia, palatino, serif;">Jelen projekt célja a betelepülő vállalkozások számára új közművesített telkek biztosítása. Az út, aminek a műszaki paramétere továbbra is emelt teherbírású és szélességű a telek végén beköthető a Marx utcára. A fejlesztés által megteremthető egy többcélú komplex új közúti kapcsolat létesítése az Alsóság és a celldömölki városrész között, mely logisztikai és szállítmányozási szempontból egyaránt fontos.</span></p>
<p style="text-align: justify;"><span style="font-family: georgia, palatino, serif;">A fejlesztés és bővítés eredményeként a jelenleg a városközpontban és egyéb belső területeken elhelyezkedő cégek számára is lehetőség nyílik új, korszerű telephelyek létesítésére, ezzel csökkentve a városközpontra, a belvárosra gyakorolt környezeti nyomást és hátrányos hatásokat. Az Ipari Park területére kitelepülő cégek alapanyag beszállításának és a késztermék elszállításának környezeti terhelésétől ezáltal sikeresen mentesül a belváros.</span></p>
<p style="text-align: justify;"><span style="font-family: georgia, palatino, serif;">Az Alsóságról és Izsákfáról kerékpárral munkába érkező alkalmazottak számára lehetőség nyílik a munkahelyek balesetmentes megközelítésre, mert az útvonaluk nem érinti az autó- és kamionforgalomtól terhelt főbb utakat, illetve lerövidül a munkába járás ideje.</span></p>

A projekt az Európai Unió által biztosított 318 millió forint vissza nem térítendő támogatással, a Széchenyi Terv Plusz program keretében valósul meg. A korábbi projekt, illetve a jelenlegi helyzet hiányossága, hogy áthaladó forgalmat, kivezetést a fejlesztett út végén nem biztosít, azaz egyelőre csak egy zsákutca jöhet létre. Jelen pályázat keretében a megkezdett előközművesítést (út, víz [...]

Celldömölk Város Önkormányzata

TOP_Plusz-1.1.1-21 Helyi gazdaságfejlesztés

MFF kedvezményezetti infóblokk keretes-1
