{"id":17104,"date":"2023-05-12T12:14:23","date_gmt":"2023-05-12T10:14:23","guid":{"rendered":"https:\/\/www.vasmegye.hu\/?post_type=szechenyiterv-plusz&#038;p=17104"},"modified":"2025-11-24T10:02:37","modified_gmt":"2025-11-24T08:02:37","slug":"koszeg-varos-tortenete-koszegi-hosok-1532-1932","status":"publish","type":"szechenyiterv-plusz","link":"https:\/\/www.vasmegye.hu\/en\/szechenyiterv-plusz\/koszeg-varos-tortenete-koszegi-hosok-1532-1932\/","title":{"rendered":"K\u0151szeg v\u00e1ros t\u00f6rt\u00e9nete &#8211; k\u0151szegi h\u0151s\u00f6k &#8211; 1532-1932"},"content":{"rendered":"<p style=\"text-align: justify;\"><span style=\"font-family: georgia, palatino, serif;\"><!--more--><\/span><\/p>\n<p style=\"text-align: justify;\"><span style=\"font-family: georgia, palatino, serif;\">A projekt az Eur\u00f3pai Uni\u00f3 \u00e1ltal biztos\u00edtott 374 milli\u00f3 forint vissza nem t\u00e9r\u00edtend\u0151 t\u00e1mogat\u00e1ssal, a Sz\u00e9chenyi Terv Plusz program keret\u00e9ben val\u00f3sul meg.<\/span><\/p>\n<p style=\"text-align: justify;\"><span style=\"font-family: georgia, palatino, serif;\">A projekt keret\u00e9ben K\u0151szeg emblematikus \u00e9p\u00fcleteinek, kiemelten a H\u0151s\u00f6k Torny\u00e1nak kisl\u00e9pt\u00e9k\u0171 rekonstrukci\u00f3ja \u00e9s azok tereiben egy \u00faj, modern, a 21. sz\u00e1zadi turisztikai ig\u00e9nyeket kiel\u00e9g\u00edt\u0151 v\u00e1rost\u00f6rt\u00e9neti t\u00e1rlat \u00e9s turisztikai fogad\u00f3pont kialak\u00edt\u00e1sa, az ig\u00e9nybe vehet\u0151 szolg\u00e1ltat\u00e1sok min\u0151s\u00e9g\u00e9nek jav\u00edt\u00e1sa, a v\u00e1ros kultur\u00e1lis k\u00edn\u00e1lat\u00e1nak er\u0151s\u00edt\u00e9se val\u00f3sul meg.<\/span><\/p>\n<p style=\"text-align: justify;\"><span style=\"font-family: georgia, palatino, serif;\">A h\u00e1rom, egym\u00e1s szomsz\u00e9ds\u00e1g\u00e1ban \u00e1ll\u00f3 \u00e9p\u00fcletet \u00e9rint\u0151 turisztikai koncepci\u00f3 els\u0151 elemek\u00e9nt, a TOP Plusz p\u00e1ly\u00e1zat keret\u00e9ben a belv\u00e1ros ikonikus \u00e9p\u00fcletegy\u00fcttes\u00e9nek (H\u0151s\u00f6k tornya, a T\u00e1bornokh\u00e1z) m\u00fazeumi funkci\u00f3j\u00fa fel\u00faj\u00edt\u00e1s\u00e1t, turisztikai attrakci\u00f3inak fejleszt\u00e9s\u00e9t val\u00f3s\u00edtj\u00e1k meg. Javar\u00e9szt a H\u0151s\u00f6k Torny\u00e1ban egy kisl\u00e9pt\u00e9k\u0171 \u00e9p\u00fcletrekonstrukci\u00f3t \u00e9s egy \u00faj, modern, a 21. sz\u00e1zadi turisztikai ig\u00e9nyeket kiel\u00e9g\u00edt\u0151 v\u00e1rost\u00f6rt\u00e9neti t\u00e1rlat \u00e9s turisztikai fogad\u00f3pont kialak\u00edt\u00e1sa tervezett. Az ide\u00e9rkez\u0151 l\u00e1togat\u00f3k \u2013 a tervezett \u201eK\u0151szeg v\u00e1ros t\u00f6rt\u00e9nete \u2013 k\u0151szegi h\u0151s\u00f6k\u201d tematikus ki\u00e1ll\u00edt\u00e1s mellett \u2013 \u00e1tfog\u00f3 inform\u00e1ci\u00f3t kapn\u00e1nak a v\u00e1ros l\u00e1tnival\u00f3ir\u00f3l, \u00edgy kiindul\u00e1si pontk\u00e9nt is szolg\u00e1lna az egy\u00e9ni vagy csoportos v\u00e1rosn\u00e9z\u0151 t\u00far\u00e1khoz.<\/span><\/p>\n<p style=\"text-align: justify;\"><span style=\"font-family: georgia, palatino, serif;\">A rekonstrukci\u00f3 mag\u00e1ban foglalja a Torony tet\u0151zet\u00e9nek \u00e9s \u00e9p\u00fclet\u00e9nek bels\u0151 fel\u00faj\u00edt\u00e1s\u00e1t, elektromos- \u00e9s f\u0171t\u00e9skorszer\u0171s\u00edt\u00e9st, valamint a T\u00e1bornokh\u00e1z eset\u00e9ben az \u00fcgyf\u00e9lforgalomhoz sz\u00fcks\u00e9ges m\u00e9rt\u00e9kben a fogad\u00f3helyis\u00e9gek \u00e9s a vizes blokk fel\u00faj\u00edt\u00e1s\u00e1t.<\/span><\/p>\n<p style=\"text-align: justify;\"><span style=\"font-family: georgia, palatino, serif;\">A t\u00f6rt\u00e9neti kronol\u00f3gi\u00e1val megegyez\u0151en a l\u00e1togat\u00f3 az als\u00f3 szinten tal\u00e1lkozik az 1532 \u00e9vi t\u00f6r\u00f6k ostrom eml\u00e9keivel, az esem\u00e9nyek \u00e9lm\u00e9nyszer\u0171 megjelen\u00edt\u00e9s\u00e9vel (dior\u00e1ma a v\u00e1rossal \u00e9s a v\u00e1rral, hangz\u00f3 \u00e9s vizu\u00e1lis anyagok, effektek, ostromg\u00e9pek, ostrom\u00e1llapotok bemutat\u00e1s\u00e1val). A teremben Jurisics Mikl\u00f3s v\u00e1rosv\u00e9d\u0151 kapit\u00e1ny szem\u00e9lye \u00e9s h\u0151sies cselekedete ker\u00fcl a f\u00f3kuszba.<\/span><\/p>\n<p style=\"text-align: justify;\"><span style=\"font-family: georgia, palatino, serif;\">A H\u0151s\u00f6k torny\u00e1ban bemutatand\u00f3 t\u00e1rlat m\u00e1sik nagy s\u00falypontja, az 1932-es jubileumi \u00e9v, ami k\u00f6r\u00e9 fel lehet \u00e9p\u00edteni a 2. \u00e9s 3. szinten bemutatand\u00f3 alt\u00e9m\u00e1kat (Trianon ut\u00e1ni \u00e9let a hat\u00e1rment\u00e9n, gazdas\u00e1gi \u00e9s kultur\u00e1lis fellend\u00fcl\u00e9s, majd a nagy gazdas\u00e1gi vil\u00e1gv\u00e1ls\u00e1g hat\u00e1sai, stb.).<\/span><\/p>\n<p style=\"text-align: justify;\"><span style=\"font-family: georgia, palatino, serif;\">K\u0151szeg ezen meghat\u00e1roz\u00f3 t\u00f6rt\u00e9nelmi eml\u00e9keinek \u00e9s esem\u00e9nyeinek \u00e9lm\u00e9nyszer\u0171 megjelen\u00edt\u00e9s\u00e9t szolg\u00e1ln\u00e1 az egyes multim\u00e9di\u00e1s, valamint hangz\u00f3 \u00e9s vizu\u00e1lis anyagok, eszk\u00f6z\u00f6k, szoftverek beszerz\u00e9se \u00e9s be\u00e9p\u00edt\u00e9se. A torony legfels\u0151 szintj\u00e9n egy VR alkalmaz\u00e1s seg\u00edts\u00e9g\u00e9vel bemutat\u00e1sra ker\u00fcl a v\u00e1ros t\u00f6r\u00f6k ostrom alatti l\u00e1tk\u00e9pe.<\/span><\/p>\n<p style=\"text-align: justify;\"><span style=\"font-family: georgia, palatino, serif;\">A p\u00e1ly\u00e1zat projektmenedzsmentje a Vas V\u00e1rmegyei \u00d6nkorm\u00e1nyzati Hivatallal k\u00f6z\u00f6sen, annak konzorciumi partners\u00e9ge mellett val\u00f3sul meg.<\/span><\/p>\n<p style=\"text-align: justify;\"><span style=\"font-family: georgia, palatino, serif;\">A turisztikai szolg\u00e1ltat\u00e1sok r\u00e9v\u00e9n egy \u00faj, magasabb sz\u00ednvonal\u00fa turisztikai szolg\u00e1ltat\u00e1s jelenik meg K\u0151szegen. A v\u00e1rosl\u00e1togat\u00f3 turizmus \u00e9s kultur\u00e1lis turizmus helyi k\u00edn\u00e1lata \u00faj attrakci\u00f3val gazdagodna ezzel is hozz\u00e1j\u00e1rulva a v\u00e1ros gazdas\u00e1g\u00e1nak diverzifik\u00e1ci\u00f3j\u00e1hoz. A beruh\u00e1z\u00e1s \u00e1ltal \u00e9rdemben b\u0151v\u00fcl a kultur\u00e1lis \u00e9lm\u00e9ny-k\u00edn\u00e1lat az \u00e9szaki gazdas\u00e1gi, gy\u00f3gy- \u00e9s kultur\u00e1lis turisztikai \u00f6vezetben is.<\/span><\/p>\n<p><span style=\"font-family: georgia, palatino, serif; font-size: 16px;\">2025. m\u00e1jus 28-\u00e1n sajt\u00f3nyilv\u00e1nos \u00fcnnep\u00e9lyes nyit\u00f3 rendezv\u00e9nyt szervezett K\u0151szeg V\u00e1ros \u00d6nkorm\u00e1nyzata, melyen bemutat\u00e1sra ker\u00fclt a projekt, az elk\u00e9sz\u00fclt kiviteli tervek \u00e9s a ki\u00e1ll\u00edt\u00e1si forgat\u00f3k\u00f6nyv, majd a rendezv\u00e9ny ut\u00e1n a r\u00e9sztvev\u0151nek lehet\u0151s\u00e9ge ny\u00edlt a projekthelysz\u00edn megtekint\u00e9s\u00e9re.<\/span><\/p>\n<p><span style=\"font-family: georgia, palatino, serif; font-size: 16px;\">A projektben tervezett fejleszt\u00e9sekre vonatkoz\u00f3 m\u0171szaki tervdokument\u00e1ci\u00f3 elk\u00e9sz\u00edt\u00e9s\u00e9t k\u00f6vet\u0151en a kivitelez\u00e9si feladatok ell\u00e1t\u00e1s\u00e1ra ir\u00e1nyul\u00f3 k\u00f6zbeszerz\u00e9si elj\u00e1r\u00e1st eredm\u00e9nyesen lefolytatt\u00e1k. A legkedvez\u0151bb aj\u00e1nlatot a Sz\u00e1rnyas\u00e9p \u00c9p\u00edt\u0151 \u00e9s Szolg\u00e1ltat\u00f3 Kft. adta nett\u00f3 156.377.860 Ft \u00f6sszeg\u0171 aj\u00e1nlat\u00e1val, mely alapj\u00e1n a v\u00e1llalkoz\u00e1si szerz\u0151d\u00e9st megk\u00f6t\u00f6tt\u00e9k.<\/span><\/p>","protected":false},"excerpt":{"rendered":"A projekt az Eur\u00f3pai Uni\u00f3 \u00e1ltal biztos\u00edtott 374 milli\u00f3 forint vissza nem t\u00e9r\u00edtend\u0151 t\u00e1mogat\u00e1ssal, a Sz\u00e9chenyi Terv Plusz program keret\u00e9ben val\u00f3sul meg. A projekt keret\u00e9ben K\u0151szeg emblematikus \u00e9p\u00fcleteinek, kiemelten a H\u0151s\u00f6k Torny\u00e1nak kisl\u00e9pt\u00e9k\u0171 rekonstrukci\u00f3ja \u00e9s azok tereiben egy \u00faj, modern, a 21. sz\u00e1zadi turisztikai ig\u00e9nyeket kiel\u00e9g\u00edt\u0151 v\u00e1rost\u00f6rt\u00e9neti t\u00e1rlat \u00e9s turisztikai fogad\u00f3pont kialak\u00edt\u00e1sa, az ig\u00e9nybe vehet\u0151 [...]","protected":false},"featured_media":16057,"parent":0,"menu_order":0,"template":"","szechenyi_terv_plusz":[342],"class_list":["post-17104","szechenyiterv-plusz","type-szechenyiterv-plusz","status-publish","has-post-thumbnail","hentry","szechenyi_terv_plusz-top_plusz-1-1-3-21-helyi-es-tersegi-turizmusfejlesztes","floatton-article"],"ptb_metabox":{"ptb_kedvezmenyezett_neve_":"K\u0150SZEG V\u00c1ROS \u00d6NKORM\u00c1NYZATA","ptb_a_projekt_cime_":"K\u0151szeg v\u00e1ros t\u00f6rt\u00e9nete - k\u0151szegi h\u0151s\u00f6k - 1532-1932","ptb_szerzodott_tamogatas_osszege_":"374 999 895 Ft","ptb_a_tamogatas_merteke_":"100%","ptb_a_projekt_tervezett_befejezesi_datuma_":"2026.03.31.","ptb_projekt_azonositoszama_":"TOP_PLUSZ-1.1.3-21-VS1-2022-00010","ptb_let_lthet_file_ok_":{"url":[""],"title":[""]}},"ptb_taxonomy":{"szechenyi_terv_plusz":[{"term_id":342,"name":"TOP_Plusz-1.1.3-21 Helyi \u00e9s t\u00e9rs\u00e9gi turizmusfejleszt\u00e9s","slug":"top_plusz-1-1-3-21-helyi-es-tersegi-turizmusfejlesztes","term_group":0,"term_taxonomy_id":342,"taxonomy":"szechenyi_terv_plusz","description":"","parent":0,"count":3,"filter":"raw","term_order":"0"}]},"ptb_featured_image":{"url":"https:\/\/www.vasmegye.hu\/wp-content\/uploads\/2022\/04\/MFF-kedvezmenyezetti-infoblokk-keretes-1.jpg","title":"MFF kedvezm\u00e9nyezetti inf\u00f3blokk keretes-1","caption":""},"_links":{"self":[{"href":"https:\/\/www.vasmegye.hu\/en\/wp-json\/wp\/v2\/szechenyiterv-plusz\/17104","targetHints":{"allow":["GET"]}}],"collection":[{"href":"https:\/\/www.vasmegye.hu\/en\/wp-json\/wp\/v2\/szechenyiterv-plusz"}],"about":[{"href":"https:\/\/www.vasmegye.hu\/en\/wp-json\/wp\/v2\/types\/szechenyiterv-plusz"}],"version-history":[{"count":4,"href":"https:\/\/www.vasmegye.hu\/en\/wp-json\/wp\/v2\/szechenyiterv-plusz\/17104\/revisions"}],"predecessor-version":[{"id":26336,"href":"https:\/\/www.vasmegye.hu\/en\/wp-json\/wp\/v2\/szechenyiterv-plusz\/17104\/revisions\/26336"}],"wp:featuredmedia":[{"embeddable":true,"href":"https:\/\/www.vasmegye.hu\/en\/wp-json\/wp\/v2\/media\/16057"}],"wp:attachment":[{"href":"https:\/\/www.vasmegye.hu\/en\/wp-json\/wp\/v2\/media?parent=17104"}],"wp:term":[{"taxonomy":"szechenyi_terv_plusz","embeddable":true,"href":"https:\/\/www.vasmegye.hu\/en\/wp-json\/wp\/v2\/szechenyi_terv_plusz?post=17104"}],"curies":[{"name":"wp","href":"https:\/\/api.w.org\/{rel}","templated":true}]}}

Kőszeg város története &#8211; kőszegi hősök &#8211; 1532-1932

<p style="text-align: justify;"><span style="font-family: georgia, palatino, serif;"><!--more--></span></p>
<p style="text-align: justify;"><span style="font-family: georgia, palatino, serif;">A projekt az Európai Unió által biztosított 374 millió forint vissza nem térítendő támogatással, a Széchenyi Terv Plusz program keretében valósul meg.</span></p>
<p style="text-align: justify;"><span style="font-family: georgia, palatino, serif;">A projekt keretében Kőszeg emblematikus épületeinek, kiemelten a Hősök Tornyának kisléptékű rekonstrukciója és azok tereiben egy új, modern, a 21. századi turisztikai igényeket kielégítő várostörténeti tárlat és turisztikai fogadópont kialakítása, az igénybe vehető szolgáltatások minőségének javítása, a város kulturális kínálatának erősítése valósul meg.</span></p>
<p style="text-align: justify;"><span style="font-family: georgia, palatino, serif;">A három, egymás szomszédságában álló épületet érintő turisztikai koncepció első elemeként, a TOP Plusz pályázat keretében a belváros ikonikus épületegyüttesének (Hősök tornya, a Tábornokház) múzeumi funkciójú felújítását, turisztikai attrakcióinak fejlesztését valósítják meg. Javarészt a Hősök Tornyában egy kisléptékű épületrekonstrukciót és egy új, modern, a 21. századi turisztikai igényeket kielégítő várostörténeti tárlat és turisztikai fogadópont kialakítása tervezett. Az ideérkező látogatók – a tervezett „Kőszeg város története – kőszegi hősök” tematikus kiállítás mellett – átfogó információt kapnának a város látnivalóiról, így kiindulási pontként is szolgálna az egyéni vagy csoportos városnéző túrákhoz.</span></p>
<p style="text-align: justify;"><span style="font-family: georgia, palatino, serif;">A rekonstrukció magában foglalja a Torony tetőzetének és épületének belső felújítását, elektromos- és fűtéskorszerűsítést, valamint a Tábornokház esetében az ügyfélforgalomhoz szükséges mértékben a fogadóhelyiségek és a vizes blokk felújítását.</span></p>
<p style="text-align: justify;"><span style="font-family: georgia, palatino, serif;">A történeti kronológiával megegyezően a látogató az alsó szinten találkozik az 1532 évi török ostrom emlékeivel, az események élményszerű megjelenítésével (dioráma a várossal és a várral, hangzó és vizuális anyagok, effektek, ostromgépek, ostromállapotok bemutatásával). A teremben Jurisics Miklós városvédő kapitány személye és hősies cselekedete kerül a fókuszba.</span></p>
<p style="text-align: justify;"><span style="font-family: georgia, palatino, serif;">A Hősök tornyában bemutatandó tárlat másik nagy súlypontja, az 1932-es jubileumi év, ami köré fel lehet építeni a 2. és 3. szinten bemutatandó altémákat (Trianon utáni élet a határmentén, gazdasági és kulturális fellendülés, majd a nagy gazdasági világválság hatásai, stb.).</span></p>
<p style="text-align: justify;"><span style="font-family: georgia, palatino, serif;">Kőszeg ezen meghatározó történelmi emlékeinek és eseményeinek élményszerű megjelenítését szolgálná az egyes multimédiás, valamint hangzó és vizuális anyagok, eszközök, szoftverek beszerzése és beépítése. A torony legfelső szintjén egy VR alkalmazás segítségével bemutatásra kerül a város török ostrom alatti látképe.</span></p>
<p style="text-align: justify;"><span style="font-family: georgia, palatino, serif;">A pályázat projektmenedzsmentje a Vas Vármegyei Önkormányzati Hivatallal közösen, annak konzorciumi partnersége mellett valósul meg.</span></p>
<p style="text-align: justify;"><span style="font-family: georgia, palatino, serif;">A turisztikai szolgáltatások révén egy új, magasabb színvonalú turisztikai szolgáltatás jelenik meg Kőszegen. A városlátogató turizmus és kulturális turizmus helyi kínálata új attrakcióval gazdagodna ezzel is hozzájárulva a város gazdaságának diverzifikációjához. A beruházás által érdemben bővül a kulturális élmény-kínálat az északi gazdasági, gyógy- és kulturális turisztikai övezetben is.</span></p>
<p><span style="font-family: georgia, palatino, serif; font-size: 16px;">2025. május 28-án sajtónyilvános ünnepélyes nyitó rendezvényt szervezett Kőszeg Város Önkormányzata, melyen bemutatásra került a projekt, az elkészült kiviteli tervek és a kiállítási forgatókönyv, majd a rendezvény után a résztvevőnek lehetősége nyílt a projekthelyszín megtekintésére.</span></p>
<p><span style="font-family: georgia, palatino, serif; font-size: 16px;">A projektben tervezett fejlesztésekre vonatkozó műszaki tervdokumentáció elkészítését követően a kivitelezési feladatok ellátására irányuló közbeszerzési eljárást eredményesen lefolytatták. A legkedvezőbb ajánlatot a Szárnyasép Építő és Szolgáltató Kft. adta nettó 156.377.860 Ft összegű ajánlatával, mely alapján a vállalkozási szerződést megkötötték.</span></p>

A projekt az Európai Unió által biztosított 374 millió forint vissza nem térítendő támogatással, a Széchenyi Terv Plusz program keretében valósul meg. A projekt keretében Kőszeg emblematikus épületeinek, kiemelten a Hősök Tornyának kisléptékű rekonstrukciója és azok tereiben egy új, modern, a 21. századi turisztikai igényeket kielégítő várostörténeti tárlat és turisztikai fogadópont kialakítása, az igénybe vehető [...]

KŐSZEG VÁROS ÖNKORMÁNYZATA

Kőszeg város története - kőszegi hősök - 1532-1932

TOP_Plusz-1.1.3-21 Helyi és térségi turizmusfejlesztés

MFF kedvezményezetti infóblokk keretes-1
