{"id":5624,"date":"2009-02-18T08:07:11","date_gmt":"2009-02-18T06:07:11","guid":{"rendered":"https:\/\/www.vasmegye.hu\/?post_type=rendeletek&#038;p=5624"},"modified":"2018-08-09T08:08:42","modified_gmt":"2018-08-09T06:08:42","slug":"a-vas-megyei-onkormanyzat-kozgyulesenek-3-2009-ii-18-rendelete-a-vas-megyei-onkormanyzat-kozgyulesenek-fenntartasaban-mukodo-szakositott-szocialis-intezmenyi-ellatasokrol","status":"publish","type":"rendeletek","link":"https:\/\/www.vasmegye.hu\/en\/rendeletek\/a-vas-megyei-onkormanyzat-kozgyulesenek-3-2009-ii-18-rendelete-a-vas-megyei-onkormanyzat-kozgyulesenek-fenntartasaban-mukodo-szakositott-szocialis-intezmenyi-ellatasokrol\/","title":{"rendered":"A Vas Megyei \u00d6nkorm\u00e1nyzat K\u00f6zgy\u0171l\u00e9s\u00e9nek 3\/2009. (II.18.) rendelete a Vas Megyei \u00d6nkorm\u00e1nyzat K\u00f6zgy\u0171l\u00e9s\u00e9nek fenntart\u00e1s\u00e1ban m\u0171k\u00f6d\u0151 szakos\u00edtott szoci\u00e1lis int\u00e9zm\u00e9nyi ell\u00e1t\u00e1sokr\u00f3l"},"content":{"rendered":"","protected":false},"excerpt":{"rendered":"","protected":false},"featured_media":0,"parent":0,"menu_order":112,"template":"","categories":[],"class_list":["post-5624","rendeletek","type-rendeletek","status-publish","hentry","floatton-article"],"ptb_metabox":{"ptb_szam":"3 \/ 2009 . sz.","ptb_k_zz_t_tel_d_tuma_":"2009-02-18@12:00 am","ptb_let_lthet_file":{"url":["https:\/\/www.vasmegye.hu\/wp-content\/uploads\/2018\/08\/2011_11.doc"],"title":["2011_11"]}},"ptb_taxonomy":[],"ptb_featured_image":null,"_links":{"self":[{"href":"https:\/\/www.vasmegye.hu\/en\/wp-json\/wp\/v2\/rendeletek\/5624","targetHints":{"allow":["GET"]}}],"collection":[{"href":"https:\/\/www.vasmegye.hu\/en\/wp-json\/wp\/v2\/rendeletek"}],"about":[{"href":"https:\/\/www.vasmegye.hu\/en\/wp-json\/wp\/v2\/types\/rendeletek"}],"wp:attachment":[{"href":"https:\/\/www.vasmegye.hu\/en\/wp-json\/wp\/v2\/media?parent=5624"}],"wp:term":[{"taxonomy":"category","embeddable":true,"href":"https:\/\/www.vasmegye.hu\/en\/wp-json\/wp\/v2\/categories?post=5624"}],"curies":[{"name":"wp","href":"https:\/\/api.w.org\/{rel}","templated":true}]}}

A Vas Megyei Önkormányzat Közgyűlésének 3/2009. (II.18.) rendelete a Vas Megyei Önkormányzat Közgyűlésének fenntartásában működő szakosított szociális intézményi ellátásokról
