{"id":647,"date":"2018-05-30T15:47:58","date_gmt":"2018-05-30T13:47:58","guid":{"rendered":"https:\/\/www.vasmegye.hu\/?page_id=647"},"modified":"2023-01-05T15:29:52","modified_gmt":"2023-01-05T13:29:52","slug":"hivatalvezeto","status":"publish","type":"page","link":"https:\/\/www.vasmegye.hu\/en\/hivatal\/hivatalvezeto\/","title":{"rendered":"Hivatalvezet\u0151"},"content":{"rendered":"<p><strong>DR. BAL\u00c1ZSY P\u00c9TER<\/strong><img loading=\"lazy\" decoding=\"async\" class=\"wp-image-12312 alignright\" style=\"font-weight: bold;\" src=\"https:\/\/www.vasmegye.hu\/wp-content\/uploads\/2019\/10\/68830504_361274574818470_6474653075482083328_n-300x300.jpg\" alt=\"\" width=\"232\" height=\"232\" srcset=\"https:\/\/www.vasmegye.hu\/wp-content\/uploads\/2019\/10\/68830504_361274574818470_6474653075482083328_n-300x300.jpg 300w, https:\/\/www.vasmegye.hu\/wp-content\/uploads\/2019\/10\/68830504_361274574818470_6474653075482083328_n-150x150.jpg 150w, https:\/\/www.vasmegye.hu\/wp-content\/uploads\/2019\/10\/68830504_361274574818470_6474653075482083328_n-768x766.jpg 768w, https:\/\/www.vasmegye.hu\/wp-content\/uploads\/2019\/10\/68830504_361274574818470_6474653075482083328_n-640x640.jpg 640w, https:\/\/www.vasmegye.hu\/wp-content\/uploads\/2019\/10\/68830504_361274574818470_6474653075482083328_n-260x260.jpg 260w, https:\/\/www.vasmegye.hu\/wp-content\/uploads\/2019\/10\/68830504_361274574818470_6474653075482083328_n-500x498.jpg 500w, https:\/\/www.vasmegye.hu\/wp-content\/uploads\/2019\/10\/68830504_361274574818470_6474653075482083328_n-800x800.jpg 800w, https:\/\/www.vasmegye.hu\/wp-content\/uploads\/2019\/10\/68830504_361274574818470_6474653075482083328_n-45x45.jpg 45w, https:\/\/www.vasmegye.hu\/wp-content\/uploads\/2019\/10\/68830504_361274574818470_6474653075482083328_n.jpg 960w\" sizes=\"auto, (max-width: 232px) 100vw, 232px\" \/><\/p>\n<p>v\u00e1rmegyei jegyz\u0151, hivatalvezet\u0151, c\u00edmzetes egyetemi docens, a Vas V\u00e1rmegyei Ter\u00fcleti V\u00e1laszt\u00e1si Iroda vezet\u0151je<\/p>\n<p><strong>Vas County Government Office<\/strong><br \/>\nC\u00edm: 9700 Szombathely, Berzsenyi D\u00e1niel t\u00e9r 1.<br \/>\nTelefon: +36-94-515-710<br \/>\nFax: +36-94-515-704<br \/>\nE-mail: <a href=\"&#x6d;&#x61;&#x69;&#x6c;&#116;&#111;&#58;ba&#x6c;&#x61;&#x7a;&#x73;&#x79;&#46;&#112;&#101;te&#x72;&#x40;&#x76;&#x61;&#x73;&#109;&#101;&#103;ye&#x2e;&#x68;&#x75;\">&#x62;&#x61;&#x6c;&#97;&#122;&#115;y&#46;&#x70;&#x65;&#x74;&#x65;&#114;&#64;va&#x73;&#x6d;&#x65;&#x67;&#121;&#101;&#46;h&#x75;<\/a><\/p>\n<p><strong>Tanulm\u00e1nyok:<\/strong><br \/>\nNagy Lajos Gimn\u00e1zium, matematika tagozat (\u00e9retts\u00e9gi, 2005).<br \/>\nELTE \u00c1llam- \u00e9s Jogtudom\u00e1nyi Kar, jog\u00e1sz szak (egyetemi diploma, 2011),<br \/>\nMathias Corvinus Collegium, Budapest, jog szakir\u00e1ny (szakkoll\u00e9giumi diploma, 2010),<br \/>\nGenti Egyetem Jogi Kar, Belgium (egyetemi r\u00e9szk\u00e9pz\u00e9s, 2009),<br \/>\nNemzeti K\u00f6zszolg\u00e1lati Egyetem, integrit\u00e1s tan\u00e1csad\u00f3 (szakir\u00e1ny\u00fa tov\u00e1bbk\u00e9pz\u00e9s, 2014).<\/p>\n<p><strong>Szakmai tapasztalat:<\/strong><br \/>\nELTE \u00c1JK K\u00f6zgazdas\u00e1gtan Tansz\u00e9k, Magyar Orsz\u00e1ggy\u0171l\u00e9s, Vas Megyei F\u0151\u00fcgy\u00e9szs\u00e9g, Polg\u00e1ri Magyarorsz\u00e1g\u00e9rt Alap\u00edtv\u00e1ny, Eur\u00f3pai Parlament N\u00e9pp\u00e1rti Frakci\u00f3 \u2013 Br\u00fcsszel, Patay G\u00e9za \u00dcgyv\u00e9di Iroda \u2013 Budapest, Vas Megyei Korm\u00e1nyhivatal,<br \/>\nHelyi \u00d6nkorm\u00e1nyzatok F\u0151igazgat\u00f3s\u00e1ga \u2013 Lisszabon,<br \/>\nNymE Term\u00e9szettudom\u00e1nyi \u00e9s M\u0171szaki Kar, ELTE T\u00e1TK Savaria Gazd\u00e1lkod\u00e1studom\u00e1nyi Int\u00e9zet &#8211; Szombathely.<\/p>\n<p><strong>D\u00edjak, elismer\u00e9sek:<\/strong><br \/>\nC\u00edmzetes egyetemi docens, NymE Term\u00e9szettudom\u00e1nyi \u00e9s M\u0171szaki Kar, 2016.<br \/>\nCsal\u00e1dbar\u00e1t munkahely d\u00edj, 2017, 2019.<br \/>\n\u00c9v fiatal vezet\u0151je Magyarorsz\u00e1gon \u00e1llami kateg\u00f3ri\u00e1ban, 2018.<\/p>\n<p><strong>Egy\u00e9b tags\u00e1gok:<\/strong><br \/>\nNagy Lajos Gimn\u00e1zium \u00d6regdi\u00e1k Egyes\u00fclet, alap\u00edt\u00f3-titk\u00e1r, 2011-<br \/>\nVas Megy\u00e9\u00e9rt Egyes\u00fclet, eln\u00f6k, 2015-<br \/>\nNagy Lajos Gimn\u00e1zium\u00e9rt Alap\u00edtv\u00e1ny, kurat\u00f3riumi tag, 2017-<br \/>\nVas Megyei Markusovszky Lajos K\u00f3rh\u00e1z Fel\u00fcgyel\u0151 Tan\u00e1cs\u00e1nak tagja, 2017-<\/p>\n<p style=\"text-align: center;\"><script type=\"text\/javascript\" src=\"https:\/\/platform.linkedin.com\/badges\/js\/profile.js\" async defer><\/script><\/p>\n<div class=\"LI-profile-badge\" style=\"text-align: center;\" data-version=\"v1\" data-size=\"medium\" data-locale=\"en_US\" data-type=\"vertical\" data-theme=\"light\" data-vanity=\"balazsy\"><a class=\"LI-simple-link\" href=\"https:\/\/hu.linkedin.com\/in\/balazsy?trk=profile-badge\">P\u00e9ter Bal\u00e1zsy<\/a><\/div>\n<p>&nbsp;<\/p>","protected":false},"excerpt":{"rendered":"<p>DR. BAL\u00c1ZSY P\u00c9TER v\u00e1rmegyei jegyz\u0151, hivatalvezet\u0151, c\u00edmzetes egyetemi docens, a Vas V\u00e1rmegyei Ter\u00fcleti V\u00e1laszt\u00e1si Iroda vezet\u0151je Vas V\u00e1rmegyei \u00d6nkorm\u00e1nyzati Hivatal C\u00edm: 9700 Szombathely, Berzsenyi D\u00e1niel t\u00e9r 1. Telefon: +36-94-515-710 Fax: +36-94-515-704 E-mail: &#x62;a&#x6c;&#97;z&#x73;&#121;&#x2e;&#x70;e&#x74;&#101;r&#x40;&#118;&#x61;&#115;m&#x65;&#103;y&#x65;&#46;&#x68;&#117; Tanulm\u00e1nyok: Nagy Lajos Gimn\u00e1zium, matematika tagozat (\u00e9retts\u00e9gi, 2005). ELTE \u00c1llam- \u00e9s Jogtudom\u00e1nyi Kar, jog\u00e1sz szak (egyetemi diploma, 2011), Mathias Corvinus Collegium, Budapest, [&hellip;]<\/p>","protected":false},"author":1,"featured_media":0,"parent":645,"menu_order":86,"comment_status":"closed","ping_status":"closed","template":"","meta":{"_exactmetrics_skip_tracking":false,"_exactmetrics_sitenote_active":false,"_exactmetrics_sitenote_note":"","_exactmetrics_sitenote_category":0,"footnotes":""},"class_list":["post-647","page","type-page","status-publish","hentry","floatton-article"],"_links":{"self":[{"href":"https:\/\/www.vasmegye.hu\/en\/wp-json\/wp\/v2\/pages\/647","targetHints":{"allow":["GET"]}}],"collection":[{"href":"https:\/\/www.vasmegye.hu\/en\/wp-json\/wp\/v2\/pages"}],"about":[{"href":"https:\/\/www.vasmegye.hu\/en\/wp-json\/wp\/v2\/types\/page"}],"author":[{"embeddable":true,"href":"https:\/\/www.vasmegye.hu\/en\/wp-json\/wp\/v2\/users\/1"}],"replies":[{"embeddable":true,"href":"https:\/\/www.vasmegye.hu\/en\/wp-json\/wp\/v2\/comments?post=647"}],"version-history":[{"count":0,"href":"https:\/\/www.vasmegye.hu\/en\/wp-json\/wp\/v2\/pages\/647\/revisions"}],"up":[{"embeddable":true,"href":"https:\/\/www.vasmegye.hu\/en\/wp-json\/wp\/v2\/pages\/645"}],"wp:attachment":[{"href":"https:\/\/www.vasmegye.hu\/en\/wp-json\/wp\/v2\/media?parent=647"}],"curies":[{"name":"wp","href":"https:\/\/api.w.org\/{rel}","templated":true}]}}

Hivatalvezető

<p><strong>DR. BALÁZSY PÉTER</strong><img loading="lazy" decoding="async" class="wp-image-12312 alignright" style="font-weight: bold;" src="https://www.vasmegye.hu/wp-content/uploads/2019/10/68830504_361274574818470_6474653075482083328_n-300x300.jpg" alt="" width="232" height="232" srcset="https://www.vasmegye.hu/wp-content/uploads/2019/10/68830504_361274574818470_6474653075482083328_n-300x300.jpg 300w, https://www.vasmegye.hu/wp-content/uploads/2019/10/68830504_361274574818470_6474653075482083328_n-150x150.jpg 150w, https://www.vasmegye.hu/wp-content/uploads/2019/10/68830504_361274574818470_6474653075482083328_n-768x766.jpg 768w, https://www.vasmegye.hu/wp-content/uploads/2019/10/68830504_361274574818470_6474653075482083328_n-640x640.jpg 640w, https://www.vasmegye.hu/wp-content/uploads/2019/10/68830504_361274574818470_6474653075482083328_n-260x260.jpg 260w, https://www.vasmegye.hu/wp-content/uploads/2019/10/68830504_361274574818470_6474653075482083328_n-500x498.jpg 500w, https://www.vasmegye.hu/wp-content/uploads/2019/10/68830504_361274574818470_6474653075482083328_n-800x800.jpg 800w, https://www.vasmegye.hu/wp-content/uploads/2019/10/68830504_361274574818470_6474653075482083328_n-45x45.jpg 45w, https://www.vasmegye.hu/wp-content/uploads/2019/10/68830504_361274574818470_6474653075482083328_n.jpg 960w" sizes="auto, (max-width: 232px) 100vw, 232px" /></p>
<p>vármegyei jegyző, hivatalvezető, címzetes egyetemi docens, a Vas Vármegyei Területi Választási Iroda vezetője</p>
<p><strong>Vas County Government Office</strong><br />
Cím: 9700 Szombathely, Berzsenyi Dániel tér 1.<br />
Telefon: +36-94-515-710<br />
Fax: +36-94-515-704<br />
E-mail: <a href="&#x6d;&#x61;&#x69;&#x6c;&#116;&#111;&#58;ba&#x6c;&#x61;&#x7a;&#x73;&#x79;&#46;&#112;&#101;te&#x72;&#x40;&#x76;&#x61;&#x73;&#109;&#101;&#103;ye&#x2e;&#x68;&#x75;">&#x62;&#x61;&#x6c;&#97;&#122;&#115;y&#46;&#x70;&#x65;&#x74;&#x65;&#114;&#64;va&#x73;&#x6d;&#x65;&#x67;&#121;&#101;&#46;h&#x75;</a></p>
<p><strong>Tanulmányok:</strong><br />
Nagy Lajos Gimnázium, matematika tagozat (érettségi, 2005).<br />
ELTE Állam- és Jogtudományi Kar, jogász szak (egyetemi diploma, 2011),<br />
Mathias Corvinus Collegium, Budapest, jog szakirány (szakkollégiumi diploma, 2010),<br />
Genti Egyetem Jogi Kar, Belgium (egyetemi részképzés, 2009),<br />
Nemzeti Közszolgálati Egyetem, integritás tanácsadó (szakirányú továbbképzés, 2014).</p>
<p><strong>Szakmai tapasztalat:</strong><br />
ELTE ÁJK Közgazdaságtan Tanszék, Magyar Országgyűlés, Vas Megyei Főügyészség, Polgári Magyarországért Alapítvány, Európai Parlament Néppárti Frakció – Brüsszel, Patay Géza Ügyvédi Iroda – Budapest, Vas Megyei Kormányhivatal,<br />
Helyi Önkormányzatok Főigazgatósága – Lisszabon,<br />
NymE Természettudományi és Műszaki Kar, ELTE TáTK Savaria Gazdálkodástudományi Intézet &#8211; Szombathely.</p>
<p><strong>Díjak, elismerések:</strong><br />
Címzetes egyetemi docens, NymE Természettudományi és Műszaki Kar, 2016.<br />
Családbarát munkahely díj, 2017, 2019.<br />
Év fiatal vezetője Magyarországon állami kategóriában, 2018.</p>
<p><strong>Egyéb tagságok:</strong><br />
Nagy Lajos Gimnázium Öregdiák Egyesület, alapító-titkár, 2011-<br />
Vas Megyéért Egyesület, elnök, 2015-<br />
Nagy Lajos Gimnáziumért Alapítvány, kuratóriumi tag, 2017-<br />
Vas Megyei Markusovszky Lajos Kórház Felügyelő Tanácsának tagja, 2017-</p>
<p style="text-align: center;"><script type="text/javascript" src="https://platform.linkedin.com/badges/js/profile.js" async defer></script></p>
<div class="LI-profile-badge" style="text-align: center;" data-version="v1" data-size="medium" data-locale="en_US" data-type="vertical" data-theme="light" data-vanity="balazsy"><a class="LI-simple-link" href="https://hu.linkedin.com/in/balazsy?trk=profile-badge">Péter Balázsy</a></div>
<p>&nbsp;</p>

<p>DR. BALÁZSY PÉTER vármegyei jegyző, hivatalvezető, címzetes egyetemi docens, a Vas Vármegyei Területi Választási Iroda vezetője Vas Vármegyei Önkormányzati Hivatal Cím: 9700 Szombathely, Berzsenyi Dániel tér 1. Telefon: +36-94-515-710 Fax: +36-94-515-704 E-mail: &#x62;a&#x6c;&#97;z&#x73;&#121;&#x2e;&#x70;e&#x74;&#101;r&#x40;&#118;&#x61;&#115;m&#x65;&#103;y&#x65;&#46;&#x68;&#117; Tanulmányok: Nagy Lajos Gimnázium, matematika tagozat (érettségi, 2005). ELTE Állam- és Jogtudományi Kar, jogász szak (egyetemi diploma, 2011), Mathias Corvinus Collegium, Budapest, [&hellip;]</p>
