{"id":522,"date":"2018-05-30T10:27:09","date_gmt":"2018-05-30T08:27:09","guid":{"rendered":"https:\/\/www.vasmegye.hu\/?page_id=522"},"modified":"2018-08-03T11:54:23","modified_gmt":"2018-08-03T09:54:23","slug":"folyoiratok","status":"publish","type":"page","link":"https:\/\/www.vasmegye.hu\/en\/megye\/folyoiratok\/","title":{"rendered":"Foly\u00f3iratok"},"content":{"rendered":"<section class=\"wpb-content-wrapper\"><div class=\"vc_row wpb_row vc_row-fluid vc_custom_1532589730713 vc_row-has-fill\"><div class=\"wpb_column vc_column_container vc_col-sm-3\"><div class=\"vc_column-inner\"><div class=\"wpb_wrapper\">\n\t<div  class=\"wpb_single_image wpb_content_element vc_align_left  vc_custom_1532892439743\">\n\t\t\n\t\t<figure class=\"wpb_wrapper vc_figure\">\n\t\t\t<div class=\"vc_single_image-wrapper vc_box_border  vc_box_border_grey\"><img loading=\"lazy\" decoding=\"async\" width=\"799\" height=\"1024\" src=\"https:\/\/www.vasmegye.hu\/wp-content\/uploads\/2018\/07\/eletunk4_1-799x1024.jpg\" class=\"vc_single_image-img attachment-large\" alt=\"\" title=\"eletunk4_1\" srcset=\"https:\/\/www.vasmegye.hu\/wp-content\/uploads\/2018\/07\/eletunk4_1-799x1024.jpg 799w, https:\/\/www.vasmegye.hu\/wp-content\/uploads\/2018\/07\/eletunk4_1-234x300.jpg 234w, https:\/\/www.vasmegye.hu\/wp-content\/uploads\/2018\/07\/eletunk4_1-768x985.jpg 768w, https:\/\/www.vasmegye.hu\/wp-content\/uploads\/2018\/07\/eletunk4_1.jpg 1325w\" sizes=\"auto, (max-width: 799px) 100vw, 799px\" \/><\/div>\n\t\t<\/figure>\n\t<\/div>\n<\/div><\/div><\/div><div class=\"wpb_column vc_column_container vc_col-sm-9\"><div class=\"vc_column-inner\"><div class=\"wpb_wrapper\">\n\t<div class=\"wpb_text_column wpb_content_element\" >\n\t\t<div class=\"wpb_wrapper\">\n\t\t\t<h4><span style=\"color: #000000;\">\u00c9LET\u00dcNK\u00a0irodalmi, m\u0171v\u00e9szeti \u00e9s kritikai foly\u00f3irat<\/span><\/h4>\n<p>A megjelent lapsz\u00e1mok\u00a0<a href=\"http:\/\/www.bdmk.hu\/eletunk\" target=\"_blank\" rel=\"noopener\">itt<\/a>\u00a0tal\u00e1lhat\u00f3ak meg.<\/p>\n<h4><\/h4>\n<p>&nbsp;<\/p>\n<h4><\/h4>\n<h4><\/h4>\n<h4><\/h4>\n<h4><\/h4>\n\n\t\t<\/div>\n\t<\/div>\n<\/div><\/div><\/div><\/div><div class=\"vc_row wpb_row vc_row-fluid\"><div class=\"wpb_column vc_column_container vc_col-sm-12\"><div class=\"vc_column-inner\"><div class=\"wpb_wrapper\"><\/div><\/div><\/div><\/div><div class=\"vc_row wpb_row vc_row-fluid vc_custom_1532589753571 vc_row-has-fill\"><div class=\"wpb_column vc_column_container vc_col-sm-3\"><div class=\"vc_column-inner\"><div class=\"wpb_wrapper\">\n\t<div  class=\"wpb_single_image wpb_content_element vc_align_left  vc_custom_1532892425921\">\n\t\t\n\t\t<figure class=\"wpb_wrapper vc_figure\">\n\t\t\t<div class=\"vc_single_image-wrapper vc_box_border  vc_box_border_grey\"><img loading=\"lazy\" decoding=\"async\" width=\"300\" height=\"294\" src=\"https:\/\/www.vasmegye.hu\/wp-content\/uploads\/2018\/07\/Vasi-Szemle-300x294.png\" class=\"vc_single_image-img attachment-medium\" alt=\"\" title=\"Vasi Szemle\" srcset=\"https:\/\/www.vasmegye.hu\/wp-content\/uploads\/2018\/07\/Vasi-Szemle-300x294.png 300w, https:\/\/www.vasmegye.hu\/wp-content\/uploads\/2018\/07\/Vasi-Szemle-768x752.png 768w, https:\/\/www.vasmegye.hu\/wp-content\/uploads\/2018\/07\/Vasi-Szemle-1024x1003.png 1024w, https:\/\/www.vasmegye.hu\/wp-content\/uploads\/2018\/07\/Vasi-Szemle-500x490.png 500w, https:\/\/www.vasmegye.hu\/wp-content\/uploads\/2018\/07\/Vasi-Szemle-45x45.png 45w, https:\/\/www.vasmegye.hu\/wp-content\/uploads\/2018\/07\/Vasi-Szemle.png 1716w\" sizes=\"auto, (max-width: 300px) 100vw, 300px\" \/><\/div>\n\t\t<\/figure>\n\t<\/div>\n<\/div><\/div><\/div><div class=\"wpb_column vc_column_container vc_col-sm-9\"><div class=\"vc_column-inner\"><div class=\"wpb_wrapper\">\n\t<div class=\"wpb_text_column wpb_content_element\" >\n\t\t<div class=\"wpb_wrapper\">\n\t\t\t<h4><span style=\"color: #000000;\">VASI SZEMLE tudom\u00e1nyos \u00e9s kultur\u00e1lis foly\u00f3irat<\/span><\/h4>\n<p>A megjelent \u00edr\u00e1sok\u00a0<a title=\"Vasi Szemle honlap \" href=\"http:\/\/www.vasiszemle.hu\/\" target=\"_blank\" rel=\"noopener\">itt\u00a0<\/a>olvashat\u00f3ak.<\/p>\n\n\t\t<\/div>\n\t<\/div>\n<\/div><\/div><\/div><\/div>\n<\/section>","protected":false},"excerpt":{"rendered":"\u00c9LET\u00dcNK\u00a0irodalmi, m\u0171v\u00e9szeti \u00e9s kritikai foly\u00f3irat A megjelent lapsz\u00e1mok\u00a0itt\u00a0tal\u00e1lhat\u00f3ak meg. &nbsp; VASI SZEMLE tudom\u00e1nyos \u00e9s kultur\u00e1lis foly\u00f3irat A megjelent \u00edr\u00e1sok\u00a0itt\u00a0olvashat\u00f3ak.","protected":false},"author":1,"featured_media":0,"parent":455,"menu_order":98,"comment_status":"closed","ping_status":"closed","template":"page-templates\/not-boxed.php","meta":{"_exactmetrics_skip_tracking":false,"_exactmetrics_sitenote_active":false,"_exactmetrics_sitenote_note":"","_exactmetrics_sitenote_category":0,"footnotes":""},"class_list":["post-522","page","type-page","status-publish","hentry","floatton-article"],"_links":{"self":[{"href":"https:\/\/www.vasmegye.hu\/en\/wp-json\/wp\/v2\/pages\/522","targetHints":{"allow":["GET"]}}],"collection":[{"href":"https:\/\/www.vasmegye.hu\/en\/wp-json\/wp\/v2\/pages"}],"about":[{"href":"https:\/\/www.vasmegye.hu\/en\/wp-json\/wp\/v2\/types\/page"}],"author":[{"embeddable":true,"href":"https:\/\/www.vasmegye.hu\/en\/wp-json\/wp\/v2\/users\/1"}],"replies":[{"embeddable":true,"href":"https:\/\/www.vasmegye.hu\/en\/wp-json\/wp\/v2\/comments?post=522"}],"version-history":[{"count":0,"href":"https:\/\/www.vasmegye.hu\/en\/wp-json\/wp\/v2\/pages\/522\/revisions"}],"up":[{"embeddable":true,"href":"https:\/\/www.vasmegye.hu\/en\/wp-json\/wp\/v2\/pages\/455"}],"wp:attachment":[{"href":"https:\/\/www.vasmegye.hu\/en\/wp-json\/wp\/v2\/media?parent=522"}],"curies":[{"name":"wp","href":"https:\/\/api.w.org\/{rel}","templated":true}]}}

Folyóiratok

<section class="wpb-content-wrapper"><div class="vc_row wpb_row vc_row-fluid vc_custom_1532589730713 vc_row-has-fill"><div class="wpb_column vc_column_container vc_col-sm-3"><div class="vc_column-inner"><div class="wpb_wrapper">
	<div  class="wpb_single_image wpb_content_element vc_align_left  vc_custom_1532892439743">
		
		<figure class="wpb_wrapper vc_figure">
			<div class="vc_single_image-wrapper vc_box_border  vc_box_border_grey"><img loading="lazy" decoding="async" width="799" height="1024" src="https://www.vasmegye.hu/wp-content/uploads/2018/07/eletunk4_1-799x1024.jpg" class="vc_single_image-img attachment-large" alt="" title="eletunk4_1" srcset="https://www.vasmegye.hu/wp-content/uploads/2018/07/eletunk4_1-799x1024.jpg 799w, https://www.vasmegye.hu/wp-content/uploads/2018/07/eletunk4_1-234x300.jpg 234w, https://www.vasmegye.hu/wp-content/uploads/2018/07/eletunk4_1-768x985.jpg 768w, https://www.vasmegye.hu/wp-content/uploads/2018/07/eletunk4_1.jpg 1325w" sizes="auto, (max-width: 799px) 100vw, 799px" /></div>
		</figure>
	</div>
</div></div></div><div class="wpb_column vc_column_container vc_col-sm-9"><div class="vc_column-inner"><div class="wpb_wrapper">
	<div class="wpb_text_column wpb_content_element" >
		<div class="wpb_wrapper">
			<h4><span style="color: #000000;">ÉLETÜNK irodalmi, művészeti és kritikai folyóirat</span></h4>
<p>A megjelent lapszámok <a href="http://www.bdmk.hu/eletunk" target="_blank" rel="noopener">itt</a> találhatóak meg.</p>
<h4></h4>
<p>&nbsp;</p>
<h4></h4>
<h4></h4>
<h4></h4>
<h4></h4>

		</div>
	</div>
</div></div></div></div><div class="vc_row wpb_row vc_row-fluid"><div class="wpb_column vc_column_container vc_col-sm-12"><div class="vc_column-inner"><div class="wpb_wrapper"></div></div></div></div><div class="vc_row wpb_row vc_row-fluid vc_custom_1532589753571 vc_row-has-fill"><div class="wpb_column vc_column_container vc_col-sm-3"><div class="vc_column-inner"><div class="wpb_wrapper">
	<div  class="wpb_single_image wpb_content_element vc_align_left  vc_custom_1532892425921">
		
		<figure class="wpb_wrapper vc_figure">
			<div class="vc_single_image-wrapper vc_box_border  vc_box_border_grey"><img loading="lazy" decoding="async" width="300" height="294" src="https://www.vasmegye.hu/wp-content/uploads/2018/07/Vasi-Szemle-300x294.png" class="vc_single_image-img attachment-medium" alt="" title="Vasi Szemle" srcset="https://www.vasmegye.hu/wp-content/uploads/2018/07/Vasi-Szemle-300x294.png 300w, https://www.vasmegye.hu/wp-content/uploads/2018/07/Vasi-Szemle-768x752.png 768w, https://www.vasmegye.hu/wp-content/uploads/2018/07/Vasi-Szemle-1024x1003.png 1024w, https://www.vasmegye.hu/wp-content/uploads/2018/07/Vasi-Szemle-500x490.png 500w, https://www.vasmegye.hu/wp-content/uploads/2018/07/Vasi-Szemle-45x45.png 45w, https://www.vasmegye.hu/wp-content/uploads/2018/07/Vasi-Szemle.png 1716w" sizes="auto, (max-width: 300px) 100vw, 300px" /></div>
		</figure>
	</div>
</div></div></div><div class="wpb_column vc_column_container vc_col-sm-9"><div class="vc_column-inner"><div class="wpb_wrapper">
	<div class="wpb_text_column wpb_content_element" >
		<div class="wpb_wrapper">
			<h4><span style="color: #000000;">VASI SZEMLE tudományos és kulturális folyóirat</span></h4>
<p>A megjelent írások <a title="Vasi Szemle honlap " href="http://www.vasiszemle.hu/" target="_blank" rel="noopener">itt </a>olvashatóak.</p>

		</div>
	</div>
</div></div></div></div>
</section>

ÉLETÜNK irodalmi, művészeti és kritikai folyóirat A megjelent lapszámok itt találhatóak meg. &nbsp; VASI SZEMLE tudományos és kulturális folyóirat A megjelent írások itt olvashatóak.
