{"id":2653,"date":"2018-07-11T09:24:45","date_gmt":"2018-07-11T07:24:45","guid":{"rendered":"https:\/\/www.vasmegye.hu\/?page_id=2653"},"modified":"2023-11-29T11:03:30","modified_gmt":"2023-11-29T09:03:30","slug":"teruleti-valasztasi-bizottsag","status":"publish","type":"page","link":"https:\/\/www.vasmegye.hu\/en\/valasztas\/teruleti-valasztasi-bizottsag\/","title":{"rendered":"Ter\u00fcleti V\u00e1laszt\u00e1si Bizotts\u00e1g"},"content":{"rendered":"<section class=\"wpb-content-wrapper\"><div class=\"vc_row wpb_row vc_row-fluid vc_custom_1532517802033\"><div class=\"wpb_column vc_column_container vc_col-sm-12\"><div class=\"vc_column-inner\"><div class=\"wpb_wrapper\">\n\t<div class=\"wpb_text_column wpb_content_element\" >\n\t\t<div class=\"wpb_wrapper\">\n\t\t\t<p><span style=\"text-decoration: underline;\"><strong>TVB tagjai:<\/strong><\/span><\/p>\n<p><strong>dr. Gal\u00e1ntai Gergely <\/strong>eln\u00f6k<\/p>\n<p><strong>dr. Gajd\u00e1n Istv\u00e1n <\/strong>eln\u00f6k-helyettes<\/p>\n<p><strong>dr. Horv\u00e1th \u00c1kos Mil\u00e1n<\/strong><\/p>\n<p><span style=\"text-decoration: underline;\"><strong>TVB p\u00f3ttagjai:<\/strong><\/span><\/p>\n<p><strong>dr. Spitz J\u00e1nos<\/strong><\/p>\n<p><strong>dr. Pint\u00e9r Lilla Krisztina<\/strong><\/p>\n<p>&nbsp;<\/p>\n<p><strong>A v\u00e1laszt\u00e1si bizotts\u00e1gok, mint a v\u00e1laszt\u00e1sok t\u00f6rv\u00e9nyess\u00e9g\u00e9nek els\u0151dleges garanci\u00e1lis szerepl\u0151i, olyan test\u00fcletek, melyek biztos\u00edtj\u00e1k a v\u00e1laszt\u00e1si jogszab\u00e1lyok \u00e9rv\u00e9nyes\u00fcl\u00e9s\u00e9t, kiemelt figyelmet ford\u00edtva a f\u00fcggetlens\u00e9g \u00e9s a p\u00e1rtatlans\u00e1g k\u00f6vetelm\u00e9nyeinek \u00e9rv\u00e9nyre juttat\u00e1s\u00e1ra.<\/strong><\/p>\n<p>R\u00e9szletes inform\u00e1ci\u00f3k a v\u00e1laszt\u00e1si bizotts\u00e1gokr\u00f3l<span style=\"color: #f97000;\"> <a style=\"color: #f97000;\" title=\"Nemzeti V\u00e1laszt\u00e1si Iroda honlapja\" href=\"http:\/\/www.valasztas.hu\/valasztasi-bizottsagok-es-valasztasi-irodak\" target=\"_blank\" rel=\"noopener\">itt<\/a>\u00a0<\/span>\u00e9rhet\u0151k el.<\/p>\n\n\t\t<\/div>\n\t<\/div>\n<\/div><\/div><\/div><\/div>\n<p><!--f9730--><!--f9730--><\/p>\n<\/section>","protected":false},"excerpt":{"rendered":"TVB tagjai: dr. Gal\u00e1ntai Gergely eln\u00f6k dr. Gajd\u00e1n Istv\u00e1n eln\u00f6k-helyettes dr. Horv\u00e1th \u00c1kos Mil\u00e1n TVB p\u00f3ttagjai: dr. Spitz J\u00e1nos dr. Pint\u00e9r Lilla Krisztina &nbsp; A v\u00e1laszt\u00e1si bizotts\u00e1gok, mint a v\u00e1laszt\u00e1sok t\u00f6rv\u00e9nyess\u00e9g\u00e9nek els\u0151dleges garanci\u00e1lis szerepl\u0151i, olyan test\u00fcletek, melyek biztos\u00edtj\u00e1k a v\u00e1laszt\u00e1si jogszab\u00e1lyok \u00e9rv\u00e9nyes\u00fcl\u00e9s\u00e9t, kiemelt figyelmet ford\u00edtva a f\u00fcggetlens\u00e9g \u00e9s a p\u00e1rtatlans\u00e1g k\u00f6vetelm\u00e9nyeinek \u00e9rv\u00e9nyre juttat\u00e1s\u00e1ra. R\u00e9szletes inform\u00e1ci\u00f3k [...]","protected":false},"author":1,"featured_media":0,"parent":2647,"menu_order":43,"comment_status":"closed","ping_status":"closed","template":"","meta":{"_exactmetrics_skip_tracking":false,"_exactmetrics_sitenote_active":false,"_exactmetrics_sitenote_note":"","_exactmetrics_sitenote_category":0,"footnotes":""},"class_list":["post-2653","page","type-page","status-publish","hentry","floatton-article"],"_links":{"self":[{"href":"https:\/\/www.vasmegye.hu\/en\/wp-json\/wp\/v2\/pages\/2653","targetHints":{"allow":["GET"]}}],"collection":[{"href":"https:\/\/www.vasmegye.hu\/en\/wp-json\/wp\/v2\/pages"}],"about":[{"href":"https:\/\/www.vasmegye.hu\/en\/wp-json\/wp\/v2\/types\/page"}],"author":[{"embeddable":true,"href":"https:\/\/www.vasmegye.hu\/en\/wp-json\/wp\/v2\/users\/1"}],"replies":[{"embeddable":true,"href":"https:\/\/www.vasmegye.hu\/en\/wp-json\/wp\/v2\/comments?post=2653"}],"version-history":[{"count":0,"href":"https:\/\/www.vasmegye.hu\/en\/wp-json\/wp\/v2\/pages\/2653\/revisions"}],"up":[{"embeddable":true,"href":"https:\/\/www.vasmegye.hu\/en\/wp-json\/wp\/v2\/pages\/2647"}],"wp:attachment":[{"href":"https:\/\/www.vasmegye.hu\/en\/wp-json\/wp\/v2\/media?parent=2653"}],"curies":[{"name":"wp","href":"https:\/\/api.w.org\/{rel}","templated":true}]}}

Területi Választási Bizottság

<section class="wpb-content-wrapper"><div class="vc_row wpb_row vc_row-fluid vc_custom_1532517802033"><div class="wpb_column vc_column_container vc_col-sm-12"><div class="vc_column-inner"><div class="wpb_wrapper">
	<div class="wpb_text_column wpb_content_element" >
		<div class="wpb_wrapper">
			<p><span style="text-decoration: underline;"><strong>TVB tagjai:</strong></span></p>
<p><strong>dr. Galántai Gergely </strong>elnök</p>
<p><strong>dr. Gajdán István </strong>elnök-helyettes</p>
<p><strong>dr. Horváth Ákos Milán</strong></p>
<p><span style="text-decoration: underline;"><strong>TVB póttagjai:</strong></span></p>
<p><strong>dr. Spitz János</strong></p>
<p><strong>dr. Pintér Lilla Krisztina</strong></p>
<p>&nbsp;</p>
<p><strong>A választási bizottságok, mint a választások törvényességének elsődleges garanciális szereplői, olyan testületek, melyek biztosítják a választási jogszabályok érvényesülését, kiemelt figyelmet fordítva a függetlenség és a pártatlanság követelményeinek érvényre juttatására.</strong></p>
<p>Részletes információk a választási bizottságokról<span style="color: #f97000;"> <a style="color: #f97000;" title="Nemzeti Választási Iroda honlapja" href="http://www.valasztas.hu/valasztasi-bizottsagok-es-valasztasi-irodak" target="_blank" rel="noopener">itt</a> </span>érhetők el.</p>

		</div>
	</div>
</div></div></div></div>
<p><!--f9730--><!--f9730--></p>
</section>

TVB tagjai: dr. Galántai Gergely elnök dr. Gajdán István elnök-helyettes dr. Horváth Ákos Milán TVB póttagjai: dr. Spitz János dr. Pintér Lilla Krisztina &nbsp; A választási bizottságok, mint a választások törvényességének elsődleges garanciális szereplői, olyan testületek, melyek biztosítják a választási jogszabályok érvényesülését, kiemelt figyelmet fordítva a függetlenség és a pártatlanság követelményeinek érvényre juttatására. Részletes információk [...]
