{"id":2650,"date":"2018-07-11T09:24:30","date_gmt":"2018-07-11T07:24:30","guid":{"rendered":"https:\/\/www.vasmegye.hu\/?page_id=2650"},"modified":"2024-03-21T12:35:40","modified_gmt":"2024-03-21T10:35:40","slug":"teruleti-valasztasi-iroda","status":"publish","type":"page","link":"https:\/\/www.vasmegye.hu\/en\/valasztas\/teruleti-valasztasi-iroda\/","title":{"rendered":"Ter\u00fcleti V\u00e1laszt\u00e1si Iroda"},"content":{"rendered":"<section class=\"wpb-content-wrapper\"><div class=\"vc_row wpb_row vc_row-fluid vc_custom_1532517832648 vc_row-o-content-middle vc_row-flex\"><div class=\"wpb_column vc_column_container vc_col-sm-8\"><div class=\"vc_column-inner\"><div class=\"wpb_wrapper\">\n\t<div class=\"wpb_text_column wpb_content_element\" >\n\t\t<div class=\"wpb_wrapper\">\n\t\t\t<p style=\"margin: 0cm; margin-bottom: .0001pt;\"><strong>dr. Bal\u00e1zsy P\u00e9ter<br \/>\n<\/strong><\/p>\n<p style=\"margin: 0cm; margin-bottom: .0001pt;\"><span style=\"font-size: 14px;\">Ter\u00fcleti V\u00e1laszt\u00e1si Iroda vezet\u0151<br \/>\n<\/span><\/p>\n<p style=\"margin: 0cm; margin-bottom: .0001pt;\"><strong>dr. Palotai P\u00e9ter<\/strong><\/p>\n<p style=\"margin: 0cm; margin-bottom: .0001pt;\"><span style=\"font-size: 14px;\">Ter\u00fcleti V\u00e1laszt\u00e1si Iroda vezet\u0151 jogi helyettese<\/span><\/p>\n<p style=\"margin: 0cm; margin-bottom: .0001pt;\"><strong>Fritz P\u00e9ter<\/strong><\/p>\n<p style=\"margin: 0cm; margin-bottom: .0001pt;\"><span style=\"font-size: 14px;\">Ter\u00fcleti V\u00e1laszt\u00e1si Iroda vezet\u0151 informatikai felel\u0151se<\/span><\/p>\n<p style=\"margin: 0cm; margin-bottom: .0001pt;\"><strong>Fut\u00f3 Marianna<\/strong><\/p>\n<p style=\"margin: 0cm; margin-bottom: .0001pt;\"><span style=\"font-size: 14px;\">Ter\u00fcleti V\u00e1laszt\u00e1si Iroda p\u00e9nz\u00fcgyi felel\u0151se<\/span><\/p>\n<p>&nbsp;<\/p>\n<p>Sz\u00e9khely: 9700 Szombathely, Berzsenyi D\u00e1niel t\u00e9r 1.<\/p>\n<p>Post\u00e1z\u00e1si c\u00edm: \u00a0\u00a0 Vas V\u00e1rmegyei \u00d6nkorm\u00e1nyzati Hivatal<\/p>\n<p>(Vas V\u00e1rmegyei Ter\u00fcleti V\u00e1laszt\u00e1si Iroda)<\/p>\n<p>9700 Szombathely<\/p>\n<p>Pf. 61.<\/p>\n<p>Telefon:\u00a0\u00a0\u00a0\u00a0\u00a0\u00a0\u00a0\u00a0\u00a0\u00a0\u00a0\u00a0\u00a0\u00a0\u00a0 94\/515-702<\/p>\n<p>Email: \u00a0\u00a0\u00a0\u00a0\u00a0\u00a0\u00a0\u00a0\u00a0\u00a0\u00a0\u00a0\u00a0\u00a0\u00a0\u00a0\u00a0 <a href=\"&#x6d;&#x61;&#105;l&#x74;&#x6f;&#58;&#118;a&#x6c;&#x61;&#115;&#122;t&#x61;&#x73;&#64;va&#x73;&#x6d;&#101;g&#x79;&#x65;&#46;&#104;u\">&#118;&#x61;&#108;&#x61;s&#x7a;t&#97;&#x73;&#64;&#x76;&#97;&#x73;m&#x65;g&#121;&#x65;&#46;&#x68;u<\/a><\/p>\n<p>KRID azonos\u00edt\u00f3: 609318196<\/p>\n\n\t\t<\/div>\n\t<\/div>\n<\/div><\/div><\/div><div class=\"wpb_column vc_column_container vc_col-sm-4\"><div class=\"vc_column-inner\"><div class=\"wpb_wrapper\">\n\t<div class=\"wpb_text_column wpb_content_element\" >\n\t\t<div class=\"wpb_wrapper\">\n\t\t\t<p><img loading=\"lazy\" decoding=\"async\" class=\"wp-image-3229 aligncenter\" src=\"https:\/\/www.vasmegye.hu\/wp-content\/uploads\/2018\/07\/menu_valasztas.jpg\" alt=\"\" width=\"211\" height=\"292\" \/><\/p>\n\n\t\t<\/div>\n\t<\/div>\n<\/div><\/div><\/div><\/div><div class=\"vc_row wpb_row vc_row-fluid vc_custom_1532520969153\"><div class=\"wpb_column vc_column_container vc_col-sm-12\"><div class=\"vc_column-inner\"><div class=\"wpb_wrapper\">\n\t<div class=\"wpb_text_column wpb_content_element\" >\n\t\t<div class=\"wpb_wrapper\">\n\t\t\t<p><strong>A v\u00e1laszt\u00e1si irod\u00e1k a v\u00e1laszt\u00e1si bizotts\u00e1gok mellett a v\u00e1laszt\u00e1si elj\u00e1r\u00e1s legfontosabb szerepl\u0151i. A szavazatsz\u00e1ml\u00e1l\u00f3 bizotts\u00e1got kiv\u00e9ve minden v\u00e1laszt\u00e1si bizotts\u00e1g mellett m\u0171k\u00f6dik v\u00e1laszt\u00e1si iroda.<\/strong><\/p>\n<p>R\u00e9szletes inform\u00e1ci\u00f3k a v\u00e1laszt\u00e1si irod\u00e1kr\u00f3l <a title=\"Nemzeti V\u00e1laszt\u00e1si Iroda honlapja\" href=\"http:\/\/www.valasztas.hu\/valasztasi-bizottsagok-es-valasztasi-irodak\" target=\"_blank\" rel=\"noopener\">itt<\/a>\u00a0\u00e9rhet\u0151k el.<\/p>\n\n\t\t<\/div>\n\t<\/div>\n<\/div><\/div><\/div><\/div>\n<\/section>","protected":false},"excerpt":{"rendered":"dr. Bal\u00e1zsy P\u00e9ter Ter\u00fcleti V\u00e1laszt\u00e1si Iroda vezet\u0151 dr. Palotai P\u00e9ter Ter\u00fcleti V\u00e1laszt\u00e1si Iroda vezet\u0151 jogi helyettese Fritz P\u00e9ter Ter\u00fcleti V\u00e1laszt\u00e1si Iroda vezet\u0151 informatikai felel\u0151se Fut\u00f3 Marianna Ter\u00fcleti V\u00e1laszt\u00e1si Iroda p\u00e9nz\u00fcgyi felel\u0151se &nbsp; Sz\u00e9khely: 9700 Szombathely, Berzsenyi D\u00e1niel t\u00e9r 1. Post\u00e1z\u00e1si c\u00edm: \u00a0\u00a0 Vas V\u00e1rmegyei \u00d6nkorm\u00e1nyzati Hivatal (Vas V\u00e1rmegyei Ter\u00fcleti V\u00e1laszt\u00e1si Iroda) 9700 Szombathely Pf. 61. [...]","protected":false},"author":1,"featured_media":0,"parent":2647,"menu_order":44,"comment_status":"closed","ping_status":"closed","template":"","meta":{"_exactmetrics_skip_tracking":false,"_exactmetrics_sitenote_active":false,"_exactmetrics_sitenote_note":"","_exactmetrics_sitenote_category":0,"footnotes":""},"class_list":["post-2650","page","type-page","status-publish","hentry","floatton-article"],"_links":{"self":[{"href":"https:\/\/www.vasmegye.hu\/en\/wp-json\/wp\/v2\/pages\/2650","targetHints":{"allow":["GET"]}}],"collection":[{"href":"https:\/\/www.vasmegye.hu\/en\/wp-json\/wp\/v2\/pages"}],"about":[{"href":"https:\/\/www.vasmegye.hu\/en\/wp-json\/wp\/v2\/types\/page"}],"author":[{"embeddable":true,"href":"https:\/\/www.vasmegye.hu\/en\/wp-json\/wp\/v2\/users\/1"}],"replies":[{"embeddable":true,"href":"https:\/\/www.vasmegye.hu\/en\/wp-json\/wp\/v2\/comments?post=2650"}],"version-history":[{"count":2,"href":"https:\/\/www.vasmegye.hu\/en\/wp-json\/wp\/v2\/pages\/2650\/revisions"}],"predecessor-version":[{"id":20122,"href":"https:\/\/www.vasmegye.hu\/en\/wp-json\/wp\/v2\/pages\/2650\/revisions\/20122"}],"up":[{"embeddable":true,"href":"https:\/\/www.vasmegye.hu\/en\/wp-json\/wp\/v2\/pages\/2647"}],"wp:attachment":[{"href":"https:\/\/www.vasmegye.hu\/en\/wp-json\/wp\/v2\/media?parent=2650"}],"curies":[{"name":"wp","href":"https:\/\/api.w.org\/{rel}","templated":true}]}}

Területi Választási Iroda

<section class="wpb-content-wrapper"><div class="vc_row wpb_row vc_row-fluid vc_custom_1532517832648 vc_row-o-content-middle vc_row-flex"><div class="wpb_column vc_column_container vc_col-sm-8"><div class="vc_column-inner"><div class="wpb_wrapper">
	<div class="wpb_text_column wpb_content_element" >
		<div class="wpb_wrapper">
			<p style="margin: 0cm; margin-bottom: .0001pt;"><strong>dr. Balázsy Péter<br />
</strong></p>
<p style="margin: 0cm; margin-bottom: .0001pt;"><span style="font-size: 14px;">Területi Választási Iroda vezető<br />
</span></p>
<p style="margin: 0cm; margin-bottom: .0001pt;"><strong>dr. Palotai Péter</strong></p>
<p style="margin: 0cm; margin-bottom: .0001pt;"><span style="font-size: 14px;">Területi Választási Iroda vezető jogi helyettese</span></p>
<p style="margin: 0cm; margin-bottom: .0001pt;"><strong>Fritz Péter</strong></p>
<p style="margin: 0cm; margin-bottom: .0001pt;"><span style="font-size: 14px;">Területi Választási Iroda vezető informatikai felelőse</span></p>
<p style="margin: 0cm; margin-bottom: .0001pt;"><strong>Futó Marianna</strong></p>
<p style="margin: 0cm; margin-bottom: .0001pt;"><span style="font-size: 14px;">Területi Választási Iroda pénzügyi felelőse</span></p>
<p>&nbsp;</p>
<p>Székhely: 9700 Szombathely, Berzsenyi Dániel tér 1.</p>
<p>Postázási cím:    Vas Vármegyei Önkormányzati Hivatal</p>
<p>(Vas Vármegyei Területi Választási Iroda)</p>
<p>9700 Szombathely</p>
<p>Pf. 61.</p>
<p>Telefon:                94/515-702</p>
<p>Email:                   <a href="&#x6d;&#x61;&#105;l&#x74;&#x6f;&#58;&#118;a&#x6c;&#x61;&#115;&#122;t&#x61;&#x73;&#64;va&#x73;&#x6d;&#101;g&#x79;&#x65;&#46;&#104;u">&#118;&#x61;&#108;&#x61;s&#x7a;t&#97;&#x73;&#64;&#x76;&#97;&#x73;m&#x65;g&#121;&#x65;&#46;&#x68;u</a></p>
<p>KRID azonosító: 609318196</p>

		</div>
	</div>
</div></div></div><div class="wpb_column vc_column_container vc_col-sm-4"><div class="vc_column-inner"><div class="wpb_wrapper">
	<div class="wpb_text_column wpb_content_element" >
		<div class="wpb_wrapper">
			<p><img loading="lazy" decoding="async" class="wp-image-3229 aligncenter" src="https://www.vasmegye.hu/wp-content/uploads/2018/07/menu_valasztas.jpg" alt="" width="211" height="292" /></p>

		</div>
	</div>
</div></div></div></div><div class="vc_row wpb_row vc_row-fluid vc_custom_1532520969153"><div class="wpb_column vc_column_container vc_col-sm-12"><div class="vc_column-inner"><div class="wpb_wrapper">
	<div class="wpb_text_column wpb_content_element" >
		<div class="wpb_wrapper">
			<p><strong>A választási irodák a választási bizottságok mellett a választási eljárás legfontosabb szereplői. A szavazatszámláló bizottságot kivéve minden választási bizottság mellett működik választási iroda.</strong></p>
<p>Részletes információk a választási irodákról <a title="Nemzeti Választási Iroda honlapja" href="http://www.valasztas.hu/valasztasi-bizottsagok-es-valasztasi-irodak" target="_blank" rel="noopener">itt</a> érhetők el.</p>

		</div>
	</div>
</div></div></div></div>
</section>

dr. Balázsy Péter Területi Választási Iroda vezető dr. Palotai Péter Területi Választási Iroda vezető jogi helyettese Fritz Péter Területi Választási Iroda vezető informatikai felelőse Futó Marianna Területi Választási Iroda pénzügyi felelőse &nbsp; Székhely: 9700 Szombathely, Berzsenyi Dániel tér 1. Postázási cím:    Vas Vármegyei Önkormányzati Hivatal (Vas Vármegyei Területi Választási Iroda) 9700 Szombathely Pf. 61. [...]
