{"id":2718,"date":"2018-07-12T08:31:45","date_gmt":"2018-07-12T06:31:45","guid":{"rendered":"https:\/\/www.vasmegye.hu\/?post_type=muzeumok-galeriak&#038;p=2718"},"modified":"2025-10-14T08:51:14","modified_gmt":"2025-10-14T06:51:14","slug":"szombathely-szombathelyi-keptar","status":"publish","type":"muzeumok-galeriak","link":"https:\/\/www.vasmegye.hu\/en\/muzeumok-galeriak\/szombathely-szombathelyi-keptar\/","title":{"rendered":"Szombathely &#8211; Szombathelyi K\u00e9pt\u00e1r"},"content":{"rendered":"<p style=\"text-align: justify;\">A Szombathelyi K\u00e9pt\u00e1r\u00a01985-ben ny\u00edlt meg annak az alap\u00edtv\u00e1nynak a kezdem\u00e9nyez\u00e9s\u00e9re, amelynek ut\u00f3da a mai napig t\u00e1mogatja az itt foly\u00f3 munk\u00e1t; rendezv\u00e9nyeket, a k\u00f6nyvt\u00e1rat, egyes ki\u00e1ll\u00edt\u00e1sokat t\u00e1mogatva. A k\u00e9pt\u00e1r\u00a01995-ig a megyei m\u00fazeumi szervezethez tartozott, akkor v\u00e1lt \u00f6n\u00e1ll\u00f3v\u00e1. Orsz\u00e1gos gy\u0171jt\u0151k\u00f6r\u0171 bemutat\u00f3hely, \u00e9vi 15-20 id\u0151szaki ki\u00e1ll\u00edt\u00e1ssal, amelyeken m\u0171v\u00e9szek, m\u0171v\u00e9szcsoportok mutatkoznak be, tematikus ki\u00e1ll\u00edt\u00e1sok keret\u00e9ben is.<\/p>\n<p><strong><u>Nyitvatart\u00e1s 2025-ben<\/u><\/strong><\/p>\n<p><strong>2025.\u00a0janu\u00e1r 8.\u00a0\u2013 m\u00e1rcius 31.; november 1. \u2013 december 31.: szerda\u2013vas\u00e1rnap 10.00\u201318.00<br \/>\n2025. \u00e1prilis 1. \u2013 okt\u00f3ber 31.: kedd\u2013vas\u00e1rnap 10.00-18.00\u00a0<\/strong><\/p>\n<ol start=\"2025\">\n<li><strong> \u00e9vi jegy\u00e1rak:<\/strong><\/li>\n<\/ol>\n<ul>\n<li>teljes \u00e1r\u00fa jegy\u00a0 2.000 Ft\/f\u0151<\/li>\n<li>kedvezm\u00e9nyes (50%) jegy\u00a0 1.000 Ft\/f\u0151<\/li>\n<li>csal\u00e1di jegy (sz\u00fcl\u0151\/k\/ \u00e9s saj\u00e1t gyermekei\/k\/)\u00a0 3.000 Ft\/csal\u00e1d<\/li>\n<li>csoportos jegy (15 f\u0151 felett) 1.500 Ft\/f\u0151<\/li>\n<li>kedvezm\u00e9nyes csoportos jegy (15 f\u0151 felett)\u00a0 \u00a0800 Ft\/f\u0151<\/li>\n<\/ul>\n<p><strong>Weblap:<\/strong><\/p>\n<p><a href=\"http:\/\/keptar.savariamuseum.hu\/\" target=\"_blank\" rel=\"noopener\">http:\/\/keptar.savariamuseum.hu\/<\/a><\/p>","protected":false},"excerpt":{"rendered":"<p>A Szombathelyi K\u00e9pt\u00e1r\u00a01985-ben ny\u00edlt meg annak az alap\u00edtv\u00e1nynak a kezdem\u00e9nyez\u00e9s\u00e9re, amelynek ut\u00f3da a mai napig t\u00e1mogatja az itt foly\u00f3 munk\u00e1t; rendezv\u00e9nyeket, a k\u00f6nyvt\u00e1rat, egyes ki\u00e1ll\u00edt\u00e1sokat t\u00e1mogatva. A k\u00e9pt\u00e1r\u00a01995-ig a megyei m\u00fazeumi szervezethez tartozott, akkor v\u00e1lt \u00f6n\u00e1ll\u00f3v\u00e1. Orsz\u00e1gos gy\u0171jt\u0151k\u00f6r\u0171 bemutat\u00f3hely, \u00e9vi 15-20 id\u0151szaki ki\u00e1ll\u00edt\u00e1ssal, amelyeken m\u0171v\u00e9szek, m\u0171v\u00e9szcsoportok mutatkoznak be, tematikus ki\u00e1ll\u00edt\u00e1sok keret\u00e9ben is. Nyitvatart\u00e1s 2025-ben 2025.\u00a0janu\u00e1r [&hellip;]<\/p>","protected":false},"featured_media":2720,"parent":0,"menu_order":6,"template":"","categories":[],"tags":[],"class_list":["post-2718","muzeumok-galeriak","type-muzeumok-galeriak","status-publish","has-post-thumbnail","hentry","floatton-article"],"ptb_metabox":{"ptb_k_p":["2720","https:\/\/www.vasmegye.hu\/wp-content\/uploads\/2018\/07\/Szombathelyi-K\u00e9pt\u00e1r.jpg","https:\/\/www.vasmegye.hu\/wp-content\/uploads\/2018\/07\/Szombathelyi-K\u00e9pt\u00e1r.jpg"],"ptb_k_pgal_ria":{"url":[""],"link":[""],"title":[""],"description":[""]},"ptb_video":{"url":[""],"title":[""],"description":[""]},"ptb_hely_cime":"9700 Szombathely, R\u00e1k\u00f3czi Ferenc u. 12.","ptb_elerhetoseg":"+36 94 508-800"},"ptb_taxonomy":[],"ptb_featured_image":{"url":"https:\/\/www.vasmegye.hu\/wp-content\/uploads\/2018\/07\/Szombathelyi-K\u00e9pt\u00e1r.jpg","title":"Szombathelyi K\u00e9pt\u00e1r","caption":""},"_links":{"self":[{"href":"https:\/\/www.vasmegye.hu\/en\/wp-json\/wp\/v2\/muzeumok-galeriak\/2718","targetHints":{"allow":["GET"]}}],"collection":[{"href":"https:\/\/www.vasmegye.hu\/en\/wp-json\/wp\/v2\/muzeumok-galeriak"}],"about":[{"href":"https:\/\/www.vasmegye.hu\/en\/wp-json\/wp\/v2\/types\/muzeumok-galeriak"}],"wp:featuredmedia":[{"embeddable":true,"href":"https:\/\/www.vasmegye.hu\/en\/wp-json\/wp\/v2\/media\/2720"}],"wp:attachment":[{"href":"https:\/\/www.vasmegye.hu\/en\/wp-json\/wp\/v2\/media?parent=2718"}],"wp:term":[{"taxonomy":"category","embeddable":true,"href":"https:\/\/www.vasmegye.hu\/en\/wp-json\/wp\/v2\/categories?post=2718"},{"taxonomy":"post_tag","embeddable":true,"href":"https:\/\/www.vasmegye.hu\/en\/wp-json\/wp\/v2\/tags?post=2718"}],"curies":[{"name":"wp","href":"https:\/\/api.w.org\/{rel}","templated":true}]}}

Szombathely &#8211; Szombathelyi Képtár

<p style="text-align: justify;">A Szombathelyi Képtár 1985-ben nyílt meg annak az alapítványnak a kezdeményezésére, amelynek utóda a mai napig támogatja az itt folyó munkát; rendezvényeket, a könyvtárat, egyes kiállításokat támogatva. A képtár 1995-ig a megyei múzeumi szervezethez tartozott, akkor vált önállóvá. Országos gyűjtőkörű bemutatóhely, évi 15-20 időszaki kiállítással, amelyeken művészek, művészcsoportok mutatkoznak be, tematikus kiállítások keretében is.</p>
<p><strong><u>Nyitvatartás 2025-ben</u></strong></p>
<p><strong>2025. január 8. – március 31.; november 1. – december 31.: szerda–vasárnap 10.00–18.00<br />
2025. április 1. – október 31.: kedd–vasárnap 10.00-18.00 </strong></p>
<ol start="2025">
<li><strong> évi jegyárak:</strong></li>
</ol>
<ul>
<li>teljes árú jegy  2.000 Ft/fő</li>
<li>kedvezményes (50%) jegy  1.000 Ft/fő</li>
<li>családi jegy (szülő/k/ és saját gyermekei/k/)  3.000 Ft/család</li>
<li>csoportos jegy (15 fő felett) 1.500 Ft/fő</li>
<li>kedvezményes csoportos jegy (15 fő felett)   800 Ft/fő</li>
</ul>
<p><strong>Weblap:</strong></p>
<p><a href="http://keptar.savariamuseum.hu/" target="_blank" rel="noopener">http://keptar.savariamuseum.hu/</a></p>

<p>A Szombathelyi Képtár 1985-ben nyílt meg annak az alapítványnak a kezdeményezésére, amelynek utóda a mai napig támogatja az itt folyó munkát; rendezvényeket, a könyvtárat, egyes kiállításokat támogatva. A képtár 1995-ig a megyei múzeumi szervezethez tartozott, akkor vált önállóvá. Országos gyűjtőkörű bemutatóhely, évi 15-20 időszaki kiállítással, amelyeken művészek, művészcsoportok mutatkoznak be, tematikus kiállítások keretében is. Nyitvatartás 2025-ben 2025. január [&hellip;]</p>

https://www.vasmegye.hu/wp-content/uploads/2018/07/Szombathelyi-Képtár.jpg

9700 Szombathely, Rákóczi Ferenc u. 12.

Szombathelyi Képtár
