{"id":3552,"date":"2018-07-19T10:30:40","date_gmt":"2018-07-19T08:30:40","guid":{"rendered":"https:\/\/www.vasmegye.hu\/?post_type=kozgyules-tagok&#038;p=3552"},"modified":"2025-02-20T14:57:14","modified_gmt":"2025-02-20T12:57:14","slug":"vorosne-budai-maria","status":"publish","type":"kozgyules-tagok","link":"https:\/\/www.vasmegye.hu\/en\/kozgyules-tagok\/vorosne-budai-maria\/","title":{"rendered":"V\u00f6r\u00f6sn\u00e9 Budai M\u00e1ria"},"content":{"rendered":"<p><strong>BIZOTTS\u00c1GI TAGS\u00c1G:<\/strong><br \/>\nTer\u00fcletfejleszt\u00e9si Bizotts\u00e1g<\/p>\n<p><strong>FRAKCI\u00d3 TAGS\u00c1G:<\/strong><\/p>\n<p>Demokratikus Koal\u00edci\u00f3<\/p>","protected":false},"excerpt":{"rendered":"<p>BIZOTTS\u00c1GI TAGS\u00c1G: Ter\u00fcletfejleszt\u00e9si Bizotts\u00e1g FRAKCI\u00d3 TAGS\u00c1G: Demokratikus Koal\u00edci\u00f3<\/p>","protected":false},"featured_media":0,"parent":0,"menu_order":7,"template":"","class_list":["post-3552","kozgyules-tagok","type-kozgyules-tagok","status-publish","hentry","floatton-article"],"ptb_metabox":{"ptb_e_mail_c_m_":"vorosne.budai.maria[kukac]vasmegye.hu","ptb_let_lthet_fileok_n_letrajz":{"url":[""],"title":[""]}},"ptb_taxonomy":[],"ptb_featured_image":null,"_links":{"self":[{"href":"https:\/\/www.vasmegye.hu\/en\/wp-json\/wp\/v2\/kozgyules-tagok\/3552","targetHints":{"allow":["GET"]}}],"collection":[{"href":"https:\/\/www.vasmegye.hu\/en\/wp-json\/wp\/v2\/kozgyules-tagok"}],"about":[{"href":"https:\/\/www.vasmegye.hu\/en\/wp-json\/wp\/v2\/types\/kozgyules-tagok"}],"wp:attachment":[{"href":"https:\/\/www.vasmegye.hu\/en\/wp-json\/wp\/v2\/media?parent=3552"}],"curies":[{"name":"wp","href":"https:\/\/api.w.org\/{rel}","templated":true}]}}

Vörösné Budai Mária

<p><strong>BIZOTTSÁGI TAGSÁG:</strong><br />
Területfejlesztési Bizottság</p>
<p><strong>FRAKCIÓ TAGSÁG:</strong></p>
<p>Demokratikus Koalíció</p>

<p>BIZOTTSÁGI TAGSÁG: Területfejlesztési Bizottság FRAKCIÓ TAGSÁG: Demokratikus Koalíció</p>
