{"id":3549,"date":"2018-07-19T10:21:23","date_gmt":"2018-07-19T08:21:23","guid":{"rendered":"https:\/\/www.vasmegye.hu\/?post_type=kozgyules-tagok&#038;p=3549"},"modified":"2025-02-20T14:57:07","modified_gmt":"2025-02-20T12:57:07","slug":"belencsak-istvan-bela","status":"publish","type":"kozgyules-tagok","link":"https:\/\/www.vasmegye.hu\/en\/kozgyules-tagok\/belencsak-istvan-bela\/","title":{"rendered":"Belencs\u00e1k Istv\u00e1n B\u00e9la"},"content":{"rendered":"<p><strong>BIZOTTS\u00c1GI TAGS\u00c1G:<\/strong><br \/>\nP\u00e9nz\u00fcgyi \u00e9s \u00dcgyrendi Bizotts\u00e1g<\/p>\n<p><strong>FRAKCI\u00d3 TAGS\u00c1G:<\/strong><br \/>\nFIDESZ &#8211; KDNP<\/p>\n<p>&nbsp;<\/p>","protected":false},"excerpt":{"rendered":"<p>BIZOTTS\u00c1GI TAGS\u00c1G: P\u00e9nz\u00fcgyi \u00e9s \u00dcgyrendi Bizotts\u00e1g FRAKCI\u00d3 TAGS\u00c1G: FIDESZ &#8211; KDNP &nbsp;<\/p>","protected":false},"featured_media":0,"parent":0,"menu_order":8,"template":"","class_list":["post-3549","kozgyules-tagok","type-kozgyules-tagok","status-publish","hentry","floatton-article"],"ptb_metabox":{"ptb_e_mail_c_m_":"belencsak.istvan[kukac]vasmegye.hu","ptb_let_lthet_fileok_n_letrajz":{"url":[""],"title":[""]}},"ptb_taxonomy":[],"ptb_featured_image":null,"_links":{"self":[{"href":"https:\/\/www.vasmegye.hu\/en\/wp-json\/wp\/v2\/kozgyules-tagok\/3549","targetHints":{"allow":["GET"]}}],"collection":[{"href":"https:\/\/www.vasmegye.hu\/en\/wp-json\/wp\/v2\/kozgyules-tagok"}],"about":[{"href":"https:\/\/www.vasmegye.hu\/en\/wp-json\/wp\/v2\/types\/kozgyules-tagok"}],"wp:attachment":[{"href":"https:\/\/www.vasmegye.hu\/en\/wp-json\/wp\/v2\/media?parent=3549"}],"curies":[{"name":"wp","href":"https:\/\/api.w.org\/{rel}","templated":true}]}}

Belencsák István Béla

<p><strong>BIZOTTSÁGI TAGSÁG:</strong><br />
Pénzügyi és Ügyrendi Bizottság</p>
<p><strong>FRAKCIÓ TAGSÁG:</strong><br />
FIDESZ &#8211; KDNP</p>
<p>&nbsp;</p>

<p>BIZOTTSÁGI TAGSÁG: Pénzügyi és Ügyrendi Bizottság FRAKCIÓ TAGSÁG: FIDESZ &#8211; KDNP &nbsp;</p>
