{"id":6388,"date":"2017-04-26T11:02:12","date_gmt":"2017-04-26T09:02:12","guid":{"rendered":"https:\/\/www.vasmegye.hu\/?post_type=hirek&#038;p=6388"},"modified":"2018-08-14T11:04:41","modified_gmt":"2018-08-14T09:04:41","slug":"megujult-a-vas-megyei-turizmus-szovetseg-vezetese","status":"publish","type":"hirek","link":"https:\/\/www.vasmegye.hu\/en\/hirek\/megujult-a-vas-megyei-turizmus-szovetseg-vezetese\/","title":{"rendered":"Meg\u00fajult a Vas Megyei Turizmus Sz\u00f6vets\u00e9g vezet\u00e9se"},"content":{"rendered":"<p>A Vas Megyei Turizmus Sz\u00f6vets\u00e9g legut\u00f3bbi \u00fcl\u00e9s\u00e9n \u00faj vezet\u00e9st v\u00e1lasztott. Az eln\u00f6k dr. Kondora B\u00e1lint, a Vas Megyei K\u00f6zgy\u0171l\u00e9s aleln\u00f6ke lett. Az eln\u00f6k munk\u00e1j\u00e1t aleln\u00f6kk\u00e9nt Szendi Kata, a Pannon Helyi Term\u00e9k Nonprofit Kft. projektmenedzsere \u00e9s Kevy Albert, az \u0150rs\u00e9gi Nemzeti Park Igazgat\u00f3s\u00e1g oszt\u00e1lyvezet\u0151je seg\u00edti.<\/p>\n<p>&nbsp;<\/p>","protected":false},"excerpt":{"rendered":"<p>A Vas Megyei Turizmus Sz\u00f6vets\u00e9g legut\u00f3bbi \u00fcl\u00e9s\u00e9n \u00faj vezet\u00e9st v\u00e1lasztott. Az eln\u00f6k dr. Kondora B\u00e1lint, a Vas Megyei K\u00f6zgy\u0171l\u00e9s aleln\u00f6ke lett. Az eln\u00f6k munk\u00e1j\u00e1t aleln\u00f6kk\u00e9nt Szendi Kata, a Pannon Helyi Term\u00e9k Nonprofit Kft. projektmenedzsere \u00e9s Kevy Albert, az \u0150rs\u00e9gi Nemzeti Park Igazgat\u00f3s\u00e1g oszt\u00e1lyvezet\u0151je seg\u00edti. &nbsp;<\/p>","protected":false},"featured_media":6390,"parent":0,"menu_order":581,"template":"","class_list":["post-6388","hirek","type-hirek","status-publish","has-post-thumbnail","hentry","floatton-article"],"ptb_metabox":{"ptb_file_neve":{"url":[""],"title":[""]},"ptb_vide_url_link_":{"url":[""],"title":[""],"description":[""]},"ptb_kateg_ria":["kateg_ria_1"]},"ptb_taxonomy":[],"ptb_featured_image":{"url":"https:\/\/www.vasmegye.hu\/wp-content\/uploads\/2018\/08\/VMTSZ3-646x427.jpg","title":"VMTSZ3-646x427","caption":""},"_links":{"self":[{"href":"https:\/\/www.vasmegye.hu\/en\/wp-json\/wp\/v2\/hirek\/6388","targetHints":{"allow":["GET"]}}],"collection":[{"href":"https:\/\/www.vasmegye.hu\/en\/wp-json\/wp\/v2\/hirek"}],"about":[{"href":"https:\/\/www.vasmegye.hu\/en\/wp-json\/wp\/v2\/types\/hirek"}],"wp:featuredmedia":[{"embeddable":true,"href":"https:\/\/www.vasmegye.hu\/en\/wp-json\/wp\/v2\/media\/6390"}],"wp:attachment":[{"href":"https:\/\/www.vasmegye.hu\/en\/wp-json\/wp\/v2\/media?parent=6388"}],"curies":[{"name":"wp","href":"https:\/\/api.w.org\/{rel}","templated":true}]}}

Megújult a Vas Megyei Turizmus Szövetség vezetése

<p>A Vas Megyei Turizmus Szövetség legutóbbi ülésén új vezetést választott. Az elnök dr. Kondora Bálint, a Vas Megyei Közgyűlés alelnöke lett. Az elnök munkáját alelnökként Szendi Kata, a Pannon Helyi Termék Nonprofit Kft. projektmenedzsere és Kevy Albert, az Őrségi Nemzeti Park Igazgatóság osztályvezetője segíti.</p>
<p>&nbsp;</p>

<p>A Vas Megyei Turizmus Szövetség legutóbbi ülésén új vezetést választott. Az elnök dr. Kondora Bálint, a Vas Megyei Közgyűlés alelnöke lett. Az elnök munkáját alelnökként Szendi Kata, a Pannon Helyi Termék Nonprofit Kft. projektmenedzsere és Kevy Albert, az Őrségi Nemzeti Park Igazgatóság osztályvezetője segíti. &nbsp;</p>
