{"id":5168,"date":"2016-07-11T08:34:34","date_gmt":"2016-07-11T06:34:34","guid":{"rendered":"https:\/\/www.vasmegye.hu\/?post_type=hirek&#038;p=5168"},"modified":"2018-08-06T08:38:17","modified_gmt":"2018-08-06T06:38:17","slug":"dr-balazsy-peter-cimzetes-egyetemi-docens","status":"publish","type":"hirek","link":"https:\/\/www.vasmegye.hu\/en\/hirek\/dr-balazsy-peter-cimzetes-egyetemi-docens\/","title":{"rendered":"Dr. Bal\u00e1zsy P\u00e9ter c\u00edmzetes egyetemi docens"},"content":{"rendered":"<p>A Nyugat-magyarorsz\u00e1gi Egyetem Szen\u00e1tusa a szombathelyi Term\u00e9szettudom\u00e1nyi \u00e9s M\u0171szaki Kar <span class=\"highlightNode\">c\u00edmzetes<\/span> <span class=\"highlightNode\">egyetemi<\/span> docens\u00e9v\u00e9 nevezte ki dr. Bal\u00e1zsy P\u00e9ter megyei jegyz\u0151t, a Vas Megyei \u00d6nkorm\u00e1nyzati Hivatal vezet\u0151j\u00e9t.<\/p>\n<p>&#8222;Dr. Bal\u00e1zsy P\u00e9ter szervez\u0151 tev\u00e9kenys\u00e9g\u00e9vel nagyban hozz\u00e1j\u00e1rult a szombathelyi g\u00e9p\u00e9szm\u00e9rn\u00f6kk\u00e9pz\u00e9s elind\u00edt\u00e1s\u00e1hoz, folyamatosan k\u00f6veti, seg\u00edti a Savaria <span class=\"highlightNode\">Egyetemi<\/span> K\u00f6zpont meg\u00fajul\u00e1s\u00e1nak folyamat\u00e1t, mag\u00e1nemberk\u00e9nt pedig szaktud\u00e1s\u00e1nak legjav\u00e1t ny\u00fajtva t\u00f6bb \u00e9ve elhivatott \u00f3raad\u00f3ja az egyetem Term\u00e9szettudom\u00e1nyi \u00e9s M\u0171szaki Kar\u00e1nak, valamint p\u00e9ldamutat\u00f3 emberi magatart\u00e1sa elismer\u00e9s\u00e9\u00fcl <span class=\"highlightNode\">c\u00edmzetes egyetemi docens<\/span> c\u00edmet adom\u00e1nyoz a Szen\u00e1tus 2016. j\u00falius h\u00f3 1. napj\u00e1nak hat\u00e1ly\u00e1val.&#8221;<\/p>","protected":false},"excerpt":{"rendered":"<p>A Nyugat-magyarorsz\u00e1gi Egyetem Szen\u00e1tusa a szombathelyi Term\u00e9szettudom\u00e1nyi \u00e9s M\u0171szaki Kar c\u00edmzetes egyetemi docens\u00e9v\u00e9 nevezte ki dr. Bal\u00e1zsy P\u00e9ter megyei jegyz\u0151t, a Vas Megyei \u00d6nkorm\u00e1nyzati Hivatal vezet\u0151j\u00e9t. &#8222;Dr. Bal\u00e1zsy P\u00e9ter szervez\u0151 tev\u00e9kenys\u00e9g\u00e9vel nagyban hozz\u00e1j\u00e1rult a szombathelyi g\u00e9p\u00e9szm\u00e9rn\u00f6kk\u00e9pz\u00e9s elind\u00edt\u00e1s\u00e1hoz, folyamatosan k\u00f6veti, seg\u00edti a Savaria Egyetemi K\u00f6zpont meg\u00fajul\u00e1s\u00e1nak folyamat\u00e1t, mag\u00e1nemberk\u00e9nt pedig szaktud\u00e1s\u00e1nak legjav\u00e1t ny\u00fajtva t\u00f6bb \u00e9ve elhivatott \u00f3raad\u00f3ja [&hellip;]<\/p>","protected":false},"featured_media":5171,"parent":0,"menu_order":586,"template":"","class_list":["post-5168","hirek","type-hirek","status-publish","has-post-thumbnail","hentry","floatton-article"],"ptb_metabox":{"ptb_file_neve":{"url":[""],"title":[""]},"ptb_vide_url_link_":{"url":[""],"title":[""],"description":[""]},"ptb_kateg_ria":["kateg_ria_1"]},"ptb_taxonomy":[],"ptb_featured_image":{"url":"https:\/\/www.vasmegye.hu\/wp-content\/uploads\/2018\/08\/13641276_1365863986763302_4347259332945519671_o.jpg","title":"13641276_1365863986763302_4347259332945519671_o","caption":""},"_links":{"self":[{"href":"https:\/\/www.vasmegye.hu\/en\/wp-json\/wp\/v2\/hirek\/5168","targetHints":{"allow":["GET"]}}],"collection":[{"href":"https:\/\/www.vasmegye.hu\/en\/wp-json\/wp\/v2\/hirek"}],"about":[{"href":"https:\/\/www.vasmegye.hu\/en\/wp-json\/wp\/v2\/types\/hirek"}],"wp:featuredmedia":[{"embeddable":true,"href":"https:\/\/www.vasmegye.hu\/en\/wp-json\/wp\/v2\/media\/5171"}],"wp:attachment":[{"href":"https:\/\/www.vasmegye.hu\/en\/wp-json\/wp\/v2\/media?parent=5168"}],"curies":[{"name":"wp","href":"https:\/\/api.w.org\/{rel}","templated":true}]}}

Dr. Balázsy Péter címzetes egyetemi docens

<p>A Nyugat-magyarországi Egyetem Szenátusa a szombathelyi Természettudományi és Műszaki Kar <span class="highlightNode">címzetes</span> <span class="highlightNode">egyetemi</span> docensévé nevezte ki dr. Balázsy Péter megyei jegyzőt, a Vas Megyei Önkormányzati Hivatal vezetőjét.</p>
<p>&#8222;Dr. Balázsy Péter szervező tevékenységével nagyban hozzájárult a szombathelyi gépészmérnökképzés elindításához, folyamatosan követi, segíti a Savaria <span class="highlightNode">Egyetemi</span> Központ megújulásának folyamatát, magánemberként pedig szaktudásának legjavát nyújtva több éve elhivatott óraadója az egyetem Természettudományi és Műszaki Karának, valamint példamutató emberi magatartása elismeréséül <span class="highlightNode">címzetes egyetemi docens</span> címet adományoz a Szenátus 2016. július hó 1. napjának hatályával.&#8221;</p>

<p>A Nyugat-magyarországi Egyetem Szenátusa a szombathelyi Természettudományi és Műszaki Kar címzetes egyetemi docensévé nevezte ki dr. Balázsy Péter megyei jegyzőt, a Vas Megyei Önkormányzati Hivatal vezetőjét. &#8222;Dr. Balázsy Péter szervező tevékenységével nagyban hozzájárult a szombathelyi gépészmérnökképzés elindításához, folyamatosan követi, segíti a Savaria Egyetemi Központ megújulásának folyamatát, magánemberként pedig szaktudásának legjavát nyújtva több éve elhivatott óraadója [&hellip;]</p>
