{"id":28305,"date":"2026-04-29T13:50:44","date_gmt":"2026-04-29T11:50:44","guid":{"rendered":"https:\/\/www.vasmegye.hu\/?post_type=hirek&#038;p=28305"},"modified":"2026-04-29T13:50:44","modified_gmt":"2026-04-29T11:50:44","slug":"fenntarthato-energia-es-versenykepes-kkv-k-a-kozeppontban-kozos-stakeholder-talalkozo-szombathelyen","status":"publish","type":"hirek","link":"https:\/\/www.vasmegye.hu\/en\/hirek\/fenntarthato-energia-es-versenykepes-kkv-k-a-kozeppontban-kozos-stakeholder-talalkozo-szombathelyen\/","title":{"rendered":"Fenntarthat\u00f3 energia \u00e9s versenyk\u00e9pes KKV-k a k\u00f6z\u00e9ppontban \u2013 k\u00f6z\u00f6s stakeholder tal\u00e1lkoz\u00f3 Szombathelyen"},"content":{"rendered":"<p>2026. \u00e1prilis 29-\u00e9n Szombathelyen, a Megyeh\u00e1z\u00e1n ker\u00fclt megrendez\u00e9sre a Net Zero SMEs \u00e9s a PROGRESS projektek k\u00f6z\u00f6s stakeholder tal\u00e1lkoz\u00f3ja, amely a fenntarthat\u00f3 energiahaszn\u00e1lat, a meg\u00fajul\u00f3 energiak\u00f6z\u00f6ss\u00e9gek fejleszt\u00e9se \u00e9s a kis- \u00e9s k\u00f6z\u00e9pv\u00e1llalkoz\u00e1sok z\u00f6ld \u00e1t\u00e1ll\u00e1s\u00e1nak t\u00e1mogat\u00e1sa k\u00f6r\u00e9 szervez\u0151d\u00f6tt.<\/p>\n<p style=\"text-align: justify;\">Az esem\u00e9ny c\u00e9lja az volt, hogy bemutassa a k\u00e9t nemzetk\u00f6zi projekt eddigi eredm\u00e9nyeit, valamint el\u0151seg\u00edtse a t\u00e9rs\u00e9gi szakmai egy\u00fcttm\u0171k\u00f6d\u00e9sek er\u0151s\u00edt\u00e9s\u00e9t. A tal\u00e1lkoz\u00f3n \u00f6nkorm\u00e1nyzati, gazdas\u00e1gi, innov\u00e1ci\u00f3s \u00e9s tudom\u00e1nyos szerepl\u0151k k\u00f6z\u00f6sen kerest\u00e9k azokat a gyakorlati megold\u00e1sokat, amelyek helyi szinten is hozz\u00e1j\u00e1rulhatnak a fenntarthat\u00f3 fejl\u0151d\u00e9shez. A h\u00edr szerkeszt\u00e9si elvei a VV\u00d6H social \u00e9s web guideline alapj\u00e1n k\u00e9sz\u00fcltek .<\/p>\n<p style=\"text-align: justify;\">A PROGRESS projekt f\u00f3kusz\u00e1ban a meg\u00fajul\u00f3 energia k\u00f6z\u00f6ss\u00e9gek fejleszt\u00e9se \u00e1ll. A szakmai el\u0151ad\u00e1sok sor\u00e1n olyan j\u00f3 gyakorlatok \u00e9s innovat\u00edv megk\u00f6zel\u00edt\u00e9sek ker\u00fcltek bemutat\u00e1sra, amelyek seg\u00edthetik a k\u00f6z\u00f6ss\u00e9gi energiatermel\u00e9s \u00e9s -felhaszn\u00e1l\u00e1s hat\u00e9konyabb megszervez\u00e9s\u00e9t. Kiemelt figyelmet kaptak a k\u00f6z\u00f6ss\u00e9gek l\u00e9trehoz\u00e1s\u00e1t t\u00e1mogat\u00f3 mentor\u00e1l\u00e1si m\u00f3dszerek, az egyablakos tan\u00e1csad\u00e1si rendszerek, valamint a mesters\u00e9ges intelligenci\u00e1ra \u00e9p\u00fcl\u0151 megold\u00e1sok is.<\/p>\n<p style=\"text-align: justify;\">A Net Zero SMEs projekt a kis- \u00e9s k\u00f6z\u00e9pv\u00e1llalkoz\u00e1sok fenntarthat\u00f3 m\u0171k\u00f6d\u00e9s\u00e9nek t\u00e1mogat\u00e1s\u00e1ra koncentr\u00e1l. A bemutatott eredm\u00e9nyek r\u00e1mutattak arra, hogy a v\u00e1llalkoz\u00e1sok z\u00f6ld \u00e1t\u00e1ll\u00e1s\u00e1t legink\u00e1bb a finansz\u00edroz\u00e1si neh\u00e9zs\u00e9gek, az \u00f6sszetett szab\u00e1lyoz\u00e1si k\u00f6rnyezet \u00e9s a megfelel\u0151 szakemberek hi\u00e1nya nehez\u00edti. Ugyanakkor a helyi \u00e9s nemzetk\u00f6zi egy\u00fcttm\u0171k\u00f6d\u00e9sek, valamint a c\u00e9lzott t\u00e1mogat\u00e1si eszk\u00f6z\u00f6k jelent\u0151s seg\u00edts\u00e9get ny\u00fajthatnak ezek lek\u00fczd\u00e9s\u00e9ben.<\/p>\n<p style=\"text-align: justify;\">A program r\u00e9szek\u00e9nt bemutat\u00e1sra ker\u00fclt egy olyan kezdem\u00e9nyez\u00e9s is, amely gyakorlati eszk\u00f6z\u00f6kkel seg\u00edti a KKV-k j\u00f6v\u0151\u00e1ll\u00f3 fejl\u0151d\u00e9s\u00e9t, t\u00e1mogatva egyszerre a z\u00f6ld \u00e9s digit\u00e1lis \u00e1t\u00e1ll\u00e1st.<\/p>\n<p style=\"text-align: justify;\">A stakeholder tal\u00e1lkoz\u00f3n sz\u00e9les k\u00f6r\u0171 szakmai r\u00e9szv\u00e9tel val\u00f3sult meg. Jelen volt t\u00f6bbek k\u00f6z\u00f6tt a Vas V\u00e1rmegyei \u00d6nkorm\u00e1nyzati Hivatal, a Vas V\u00e1rmegyei Kereskedelmi \u00e9s Iparkamara, a Vas V\u00e1rmegyei \u00c9p\u00edt\u00e9sz Kamara, Zala V\u00e1rmegye \u00d6nkorm\u00e1nyzata, K\u0151szeg V\u00e1ros \u00d6nkorm\u00e1nyzata, Szentgotth\u00e1rd V\u00e1ros \u00d6nkorm\u00e1nyzata, a Pannon Novum Nonprofit Kft., a Zala Megyei V\u00e1llalkoz\u00e1sfejleszt\u00e9si Alap\u00edtv\u00e1ny, a Nemzeti Innov\u00e1ci\u00f3s \u00dcgyn\u00f6ks\u00e9g, a Nemzeti Fejleszt\u00e9si K\u00f6zpont, a Magyar Fejleszt\u00e9s\u00f6szt\u00f6nz\u0151 Iroda, a Budapesti M\u0171szaki \u00e9s Gazdas\u00e1gtudom\u00e1nyi Egyetem, valamint a D\u00e9l-Dun\u00e1nt\u00fali Region\u00e1lis Innov\u00e1ci\u00f3s \u00dcgyn\u00f6ks\u00e9g k\u00e9pvisel\u0151i is.<\/p>\n<p style=\"text-align: justify;\">A r\u00e9sztvev\u0151k egyet\u00e9rtettek abban, hogy a fenntarthat\u00f3 energiahaszn\u00e1lat \u00e9s a gazdas\u00e1g z\u00f6ld \u00e1t\u00e1ll\u00e1sa csak sz\u00e9les k\u00f6r\u0171 partners\u00e9gen \u00e9s tud\u00e1smegoszt\u00e1son alapulva val\u00f3s\u00edthat\u00f3 meg. A tal\u00e1lkoz\u00f3 fontos l\u00e9p\u00e9st jelentett abban, hogy a t\u00e9rs\u00e9g szerepl\u0151i k\u00f6z\u00f6sen dolgozzanak ki olyan megold\u00e1sokat, amelyek hossz\u00fa t\u00e1von is hozz\u00e1j\u00e1rulnak Vas v\u00e1rmegye versenyk\u00e9pess\u00e9g\u00e9hez \u00e9s fenntarthat\u00f3 fejl\u0151d\u00e9s\u00e9hez.<\/p>","protected":false},"excerpt":{"rendered":"<p>2026. \u00e1prilis 29-\u00e9n Szombathelyen, a Megyeh\u00e1z\u00e1n ker\u00fclt megrendez\u00e9sre a Net Zero SMEs \u00e9s a PROGRESS projektek k\u00f6z\u00f6s stakeholder tal\u00e1lkoz\u00f3ja, amely a fenntarthat\u00f3 energiahaszn\u00e1lat, a meg\u00fajul\u00f3 energiak\u00f6z\u00f6ss\u00e9gek fejleszt\u00e9se \u00e9s a kis- \u00e9s k\u00f6z\u00e9pv\u00e1llalkoz\u00e1sok z\u00f6ld \u00e1t\u00e1ll\u00e1s\u00e1nak t\u00e1mogat\u00e1sa k\u00f6r\u00e9 szervez\u0151d\u00f6tt. Az esem\u00e9ny c\u00e9lja az volt, hogy bemutassa a k\u00e9t nemzetk\u00f6zi projekt eddigi eredm\u00e9nyeit, valamint el\u0151seg\u00edtse a t\u00e9rs\u00e9gi szakmai [&hellip;]<\/p>","protected":false},"featured_media":28304,"parent":0,"menu_order":0,"template":"","class_list":["post-28305","hirek","type-hirek","status-publish","has-post-thumbnail","hentry","floatton-article"],"ptb_metabox":{"ptb_file_neve":{"url":[""],"title":[""]},"ptb_vide_url_link_":{"url":[""],"title":[""],"description":[""]},"ptb_kateg_ria":["kateg_ria_1"]},"ptb_taxonomy":[],"ptb_featured_image":{"url":"http:\/\/www.vasmegye.hu\/wp-content\/uploads\/2026\/04\/Net-Zero-SMEsProgress.png","title":"Net Zero SMEs+Progress","caption":""},"_links":{"self":[{"href":"https:\/\/www.vasmegye.hu\/en\/wp-json\/wp\/v2\/hirek\/28305","targetHints":{"allow":["GET"]}}],"collection":[{"href":"https:\/\/www.vasmegye.hu\/en\/wp-json\/wp\/v2\/hirek"}],"about":[{"href":"https:\/\/www.vasmegye.hu\/en\/wp-json\/wp\/v2\/types\/hirek"}],"wp:featuredmedia":[{"embeddable":true,"href":"https:\/\/www.vasmegye.hu\/en\/wp-json\/wp\/v2\/media\/28304"}],"wp:attachment":[{"href":"https:\/\/www.vasmegye.hu\/en\/wp-json\/wp\/v2\/media?parent=28305"}],"curies":[{"name":"wp","href":"https:\/\/api.w.org\/{rel}","templated":true}]}}

Fenntartható energia és versenyképes KKV-k a középpontban – közös stakeholder találkozó Szombathelyen

<p>2026. április 29-én Szombathelyen, a Megyeházán került megrendezésre a Net Zero SMEs és a PROGRESS projektek közös stakeholder találkozója, amely a fenntartható energiahasználat, a megújuló energiaközösségek fejlesztése és a kis- és középvállalkozások zöld átállásának támogatása köré szerveződött.</p>
<p style="text-align: justify;">Az esemény célja az volt, hogy bemutassa a két nemzetközi projekt eddigi eredményeit, valamint elősegítse a térségi szakmai együttműködések erősítését. A találkozón önkormányzati, gazdasági, innovációs és tudományos szereplők közösen keresték azokat a gyakorlati megoldásokat, amelyek helyi szinten is hozzájárulhatnak a fenntartható fejlődéshez. A hír szerkesztési elvei a VVÖH social és web guideline alapján készültek .</p>
<p style="text-align: justify;">A PROGRESS projekt fókuszában a megújuló energia közösségek fejlesztése áll. A szakmai előadások során olyan jó gyakorlatok és innovatív megközelítések kerültek bemutatásra, amelyek segíthetik a közösségi energiatermelés és -felhasználás hatékonyabb megszervezését. Kiemelt figyelmet kaptak a közösségek létrehozását támogató mentorálási módszerek, az egyablakos tanácsadási rendszerek, valamint a mesterséges intelligenciára épülő megoldások is.</p>
<p style="text-align: justify;">A Net Zero SMEs projekt a kis- és középvállalkozások fenntartható működésének támogatására koncentrál. A bemutatott eredmények rámutattak arra, hogy a vállalkozások zöld átállását leginkább a finanszírozási nehézségek, az összetett szabályozási környezet és a megfelelő szakemberek hiánya nehezíti. Ugyanakkor a helyi és nemzetközi együttműködések, valamint a célzott támogatási eszközök jelentős segítséget nyújthatnak ezek leküzdésében.</p>
<p style="text-align: justify;">A program részeként bemutatásra került egy olyan kezdeményezés is, amely gyakorlati eszközökkel segíti a KKV-k jövőálló fejlődését, támogatva egyszerre a zöld és digitális átállást.</p>
<p style="text-align: justify;">A stakeholder találkozón széles körű szakmai részvétel valósult meg. Jelen volt többek között a Vas Vármegyei Önkormányzati Hivatal, a Vas Vármegyei Kereskedelmi és Iparkamara, a Vas Vármegyei Építész Kamara, Zala Vármegye Önkormányzata, Kőszeg Város Önkormányzata, Szentgotthárd Város Önkormányzata, a Pannon Novum Nonprofit Kft., a Zala Megyei Vállalkozásfejlesztési Alapítvány, a Nemzeti Innovációs Ügynökség, a Nemzeti Fejlesztési Központ, a Magyar Fejlesztésösztönző Iroda, a Budapesti Műszaki és Gazdaságtudományi Egyetem, valamint a Dél-Dunántúli Regionális Innovációs Ügynökség képviselői is.</p>
<p style="text-align: justify;">A résztvevők egyetértettek abban, hogy a fenntartható energiahasználat és a gazdaság zöld átállása csak széles körű partnerségen és tudásmegosztáson alapulva valósítható meg. A találkozó fontos lépést jelentett abban, hogy a térség szereplői közösen dolgozzanak ki olyan megoldásokat, amelyek hosszú távon is hozzájárulnak Vas vármegye versenyképességéhez és fenntartható fejlődéséhez.</p>

<p>2026. április 29-én Szombathelyen, a Megyeházán került megrendezésre a Net Zero SMEs és a PROGRESS projektek közös stakeholder találkozója, amely a fenntartható energiahasználat, a megújuló energiaközösségek fejlesztése és a kis- és középvállalkozások zöld átállásának támogatása köré szerveződött. Az esemény célja az volt, hogy bemutassa a két nemzetközi projekt eddigi eredményeit, valamint elősegítse a térségi szakmai [&hellip;]</p>
