{"id":26477,"date":"2025-12-12T08:56:03","date_gmt":"2025-12-12T06:56:03","guid":{"rendered":"https:\/\/www.vasmegye.hu\/?post_type=hirek&#038;p=26477"},"modified":"2025-12-12T20:08:15","modified_gmt":"2025-12-12T18:08:15","slug":"gov4water-franciaorszagi-tanulmanyut-es-interregionalis-szeminarium-orleans-ban","status":"publish","type":"hirek","link":"https:\/\/www.vasmegye.hu\/en\/hirek\/gov4water-franciaorszagi-tanulmanyut-es-interregionalis-szeminarium-orleans-ban\/","title":{"rendered":"Gov4Water \u2013 Franciaorsz\u00e1gi tanulm\u00e1ny\u00fat \u00e9s interregion\u00e1lis szemin\u00e1rium Orl\u00e9ans-ban"},"content":{"rendered":"<p style=\"text-align: justify;\" data-start=\"332\" data-end=\"607\">2025. november 26\u201327-\u00e9n ker\u00fclt sor a <strong data-start=\"363\" data-end=\"376\">Gov4Water<\/strong> projekt harmadik interregion\u00e1lis szemin\u00e1rium\u00e1ra \u00e9s tanulm\u00e1ny\u00fatj\u00e1ra <strong data-start=\"444\" data-end=\"475\">Orl\u00e9ans<\/strong>-ban (Franciaorsz\u00e1g). Az esem\u00e9ny az Interreg Europe Program keret\u00e9ben val\u00f3sult meg, a projektpartnerek \u00e9s megh\u00edvott szakmai szerepl\u0151k r\u00e9szv\u00e9tel\u00e9vel.<\/p>\n<p style=\"text-align: justify;\" data-start=\"609\" data-end=\"1081\">A k\u00e9tnapos program k\u00f6z\u00e9ppontj\u00e1ban az \u00e9ghajlatv\u00e1ltoz\u00e1s \u00e1ltal \u00e9rintett v\u00edzgazd\u00e1lkod\u00e1s korm\u00e1nyz\u00e1si kih\u00edv\u00e1sai, valamint az ezekre adhat\u00f3 szakpolitikai v\u00e1laszok \u00e9s megold\u00e1si javaslatok \u00e1lltak. A szemin\u00e1rium els\u0151 napj\u00e1n a r\u00e9sztvev\u0151k \u00e1ttekintett\u00e9k a projekt el\u0151rehalad\u00e1s\u00e1t, bemutatt\u00e1k az egyes r\u00e9gi\u00f3kban k\u00e9sz\u00fclt \u201egovernance needs and proposals\u201d anyagokat, majd k\u00f6z\u00f6s m\u0171helymunka keret\u00e9ben azonos\u00edtott\u00e1k a f\u0151bb k\u00f6z\u00f6s pontokat, elt\u00e9r\u00e9seket \u00e9s tov\u00e1bbi fejleszt\u00e9si ir\u00e1nyokat.<\/p>\n<p style=\"text-align: justify;\" data-start=\"1349\" data-end=\"1830\">A tanulm\u00e1ny\u00fat m\u00e1sodik napj\u00e1n a r\u00e9sztvev\u0151k j\u00f3 gyakorlatokat bemutat\u00f3 helysz\u00edni l\u00e1togat\u00e1sokon vettek r\u00e9szt. A program els\u0151 \u00e1llom\u00e1sak\u00e9nt a Larry v\u00e1rosr\u00e9sz fejleszt\u00e9si ter\u00fclet\u00e9n mutatt\u00e1k be az \u201eObjectif Climat 2030\u201d megk\u00f6zel\u00edt\u00e9st, amely a fenntarthat\u00f3 v\u00e1rostervez\u00e9st \u00e9s a v\u00edzgazd\u00e1lkod\u00e1si szempontokat integr\u00e1lt m\u00f3don kezeli. A d\u00e9lut\u00e1ni l\u00e1togat\u00e1s sor\u00e1n egy fenntarthat\u00f3 v\u00edzhaszn\u00e1latra \u00e9p\u00fcl\u0151 faiskola m\u0171k\u00f6d\u00e9s\u00e9t ismerhett\u00e9k meg a r\u00e9sztvev\u0151k, gyakorlati p\u00e9ld\u00e1kon kereszt\u00fcl.<\/p>\n<p style=\"text-align: justify;\" data-start=\"1832\" data-end=\"2125\">A tanulm\u00e1ny\u00fat hozz\u00e1j\u00e1rult a projektben r\u00e9szt vev\u0151 r\u00e9gi\u00f3k k\u00f6z\u00f6tti tud\u00e1smegoszt\u00e1s er\u0151s\u00edt\u00e9s\u00e9hez, valamint olyan tapasztalatokat \u00e9s inspir\u00e1ci\u00f3kat ny\u00fajtott, amelyek a helyi \u00e9s region\u00e1lis szint\u0171 alkalmazkod\u00e1si int\u00e9zked\u00e9sek kialak\u00edt\u00e1s\u00e1t is t\u00e1mogathatj\u00e1k.<\/p>\n<p data-start=\"2127\" data-end=\"2204\">Tov\u00e1bbi inform\u00e1ci\u00f3 a projektr\u0151l:<br data-start=\"2159\" data-end=\"2162\" \/>\ud83d\udd17 <a class=\"decorated-link\" href=\"https:\/\/www.interregeurope.eu\/gov4water\" target=\"_new\" rel=\"noopener\" data-start=\"2165\" data-end=\"2204\">https:\/\/www.interregeurope.eu\/gov4water<\/a><\/p>\n<p data-start=\"2127\" data-end=\"2204\">\n<p style=\"text-align: center;\" data-start=\"2127\" data-end=\"2204\"><em>A projekt megval\u00f3s\u00edt\u00e1s\u00e1ban a Vas V\u00e1rmegyei \u00d6nkorm\u00e1nyzati Hivatal a Magyar \u00c1llam t\u00e1rsfinansz\u00edroz\u00e1s\u00e1val vesz r\u00e9szt.<\/em><\/p>\n<div class=\"wp-block-image\"><img loading=\"lazy\" decoding=\"async\" class=\"wpa-warning wpa-image-missing-alt alignnone  wp-image-23342 aligncenter\" src=\"http:\/\/www.vasmegye.hu\/wp-content\/uploads\/2024\/11\/Gov4Water_Logo_CMYK-300x108.jpg\" alt=\"\" width=\"267\" height=\"96\" data-warning=\"Missing alt text\" srcset=\"https:\/\/www.vasmegye.hu\/wp-content\/uploads\/2024\/11\/Gov4Water_Logo_CMYK-300x108.jpg 300w, https:\/\/www.vasmegye.hu\/wp-content\/uploads\/2024\/11\/Gov4Water_Logo_CMYK-1024x367.jpg 1024w, https:\/\/www.vasmegye.hu\/wp-content\/uploads\/2024\/11\/Gov4Water_Logo_CMYK-768x276.jpg 768w, https:\/\/www.vasmegye.hu\/wp-content\/uploads\/2024\/11\/Gov4Water_Logo_CMYK-1536x551.jpg 1536w, https:\/\/www.vasmegye.hu\/wp-content\/uploads\/2024\/11\/Gov4Water_Logo_CMYK-2048x735.jpg 2048w, https:\/\/www.vasmegye.hu\/wp-content\/uploads\/2024\/11\/Gov4Water_Logo_CMYK-18x6.jpg 18w, https:\/\/www.vasmegye.hu\/wp-content\/uploads\/2024\/11\/Gov4Water_Logo_CMYK-50x18.jpg 50w, https:\/\/www.vasmegye.hu\/wp-content\/uploads\/2024\/11\/Gov4Water_Logo_CMYK-100x36.jpg 100w, https:\/\/www.vasmegye.hu\/wp-content\/uploads\/2024\/11\/Gov4Water_Logo_CMYK-500x179.jpg 500w\" sizes=\"auto, (max-width: 267px) 100vw, 267px\" \/><\/div>","protected":false},"excerpt":{"rendered":"<p>2025. november 26\u201327-\u00e9n ker\u00fclt sor a Gov4Water projekt harmadik interregion\u00e1lis szemin\u00e1rium\u00e1ra \u00e9s tanulm\u00e1ny\u00fatj\u00e1ra Orl\u00e9ans-ban (Franciaorsz\u00e1g). Az esem\u00e9ny az Interreg Europe Program keret\u00e9ben val\u00f3sult meg, a projektpartnerek \u00e9s megh\u00edvott szakmai szerepl\u0151k r\u00e9szv\u00e9tel\u00e9vel. A k\u00e9tnapos program k\u00f6z\u00e9ppontj\u00e1ban az \u00e9ghajlatv\u00e1ltoz\u00e1s \u00e1ltal \u00e9rintett v\u00edzgazd\u00e1lkod\u00e1s korm\u00e1nyz\u00e1si kih\u00edv\u00e1sai, valamint az ezekre adhat\u00f3 szakpolitikai v\u00e1laszok \u00e9s megold\u00e1si javaslatok \u00e1lltak. A szemin\u00e1rium els\u0151 [&hellip;]<\/p>","protected":false},"featured_media":26463,"parent":0,"menu_order":32,"template":"","class_list":["post-26477","hirek","type-hirek","status-publish","has-post-thumbnail","hentry","floatton-article"],"ptb_metabox":{"ptb_file_neve":{"url":[""],"title":[""]},"ptb_vide_url_link_":{"url":[""],"title":[""],"description":[""]},"ptb_kateg_ria":["kateg_ria_1"]},"ptb_taxonomy":[],"ptb_featured_image":{"url":"http:\/\/www.vasmegye.hu\/wp-content\/uploads\/2025\/12\/Gov4Water-Orleans.png","title":"Gov4Water-Orl\u00e9ans","caption":""},"_links":{"self":[{"href":"https:\/\/www.vasmegye.hu\/en\/wp-json\/wp\/v2\/hirek\/26477","targetHints":{"allow":["GET"]}}],"collection":[{"href":"https:\/\/www.vasmegye.hu\/en\/wp-json\/wp\/v2\/hirek"}],"about":[{"href":"https:\/\/www.vasmegye.hu\/en\/wp-json\/wp\/v2\/types\/hirek"}],"wp:featuredmedia":[{"embeddable":true,"href":"https:\/\/www.vasmegye.hu\/en\/wp-json\/wp\/v2\/media\/26463"}],"wp:attachment":[{"href":"https:\/\/www.vasmegye.hu\/en\/wp-json\/wp\/v2\/media?parent=26477"}],"curies":[{"name":"wp","href":"https:\/\/api.w.org\/{rel}","templated":true}]}}

Gov4Water – Franciaországi tanulmányút és interregionális szeminárium Orléans-ban

<p style="text-align: justify;" data-start="332" data-end="607">2025. november 26–27-én került sor a <strong data-start="363" data-end="376">Gov4Water</strong> projekt harmadik interregionális szemináriumára és tanulmányútjára <strong data-start="444" data-end="475">Orléans</strong>-ban (Franciaország). Az esemény az Interreg Europe Program keretében valósult meg, a projektpartnerek és meghívott szakmai szereplők részvételével.</p>
<p style="text-align: justify;" data-start="609" data-end="1081">A kétnapos program középpontjában az éghajlatváltozás által érintett vízgazdálkodás kormányzási kihívásai, valamint az ezekre adható szakpolitikai válaszok és megoldási javaslatok álltak. A szeminárium első napján a résztvevők áttekintették a projekt előrehaladását, bemutatták az egyes régiókban készült „governance needs and proposals” anyagokat, majd közös műhelymunka keretében azonosították a főbb közös pontokat, eltéréseket és további fejlesztési irányokat.</p>
<p style="text-align: justify;" data-start="1349" data-end="1830">A tanulmányút második napján a résztvevők jó gyakorlatokat bemutató helyszíni látogatásokon vettek részt. A program első állomásaként a Larry városrész fejlesztési területén mutatták be az „Objectif Climat 2030” megközelítést, amely a fenntartható várostervezést és a vízgazdálkodási szempontokat integrált módon kezeli. A délutáni látogatás során egy fenntartható vízhasználatra épülő faiskola működését ismerhették meg a résztvevők, gyakorlati példákon keresztül.</p>
<p style="text-align: justify;" data-start="1832" data-end="2125">A tanulmányút hozzájárult a projektben részt vevő régiók közötti tudásmegosztás erősítéséhez, valamint olyan tapasztalatokat és inspirációkat nyújtott, amelyek a helyi és regionális szintű alkalmazkodási intézkedések kialakítását is támogathatják.</p>
<p data-start="2127" data-end="2204">További információ a projektről:<br data-start="2159" data-end="2162" />🔗 <a class="decorated-link" href="https://www.interregeurope.eu/gov4water" target="_new" rel="noopener" data-start="2165" data-end="2204">https://www.interregeurope.eu/gov4water</a></p>
<p data-start="2127" data-end="2204">
<p style="text-align: center;" data-start="2127" data-end="2204"><em>A projekt megvalósításában a Vas Vármegyei Önkormányzati Hivatal a Magyar Állam társfinanszírozásával vesz részt.</em></p>
<div class="wp-block-image"><img loading="lazy" decoding="async" class="wpa-warning wpa-image-missing-alt alignnone  wp-image-23342 aligncenter" src="http://www.vasmegye.hu/wp-content/uploads/2024/11/Gov4Water_Logo_CMYK-300x108.jpg" alt="" width="267" height="96" data-warning="Missing alt text" srcset="https://www.vasmegye.hu/wp-content/uploads/2024/11/Gov4Water_Logo_CMYK-300x108.jpg 300w, https://www.vasmegye.hu/wp-content/uploads/2024/11/Gov4Water_Logo_CMYK-1024x367.jpg 1024w, https://www.vasmegye.hu/wp-content/uploads/2024/11/Gov4Water_Logo_CMYK-768x276.jpg 768w, https://www.vasmegye.hu/wp-content/uploads/2024/11/Gov4Water_Logo_CMYK-1536x551.jpg 1536w, https://www.vasmegye.hu/wp-content/uploads/2024/11/Gov4Water_Logo_CMYK-2048x735.jpg 2048w, https://www.vasmegye.hu/wp-content/uploads/2024/11/Gov4Water_Logo_CMYK-18x6.jpg 18w, https://www.vasmegye.hu/wp-content/uploads/2024/11/Gov4Water_Logo_CMYK-50x18.jpg 50w, https://www.vasmegye.hu/wp-content/uploads/2024/11/Gov4Water_Logo_CMYK-100x36.jpg 100w, https://www.vasmegye.hu/wp-content/uploads/2024/11/Gov4Water_Logo_CMYK-500x179.jpg 500w" sizes="auto, (max-width: 267px) 100vw, 267px" /></div>

<p>2025. november 26–27-én került sor a Gov4Water projekt harmadik interregionális szemináriumára és tanulmányútjára Orléans-ban (Franciaország). Az esemény az Interreg Europe Program keretében valósult meg, a projektpartnerek és meghívott szakmai szereplők részvételével. A kétnapos program középpontjában az éghajlatváltozás által érintett vízgazdálkodás kormányzási kihívásai, valamint az ezekre adható szakpolitikai válaszok és megoldási javaslatok álltak. A szeminárium első [&hellip;]</p>

Gov4Water-Orléans
