{"id":26470,"date":"2025-12-12T19:55:00","date_gmt":"2025-12-12T17:55:00","guid":{"rendered":"https:\/\/www.vasmegye.hu\/?post_type=hirek&#038;p=26470"},"modified":"2025-12-12T20:09:12","modified_gmt":"2025-12-12T18:09:12","slug":"fenntarthato-kozlekedes-szakmai-egyeztetes-szombathelyen","status":"publish","type":"hirek","link":"https:\/\/www.vasmegye.hu\/en\/hirek\/fenntarthato-kozlekedes-szakmai-egyeztetes-szombathelyen\/","title":{"rendered":"Fenntarthat\u00f3 k\u00f6zleked\u00e9s szakmai egyeztet\u00e9s Szombathelyen"},"content":{"rendered":"<p style=\"text-align: justify;\">2025. december 3-\u00e1n a Megyeh\u00e1za C\u00edmerterm\u00e9ben \u00fcl\u00e9sezett a Fenntarthat\u00f3 k\u00f6zleked\u00e9s \u2013 Helyi Szak\u00e9rt\u0151i Csoport, amelyen 36 szak\u00e9rt\u0151 vett r\u00e9szt k\u00fcl\u00f6nb\u00f6z\u0151 int\u00e9zm\u00e9nyek, \u00f6nkorm\u00e1nyzatok, szakmai szervezetek \u00e9s fels\u0151oktat\u00e1si szerepl\u0151k k\u00e9pviselet\u00e9ben.<\/p>\n<p style=\"text-align: justify;\">A rendezv\u00e9nyt dr. Bal\u00e1zsy P\u00e9ter, a #VasV\u00e1rmegyei\u00d6nkorm\u00e1nyzatiHivatal v\u00e1rmegyei jegyz\u0151je nyitotta meg, majd a r\u00e9sztvev\u0151k t\u00f6bb aktu\u00e1lis mobilit\u00e1si t\u00e9m\u00e1t \u00e9rint\u0151 el\u0151ad\u00e1st hallhattak.<\/p>\n<p>\ud83d\udd39 A hazai akt\u00edv mobilit\u00e1s helyzete \u00e9s j\u00f6v\u0151je \u2013 el\u0151ad\u00f3: Madar\u00e1sz-Losonczy B\u00e1lint, f\u0151oszt\u00e1lyvezet\u0151, #K\u00f6zigazgat\u00e1si\u00c9sTer\u00fcletfejleszt\u00e9siMiniszt\u00e9rium<\/p>\n<p>\ud83d\udd39 TOP Plusz forr\u00e1sok a fenntarthat\u00f3 k\u00f6zleked\u00e9s\u00e9rt \u2013 el\u0151ad\u00f3: Katona Zsuzsanna, programir\u00e1ny\u00edt\u00f3 referens, #NemzetiFejleszt\u00e9siK\u00f6zpont<\/p>\n<p>\ud83d\udd39 Vas V\u00e1rmegye Ker\u00e9kp\u00e1rforgalmi F\u0151h\u00e1l\u00f3zati Terve \u2013 el\u0151ad\u00f3: Horv\u00e1th Ervin, projektmenedzser, #VasV\u00e1rmegyei\u00d6nkorm\u00e1nyzatiHivatal<\/p>\n<p>A digit\u00e1lis mobilit\u00e1si megold\u00e1sokat, valamint a lakoss\u00e1gi k\u00f6zleked\u00e9si szok\u00e1sok felm\u00e9r\u00e9s\u00e9t bemutatta:<br \/>\n\ud83d\udd38 Rosta-Peth\u0151 Regina, projektmenedzser (#MaaSolutions, #SMOOTY, #ARTIST)<br \/>\n\ud83d\udd38 dr. Andrejszki Tam\u00e1s, akt\u00edv mobilit\u00e1si szak\u00e9rt\u0151, #\u00c9rt\u00e9kterv<\/p>\n<p>A szakmai program m\u00e1sodik fel\u00e9ben sz\u00f3 esett:<br \/>\n\ud83d\ude87 az alacsony n\u00e9ps\u0171r\u0171s\u00e9g\u0171 t\u00e9rs\u00e9gek mobilit\u00e1si kih\u00edv\u00e1sair\u00f3l,<br \/>\n\ud83d\udeb8 Vas v\u00e1rmegye k\u00f6zleked\u00e9si helyzetelemz\u00e9s\u00e9r\u0151l \u2013 el\u0151ad\u00f3: dr. Szakonyi Petra, #Sz\u00e9chenyiIstv\u00e1nEgyetem<br \/>\n\ud83c\udfa8 a m\u00e1rka\u00e9p\u00edt\u00e9s \u00e9s design szerep\u00e9r\u0151l az alternat\u00edv k\u00f6zleked\u00e9si m\u00f3dok n\u00e9pszer\u0171s\u00edt\u00e9s\u00e9ben \u2013 el\u0151ad\u00f3: dr. Sz\u00e9kely Kl\u00e1ra, #ELTESEK<\/p>\n<p style=\"text-align: center;\">A tal\u00e1lkoz\u00f3 a MaaSolutions, a SMOOTY \u00e9s az ARTIST projektek keret\u00e9ben, az Interreg Europe Program \u00e9s az Eur\u00f3pai Region\u00e1lis Fejleszt\u00e9si Alap t\u00e1mogat\u00e1s\u00e1val val\u00f3sult meg.<\/p>\n<div class=\"wp-block-image\" style=\"text-align: center;\"><img loading=\"lazy\" decoding=\"async\" class=\"wpa-warning wpa-image-missing-alt alignnone wp-image-24918\" src=\"http:\/\/www.vasmegye.hu\/wp-content\/uploads\/2025\/04\/MaaSolutions_Logo-300x108.png\" alt=\"\" width=\"253\" height=\"91\" data-warning=\"Missing alt text\" srcset=\"https:\/\/www.vasmegye.hu\/wp-content\/uploads\/2025\/04\/MaaSolutions_Logo-300x108.png 300w, https:\/\/www.vasmegye.hu\/wp-content\/uploads\/2025\/04\/MaaSolutions_Logo-1024x368.png 1024w, https:\/\/www.vasmegye.hu\/wp-content\/uploads\/2025\/04\/MaaSolutions_Logo-768x276.png 768w, https:\/\/www.vasmegye.hu\/wp-content\/uploads\/2025\/04\/MaaSolutions_Logo-1536x551.png 1536w, https:\/\/www.vasmegye.hu\/wp-content\/uploads\/2025\/04\/MaaSolutions_Logo-2048x735.png 2048w, https:\/\/www.vasmegye.hu\/wp-content\/uploads\/2025\/04\/MaaSolutions_Logo-18x6.png 18w, https:\/\/www.vasmegye.hu\/wp-content\/uploads\/2025\/04\/MaaSolutions_Logo-50x18.png 50w, https:\/\/www.vasmegye.hu\/wp-content\/uploads\/2025\/04\/MaaSolutions_Logo-100x36.png 100w, https:\/\/www.vasmegye.hu\/wp-content\/uploads\/2025\/04\/MaaSolutions_Logo-500x179.png 500w\" sizes=\"auto, (max-width: 253px) 100vw, 253px\" \/><\/div>\n<div><\/div>\n<div>\n<div class=\"wp-block-image\" style=\"text-align: center;\"><img loading=\"lazy\" decoding=\"async\" class=\"wpa-warning wpa-image-missing-alt alignnone wp-image-26473\" src=\"http:\/\/www.vasmegye.hu\/wp-content\/uploads\/2025\/12\/SMOOTY_Logo-1-300x108.png\" alt=\"\" width=\"255\" height=\"92\" data-warning=\"Missing alt text\" srcset=\"https:\/\/www.vasmegye.hu\/wp-content\/uploads\/2025\/12\/SMOOTY_Logo-1-300x108.png 300w, https:\/\/www.vasmegye.hu\/wp-content\/uploads\/2025\/12\/SMOOTY_Logo-1-1024x368.png 1024w, https:\/\/www.vasmegye.hu\/wp-content\/uploads\/2025\/12\/SMOOTY_Logo-1-768x276.png 768w, https:\/\/www.vasmegye.hu\/wp-content\/uploads\/2025\/12\/SMOOTY_Logo-1-1536x551.png 1536w, https:\/\/www.vasmegye.hu\/wp-content\/uploads\/2025\/12\/SMOOTY_Logo-1-2048x735.png 2048w, https:\/\/www.vasmegye.hu\/wp-content\/uploads\/2025\/12\/SMOOTY_Logo-1-18x6.png 18w, https:\/\/www.vasmegye.hu\/wp-content\/uploads\/2025\/12\/SMOOTY_Logo-1-50x18.png 50w, https:\/\/www.vasmegye.hu\/wp-content\/uploads\/2025\/12\/SMOOTY_Logo-1-100x36.png 100w, https:\/\/www.vasmegye.hu\/wp-content\/uploads\/2025\/12\/SMOOTY_Logo-1-500x179.png 500w\" sizes=\"auto, (max-width: 255px) 100vw, 255px\" \/><\/div>\n<div><\/div>\n<div>\n<div class=\"wp-block-image\"><img loading=\"lazy\" decoding=\"async\" class=\"wpa-warning wpa-image-missing-alt alignnone wp-image-26474 aligncenter\" src=\"http:\/\/www.vasmegye.hu\/wp-content\/uploads\/2025\/12\/ARTIST_Logo-300x108.png\" alt=\"\" width=\"253\" height=\"91\" data-warning=\"Missing alt text\" srcset=\"https:\/\/www.vasmegye.hu\/wp-content\/uploads\/2025\/12\/ARTIST_Logo-300x108.png 300w, https:\/\/www.vasmegye.hu\/wp-content\/uploads\/2025\/12\/ARTIST_Logo-1024x368.png 1024w, https:\/\/www.vasmegye.hu\/wp-content\/uploads\/2025\/12\/ARTIST_Logo-768x276.png 768w, https:\/\/www.vasmegye.hu\/wp-content\/uploads\/2025\/12\/ARTIST_Logo-1536x551.png 1536w, https:\/\/www.vasmegye.hu\/wp-content\/uploads\/2025\/12\/ARTIST_Logo-2048x735.png 2048w, https:\/\/www.vasmegye.hu\/wp-content\/uploads\/2025\/12\/ARTIST_Logo-18x6.png 18w, https:\/\/www.vasmegye.hu\/wp-content\/uploads\/2025\/12\/ARTIST_Logo-50x18.png 50w, https:\/\/www.vasmegye.hu\/wp-content\/uploads\/2025\/12\/ARTIST_Logo-100x36.png 100w, https:\/\/www.vasmegye.hu\/wp-content\/uploads\/2025\/12\/ARTIST_Logo-500x179.png 500w\" sizes=\"auto, (max-width: 253px) 100vw, 253px\" \/><\/div>\n<div><\/div>\n<\/div>\n<div style=\"text-align: center;\"><em>A projektek megval\u00f3s\u00edt\u00e1s\u00e1ban a Vas V\u00e1rmegyei \u00d6nkorm\u00e1nyzati Hivatal a Magyar \u00c1llam t\u00e1rsfinansz\u00edroz\u00e1s\u00e1val vesz r\u00e9szt.<\/em><\/div>\n<\/div>","protected":false},"excerpt":{"rendered":"<p>2025. december 3-\u00e1n a Megyeh\u00e1za C\u00edmerterm\u00e9ben \u00fcl\u00e9sezett a Fenntarthat\u00f3 k\u00f6zleked\u00e9s \u2013 Helyi Szak\u00e9rt\u0151i Csoport, amelyen 36 szak\u00e9rt\u0151 vett r\u00e9szt k\u00fcl\u00f6nb\u00f6z\u0151 int\u00e9zm\u00e9nyek, \u00f6nkorm\u00e1nyzatok, szakmai szervezetek \u00e9s fels\u0151oktat\u00e1si szerepl\u0151k k\u00e9pviselet\u00e9ben. A rendezv\u00e9nyt dr. Bal\u00e1zsy P\u00e9ter, a #VasV\u00e1rmegyei\u00d6nkorm\u00e1nyzatiHivatal v\u00e1rmegyei jegyz\u0151je nyitotta meg, majd a r\u00e9sztvev\u0151k t\u00f6bb aktu\u00e1lis mobilit\u00e1si t\u00e9m\u00e1t \u00e9rint\u0151 el\u0151ad\u00e1st hallhattak. \ud83d\udd39 A hazai akt\u00edv mobilit\u00e1s helyzete [&hellip;]<\/p>","protected":false},"featured_media":26464,"parent":0,"menu_order":33,"template":"","class_list":["post-26470","hirek","type-hirek","status-publish","has-post-thumbnail","hentry","floatton-article"],"ptb_metabox":{"ptb_file_neve":{"url":[""],"title":[""]},"ptb_vide_url_link_":{"url":[""],"title":[""],"description":[""]},"ptb_kateg_ria":["kateg_ria_1"]},"ptb_taxonomy":[],"ptb_featured_image":{"url":"http:\/\/www.vasmegye.hu\/wp-content\/uploads\/2025\/12\/Regi-2025.12.03.png","title":"Regi 2025.12.03","caption":""},"_links":{"self":[{"href":"https:\/\/www.vasmegye.hu\/en\/wp-json\/wp\/v2\/hirek\/26470","targetHints":{"allow":["GET"]}}],"collection":[{"href":"https:\/\/www.vasmegye.hu\/en\/wp-json\/wp\/v2\/hirek"}],"about":[{"href":"https:\/\/www.vasmegye.hu\/en\/wp-json\/wp\/v2\/types\/hirek"}],"wp:featuredmedia":[{"embeddable":true,"href":"https:\/\/www.vasmegye.hu\/en\/wp-json\/wp\/v2\/media\/26464"}],"wp:attachment":[{"href":"https:\/\/www.vasmegye.hu\/en\/wp-json\/wp\/v2\/media?parent=26470"}],"curies":[{"name":"wp","href":"https:\/\/api.w.org\/{rel}","templated":true}]}}

Fenntartható közlekedés szakmai egyeztetés Szombathelyen

<p style="text-align: justify;">2025. december 3-án a Megyeháza Címertermében ülésezett a Fenntartható közlekedés – Helyi Szakértői Csoport, amelyen 36 szakértő vett részt különböző intézmények, önkormányzatok, szakmai szervezetek és felsőoktatási szereplők képviseletében.</p>
<p style="text-align: justify;">A rendezvényt dr. Balázsy Péter, a #VasVármegyeiÖnkormányzatiHivatal vármegyei jegyzője nyitotta meg, majd a résztvevők több aktuális mobilitási témát érintő előadást hallhattak.</p>
<p>🔹 A hazai aktív mobilitás helyzete és jövője – előadó: Madarász-Losonczy Bálint, főosztályvezető, #KözigazgatásiÉsTerületfejlesztésiMinisztérium</p>
<p>🔹 TOP Plusz források a fenntartható közlekedésért – előadó: Katona Zsuzsanna, programirányító referens, #NemzetiFejlesztésiKözpont</p>
<p>🔹 Vas Vármegye Kerékpárforgalmi Főhálózati Terve – előadó: Horváth Ervin, projektmenedzser, #VasVármegyeiÖnkormányzatiHivatal</p>
<p>A digitális mobilitási megoldásokat, valamint a lakossági közlekedési szokások felmérését bemutatta:<br />
🔸 Rosta-Pethő Regina, projektmenedzser (#MaaSolutions, #SMOOTY, #ARTIST)<br />
🔸 dr. Andrejszki Tamás, aktív mobilitási szakértő, #Értékterv</p>
<p>A szakmai program második felében szó esett:<br />
🚇 az alacsony népsűrűségű térségek mobilitási kihívásairól,<br />
🚸 Vas vármegye közlekedési helyzetelemzéséről – előadó: dr. Szakonyi Petra, #SzéchenyiIstvánEgyetem<br />
🎨 a márkaépítés és design szerepéről az alternatív közlekedési módok népszerűsítésében – előadó: dr. Székely Klára, #ELTESEK</p>
<p style="text-align: center;">A találkozó a MaaSolutions, a SMOOTY és az ARTIST projektek keretében, az Interreg Europe Program és az Európai Regionális Fejlesztési Alap támogatásával valósult meg.</p>
<div class="wp-block-image" style="text-align: center;"><img loading="lazy" decoding="async" class="wpa-warning wpa-image-missing-alt alignnone wp-image-24918" src="http://www.vasmegye.hu/wp-content/uploads/2025/04/MaaSolutions_Logo-300x108.png" alt="" width="253" height="91" data-warning="Missing alt text" srcset="https://www.vasmegye.hu/wp-content/uploads/2025/04/MaaSolutions_Logo-300x108.png 300w, https://www.vasmegye.hu/wp-content/uploads/2025/04/MaaSolutions_Logo-1024x368.png 1024w, https://www.vasmegye.hu/wp-content/uploads/2025/04/MaaSolutions_Logo-768x276.png 768w, https://www.vasmegye.hu/wp-content/uploads/2025/04/MaaSolutions_Logo-1536x551.png 1536w, https://www.vasmegye.hu/wp-content/uploads/2025/04/MaaSolutions_Logo-2048x735.png 2048w, https://www.vasmegye.hu/wp-content/uploads/2025/04/MaaSolutions_Logo-18x6.png 18w, https://www.vasmegye.hu/wp-content/uploads/2025/04/MaaSolutions_Logo-50x18.png 50w, https://www.vasmegye.hu/wp-content/uploads/2025/04/MaaSolutions_Logo-100x36.png 100w, https://www.vasmegye.hu/wp-content/uploads/2025/04/MaaSolutions_Logo-500x179.png 500w" sizes="auto, (max-width: 253px) 100vw, 253px" /></div>
<div></div>
<div>
<div class="wp-block-image" style="text-align: center;"><img loading="lazy" decoding="async" class="wpa-warning wpa-image-missing-alt alignnone wp-image-26473" src="http://www.vasmegye.hu/wp-content/uploads/2025/12/SMOOTY_Logo-1-300x108.png" alt="" width="255" height="92" data-warning="Missing alt text" srcset="https://www.vasmegye.hu/wp-content/uploads/2025/12/SMOOTY_Logo-1-300x108.png 300w, https://www.vasmegye.hu/wp-content/uploads/2025/12/SMOOTY_Logo-1-1024x368.png 1024w, https://www.vasmegye.hu/wp-content/uploads/2025/12/SMOOTY_Logo-1-768x276.png 768w, https://www.vasmegye.hu/wp-content/uploads/2025/12/SMOOTY_Logo-1-1536x551.png 1536w, https://www.vasmegye.hu/wp-content/uploads/2025/12/SMOOTY_Logo-1-2048x735.png 2048w, https://www.vasmegye.hu/wp-content/uploads/2025/12/SMOOTY_Logo-1-18x6.png 18w, https://www.vasmegye.hu/wp-content/uploads/2025/12/SMOOTY_Logo-1-50x18.png 50w, https://www.vasmegye.hu/wp-content/uploads/2025/12/SMOOTY_Logo-1-100x36.png 100w, https://www.vasmegye.hu/wp-content/uploads/2025/12/SMOOTY_Logo-1-500x179.png 500w" sizes="auto, (max-width: 255px) 100vw, 255px" /></div>
<div></div>
<div>
<div class="wp-block-image"><img loading="lazy" decoding="async" class="wpa-warning wpa-image-missing-alt alignnone wp-image-26474 aligncenter" src="http://www.vasmegye.hu/wp-content/uploads/2025/12/ARTIST_Logo-300x108.png" alt="" width="253" height="91" data-warning="Missing alt text" srcset="https://www.vasmegye.hu/wp-content/uploads/2025/12/ARTIST_Logo-300x108.png 300w, https://www.vasmegye.hu/wp-content/uploads/2025/12/ARTIST_Logo-1024x368.png 1024w, https://www.vasmegye.hu/wp-content/uploads/2025/12/ARTIST_Logo-768x276.png 768w, https://www.vasmegye.hu/wp-content/uploads/2025/12/ARTIST_Logo-1536x551.png 1536w, https://www.vasmegye.hu/wp-content/uploads/2025/12/ARTIST_Logo-2048x735.png 2048w, https://www.vasmegye.hu/wp-content/uploads/2025/12/ARTIST_Logo-18x6.png 18w, https://www.vasmegye.hu/wp-content/uploads/2025/12/ARTIST_Logo-50x18.png 50w, https://www.vasmegye.hu/wp-content/uploads/2025/12/ARTIST_Logo-100x36.png 100w, https://www.vasmegye.hu/wp-content/uploads/2025/12/ARTIST_Logo-500x179.png 500w" sizes="auto, (max-width: 253px) 100vw, 253px" /></div>
<div></div>
</div>
<div style="text-align: center;"><em>A projektek megvalósításában a Vas Vármegyei Önkormányzati Hivatal a Magyar Állam társfinanszírozásával vesz részt.</em></div>
</div>

<p>2025. december 3-án a Megyeháza Címertermében ülésezett a Fenntartható közlekedés – Helyi Szakértői Csoport, amelyen 36 szakértő vett részt különböző intézmények, önkormányzatok, szakmai szervezetek és felsőoktatási szereplők képviseletében. A rendezvényt dr. Balázsy Péter, a #VasVármegyeiÖnkormányzatiHivatal vármegyei jegyzője nyitotta meg, majd a résztvevők több aktuális mobilitási témát érintő előadást hallhattak. 🔹 A hazai aktív mobilitás helyzete [&hellip;]</p>
