{"id":26465,"date":"2025-12-15T09:15:49","date_gmt":"2025-12-15T07:15:49","guid":{"rendered":"https:\/\/www.vasmegye.hu\/?post_type=hirek&#038;p=26465"},"modified":"2025-12-12T19:48:01","modified_gmt":"2025-12-12T17:48:01","slug":"fenntarthato-vizgazdalkodas-a-valtozo-klimahoz-igazodva","status":"publish","type":"hirek","link":"https:\/\/www.vasmegye.hu\/en\/hirek\/fenntarthato-vizgazdalkodas-a-valtozo-klimahoz-igazodva\/","title":{"rendered":"Fenntarthat\u00f3 v\u00edzgazd\u00e1lkod\u00e1s a v\u00e1ltoz\u00f3 kl\u00edm\u00e1hoz igazodva!"},"content":{"rendered":"<p>Magyar partnerk\u00e9nt mi is r\u00e9szt vesz\u00fcnk a <strong>Gov4Water<\/strong> projektben (Interreg Europe Program), amelynek c\u00e9lja, hogy <strong>innovat\u00edv, ellen\u00e1ll\u00f3 v\u00edzgazd\u00e1lkod\u00e1si megold\u00e1sokat<\/strong> alak\u00edtsunk ki az egyre gyakoribb sz\u00e9ls\u0151s\u00e9ges id\u0151j\u00e1r\u00e1si jelens\u00e9gekre reag\u00e1lva. \ud83c\udf31\u26a1<\/p>\n<p>A v\u00edz kulcsszerepet j\u00e1tszik a fenntarthat\u00f3 fejl\u0151d\u00e9sben \u2013 ez\u00e9rt olyan <strong>korm\u00e1nyz\u00e1si modelleken \u00e9s szakpolitikai megold\u00e1sokon<\/strong> dolgozunk, amelyek seg\u00edtik a k\u00f6z\u00f6ss\u00e9geket az alkalmazkod\u00e1sban, a kock\u00e1zatok cs\u00f6kkent\u00e9s\u00e9ben \u00e9s a hossz\u00fa t\u00e1v\u00fa v\u00edzbiztons\u00e1g megteremt\u00e9s\u00e9ben.<\/p>\n<p>\ud83c\udfa5 N\u00e9zd meg a projekt vide\u00f3j\u00e1t\u00a0<a href=\"https:\/\/www.youtube.com\/watch?v=hwuN1vJyiFc&amp;t=11s\">itt<\/a>.<\/p>\n<p style=\"text-align: center;\">\u201eThe project is realized in the Interreg Europe Program with the co-financing of the ERDF, the European Union and Hungary.\u201d<\/p>\n<div class=\"wp-block-image\"><img loading=\"lazy\" decoding=\"async\" class=\"wpa-warning wpa-image-missing-alt alignnone size-medium wp-image-23342 aligncenter\" src=\"http:\/\/www.vasmegye.hu\/wp-content\/uploads\/2024\/11\/Gov4Water_Logo_CMYK-300x108.jpg\" alt=\"\" width=\"300\" height=\"108\" data-warning=\"Missing alt text\" srcset=\"https:\/\/www.vasmegye.hu\/wp-content\/uploads\/2024\/11\/Gov4Water_Logo_CMYK-300x108.jpg 300w, https:\/\/www.vasmegye.hu\/wp-content\/uploads\/2024\/11\/Gov4Water_Logo_CMYK-1024x367.jpg 1024w, https:\/\/www.vasmegye.hu\/wp-content\/uploads\/2024\/11\/Gov4Water_Logo_CMYK-768x276.jpg 768w, https:\/\/www.vasmegye.hu\/wp-content\/uploads\/2024\/11\/Gov4Water_Logo_CMYK-1536x551.jpg 1536w, https:\/\/www.vasmegye.hu\/wp-content\/uploads\/2024\/11\/Gov4Water_Logo_CMYK-2048x735.jpg 2048w, https:\/\/www.vasmegye.hu\/wp-content\/uploads\/2024\/11\/Gov4Water_Logo_CMYK-18x6.jpg 18w, https:\/\/www.vasmegye.hu\/wp-content\/uploads\/2024\/11\/Gov4Water_Logo_CMYK-50x18.jpg 50w, https:\/\/www.vasmegye.hu\/wp-content\/uploads\/2024\/11\/Gov4Water_Logo_CMYK-100x36.jpg 100w, https:\/\/www.vasmegye.hu\/wp-content\/uploads\/2024\/11\/Gov4Water_Logo_CMYK-500x179.jpg 500w\" sizes=\"auto, (max-width: 300px) 100vw, 300px\" \/><\/div>","protected":false},"excerpt":{"rendered":"<p>Magyar partnerk\u00e9nt mi is r\u00e9szt vesz\u00fcnk a Gov4Water projektben (Interreg Europe Program), amelynek c\u00e9lja, hogy innovat\u00edv, ellen\u00e1ll\u00f3 v\u00edzgazd\u00e1lkod\u00e1si megold\u00e1sokat alak\u00edtsunk ki az egyre gyakoribb sz\u00e9ls\u0151s\u00e9ges id\u0151j\u00e1r\u00e1si jelens\u00e9gekre reag\u00e1lva. \ud83c\udf31\u26a1 A v\u00edz kulcsszerepet j\u00e1tszik a fenntarthat\u00f3 fejl\u0151d\u00e9sben \u2013 ez\u00e9rt olyan korm\u00e1nyz\u00e1si modelleken \u00e9s szakpolitikai megold\u00e1sokon dolgozunk, amelyek seg\u00edtik a k\u00f6z\u00f6ss\u00e9geket az alkalmazkod\u00e1sban, a kock\u00e1zatok cs\u00f6kkent\u00e9s\u00e9ben \u00e9s [&hellip;]<\/p>","protected":false},"featured_media":26466,"parent":0,"menu_order":34,"template":"","class_list":["post-26465","hirek","type-hirek","status-publish","has-post-thumbnail","hentry","floatton-article"],"ptb_metabox":{"ptb_file_neve":{"url":[""],"title":[""]},"ptb_vide_url_link_":{"url":[""],"title":[""],"description":[""]},"ptb_kateg_ria":["kateg_ria_1"]},"ptb_taxonomy":[],"ptb_featured_image":{"url":"http:\/\/www.vasmegye.hu\/wp-content\/uploads\/2025\/12\/Gov4Water_v.png","title":"Gov4Water_v","caption":""},"_links":{"self":[{"href":"https:\/\/www.vasmegye.hu\/en\/wp-json\/wp\/v2\/hirek\/26465","targetHints":{"allow":["GET"]}}],"collection":[{"href":"https:\/\/www.vasmegye.hu\/en\/wp-json\/wp\/v2\/hirek"}],"about":[{"href":"https:\/\/www.vasmegye.hu\/en\/wp-json\/wp\/v2\/types\/hirek"}],"wp:featuredmedia":[{"embeddable":true,"href":"https:\/\/www.vasmegye.hu\/en\/wp-json\/wp\/v2\/media\/26466"}],"wp:attachment":[{"href":"https:\/\/www.vasmegye.hu\/en\/wp-json\/wp\/v2\/media?parent=26465"}],"curies":[{"name":"wp","href":"https:\/\/api.w.org\/{rel}","templated":true}]}}

Fenntartható vízgazdálkodás a változó klímához igazodva!

<p>Magyar partnerként mi is részt veszünk a <strong>Gov4Water</strong> projektben (Interreg Europe Program), amelynek célja, hogy <strong>innovatív, ellenálló vízgazdálkodási megoldásokat</strong> alakítsunk ki az egyre gyakoribb szélsőséges időjárási jelenségekre reagálva. 🌱⚡</p>
<p>A víz kulcsszerepet játszik a fenntartható fejlődésben – ezért olyan <strong>kormányzási modelleken és szakpolitikai megoldásokon</strong> dolgozunk, amelyek segítik a közösségeket az alkalmazkodásban, a kockázatok csökkentésében és a hosszú távú vízbiztonság megteremtésében.</p>
<p>🎥 Nézd meg a projekt videóját <a href="https://www.youtube.com/watch?v=hwuN1vJyiFc&amp;t=11s">itt</a>.</p>
<p style="text-align: center;">„The project is realized in the Interreg Europe Program with the co-financing of the ERDF, the European Union and Hungary.”</p>
<div class="wp-block-image"><img loading="lazy" decoding="async" class="wpa-warning wpa-image-missing-alt alignnone size-medium wp-image-23342 aligncenter" src="http://www.vasmegye.hu/wp-content/uploads/2024/11/Gov4Water_Logo_CMYK-300x108.jpg" alt="" width="300" height="108" data-warning="Missing alt text" srcset="https://www.vasmegye.hu/wp-content/uploads/2024/11/Gov4Water_Logo_CMYK-300x108.jpg 300w, https://www.vasmegye.hu/wp-content/uploads/2024/11/Gov4Water_Logo_CMYK-1024x367.jpg 1024w, https://www.vasmegye.hu/wp-content/uploads/2024/11/Gov4Water_Logo_CMYK-768x276.jpg 768w, https://www.vasmegye.hu/wp-content/uploads/2024/11/Gov4Water_Logo_CMYK-1536x551.jpg 1536w, https://www.vasmegye.hu/wp-content/uploads/2024/11/Gov4Water_Logo_CMYK-2048x735.jpg 2048w, https://www.vasmegye.hu/wp-content/uploads/2024/11/Gov4Water_Logo_CMYK-18x6.jpg 18w, https://www.vasmegye.hu/wp-content/uploads/2024/11/Gov4Water_Logo_CMYK-50x18.jpg 50w, https://www.vasmegye.hu/wp-content/uploads/2024/11/Gov4Water_Logo_CMYK-100x36.jpg 100w, https://www.vasmegye.hu/wp-content/uploads/2024/11/Gov4Water_Logo_CMYK-500x179.jpg 500w" sizes="auto, (max-width: 300px) 100vw, 300px" /></div>

<p>Magyar partnerként mi is részt veszünk a Gov4Water projektben (Interreg Europe Program), amelynek célja, hogy innovatív, ellenálló vízgazdálkodási megoldásokat alakítsunk ki az egyre gyakoribb szélsőséges időjárási jelenségekre reagálva. 🌱⚡ A víz kulcsszerepet játszik a fenntartható fejlődésben – ezért olyan kormányzási modelleken és szakpolitikai megoldásokon dolgozunk, amelyek segítik a közösségeket az alkalmazkodásban, a kockázatok csökkentésében és [&hellip;]</p>
