{"id":26181,"date":"2025-11-11T10:49:53","date_gmt":"2025-11-11T08:49:53","guid":{"rendered":"https:\/\/www.vasmegye.hu\/?post_type=hirek&#038;p=26181"},"modified":"2025-11-11T10:49:53","modified_gmt":"2025-11-11T08:49:53","slug":"kozmeghallgatas-14","status":"publish","type":"hirek","link":"https:\/\/www.vasmegye.hu\/en\/hirek\/kozmeghallgatas-14\/","title":{"rendered":"K\u00f6zmeghallgat\u00e1s"},"content":{"rendered":"<p>A Vas V\u00e1rmegyei N\u00e9met \u00d6nkorm\u00e1nyzat 2025. november 19-\u00e9n 15.30 \u00f3r\u00e1t\u00f3l k\u00f6zmeghallgat\u00e1st tart a V\u00e1rmegyeh\u00e1za (9700 Szombathely, Berzsenyi D\u00e1niel t\u00e9r 1.) 113. sz\u00e1m\u00fa t\u00e1rgyal\u00f3j\u00e1ban.<\/p>","protected":false},"excerpt":{"rendered":"<p>A Vas V\u00e1rmegyei N\u00e9met \u00d6nkorm\u00e1nyzat 2025. november 19-\u00e9n 15.30 \u00f3r\u00e1t\u00f3l k\u00f6zmeghallgat\u00e1st tart a V\u00e1rmegyeh\u00e1za (9700 Szombathely, Berzsenyi D\u00e1niel t\u00e9r 1.) 113. sz\u00e1m\u00fa t\u00e1rgyal\u00f3j\u00e1ban.<\/p>","protected":false},"featured_media":0,"parent":0,"menu_order":42,"template":"","class_list":["post-26181","hirek","type-hirek","status-publish","hentry","floatton-article"],"ptb_metabox":{"ptb_file_neve":{"url":[""],"title":[""]},"ptb_vide_url_link_":{"url":[""],"title":[""],"description":[""]},"ptb_kateg_ria":["kateg_ria_1"]},"ptb_taxonomy":[],"ptb_featured_image":null,"_links":{"self":[{"href":"https:\/\/www.vasmegye.hu\/en\/wp-json\/wp\/v2\/hirek\/26181","targetHints":{"allow":["GET"]}}],"collection":[{"href":"https:\/\/www.vasmegye.hu\/en\/wp-json\/wp\/v2\/hirek"}],"about":[{"href":"https:\/\/www.vasmegye.hu\/en\/wp-json\/wp\/v2\/types\/hirek"}],"wp:attachment":[{"href":"https:\/\/www.vasmegye.hu\/en\/wp-json\/wp\/v2\/media?parent=26181"}],"curies":[{"name":"wp","href":"https:\/\/api.w.org\/{rel}","templated":true}]}}

Közmeghallgatás

<p>A Vas Vármegyei Német Önkormányzat 2025. november 19-én 15.30 órától közmeghallgatást tart a Vármegyeháza (9700 Szombathely, Berzsenyi Dániel tér 1.) 113. számú tárgyalójában.</p>
