{"id":26153,"date":"2025-10-01T15:50:18","date_gmt":"2025-10-01T13:50:18","guid":{"rendered":"https:\/\/www.vasmegye.hu\/?post_type=hirek&#038;p=26153"},"modified":"2025-11-04T12:38:46","modified_gmt":"2025-11-04T10:38:46","slug":"digiup-next-projekt-2-stakeholder-talalkozoja-szombathelyen","status":"publish","type":"hirek","link":"https:\/\/www.vasmegye.hu\/en\/hirek\/digiup-next-projekt-2-stakeholder-talalkozoja-szombathelyen\/","title":{"rendered":"DigiUp NEXT projekt 2. Stakeholder tal\u00e1lkoz\u00f3ja Szombathelyen"},"content":{"rendered":"<p style=\"text-align: justify;\">A DigiUp NEXT projekt partnereinek \u00e9s Vas v\u00e1rmegyei Stakeholdereinek r\u00e9szv\u00e9tel\u00e9vel 2025. szeptember 30-\u00e1n ker\u00fclt megrendez\u00e9sre a 2. Vas v\u00e1rmegyei Stakeholder tal\u00e1lkoz\u00f3, ahol a szak\u00e9rt\u0151kkel k\u00f6z\u00f6sen vitattuk meg, hogyan seg\u00edthetj\u00fck a fiatalokat a digit\u00e1lis j\u00f6v\u0151 kih\u00edv\u00e1saira val\u00f3 felk\u00e9sz\u00fcl\u00e9sben.<\/p>\n<p style=\"text-align: justify;\">Bemutat\u00e1sra ker\u00fcltek a legfrissebb kutat\u00e1si eredm\u00e9nyek a fiatalok IT-szakm\u00e1k ir\u00e1nti \u00e9rdekl\u0151d\u00e9s\u00e9r\u0151l, az IT szakm\u00e1k munkav\u00e1llal\u00f3kkal szemben t\u00e1masztott ig\u00e9nyeir\u0151l, valamint j\u00f3 gyakorlatokat osztottunk meg a p\u00e1lyaorient\u00e1ci\u00f3r\u00f3l.<\/p>\n<p style=\"text-align: justify;\">A k\u00f6z\u00f6s c\u00e9lunk: olyan innovat\u00edv m\u00f3dszerek \u00e9s tananyagok kidolgoz\u00e1sa, amelyek k\u00f6zelebb hozz\u00e1k az informatik\u00e1t a di\u00e1kokhoz &#8211; \u00e9lm\u00e9nyeken, mentor\u00e1l\u00e1son \u00e9s gyakorlati tapasztalatokon kereszt\u00fcl.<\/p>\n<p>&nbsp;<\/p>\n<div class=\"wp-block-image\"><img loading=\"lazy\" decoding=\"async\" class=\"wpa-warning wpa-image-missing-alt alignnone size-medium wp-image-20433 aligncenter\" src=\"http:\/\/www.vasmegye.hu\/wp-content\/uploads\/2024\/05\/Interreg-ATHU_DigiUp-NEXT_Standard_medium-300x112.png\" alt=\"\" width=\"300\" height=\"112\" data-warning=\"Missing alt text\" srcset=\"https:\/\/www.vasmegye.hu\/wp-content\/uploads\/2024\/05\/Interreg-ATHU_DigiUp-NEXT_Standard_medium-300x112.png 300w, https:\/\/www.vasmegye.hu\/wp-content\/uploads\/2024\/05\/Interreg-ATHU_DigiUp-NEXT_Standard_medium-1024x381.png 1024w, https:\/\/www.vasmegye.hu\/wp-content\/uploads\/2024\/05\/Interreg-ATHU_DigiUp-NEXT_Standard_medium-768x286.png 768w, https:\/\/www.vasmegye.hu\/wp-content\/uploads\/2024\/05\/Interreg-ATHU_DigiUp-NEXT_Standard_medium-18x7.png 18w, https:\/\/www.vasmegye.hu\/wp-content\/uploads\/2024\/05\/Interreg-ATHU_DigiUp-NEXT_Standard_medium-50x19.png 50w, https:\/\/www.vasmegye.hu\/wp-content\/uploads\/2024\/05\/Interreg-ATHU_DigiUp-NEXT_Standard_medium-100x37.png 100w, https:\/\/www.vasmegye.hu\/wp-content\/uploads\/2024\/05\/Interreg-ATHU_DigiUp-NEXT_Standard_medium-500x186.png 500w, https:\/\/www.vasmegye.hu\/wp-content\/uploads\/2024\/05\/Interreg-ATHU_DigiUp-NEXT_Standard_medium.png 1220w\" sizes=\"auto, (max-width: 300px) 100vw, 300px\" \/><\/div>\n<div><\/div>\n<div><\/div>\n<div style=\"text-align: center;\"><em><span class=\"a_GcMg font-feature-liga-off font-feature-clig-off font-feature-calt-off text-decoration-none text-strikethrough-none\">A projekt az Interreg VI-A Ausztria-Magyarorsz\u00e1g Egy\u00fcttm\u0171k\u00f6d\u00e9si Program keret\u00e9ben, az Eur\u00f3pai Region\u00e1lis Fejleszt\u00e9si Alap t\u00e1rsfinansz\u00edroz\u00e1s\u00e1val val\u00f3sul meg.<\/span><\/em><\/div>\n<p>&nbsp;<\/p>","protected":false},"excerpt":{"rendered":"<p>A DigiUp NEXT projekt partnereinek \u00e9s Vas v\u00e1rmegyei Stakeholdereinek r\u00e9szv\u00e9tel\u00e9vel 2025. szeptember 30-\u00e1n ker\u00fclt megrendez\u00e9sre a 2. Vas v\u00e1rmegyei Stakeholder tal\u00e1lkoz\u00f3, ahol a szak\u00e9rt\u0151kkel k\u00f6z\u00f6sen vitattuk meg, hogyan seg\u00edthetj\u00fck a fiatalokat a digit\u00e1lis j\u00f6v\u0151 kih\u00edv\u00e1saira val\u00f3 felk\u00e9sz\u00fcl\u00e9sben. Bemutat\u00e1sra ker\u00fcltek a legfrissebb kutat\u00e1si eredm\u00e9nyek a fiatalok IT-szakm\u00e1k ir\u00e1nti \u00e9rdekl\u0151d\u00e9s\u00e9r\u0151l, az IT szakm\u00e1k munkav\u00e1llal\u00f3kkal szemben t\u00e1masztott ig\u00e9nyeir\u0151l, [&hellip;]<\/p>","protected":false},"featured_media":26152,"parent":0,"menu_order":44,"template":"","class_list":["post-26153","hirek","type-hirek","status-publish","has-post-thumbnail","hentry","floatton-article"],"ptb_metabox":{"ptb_file_neve":{"url":[""],"title":[""]},"ptb_vide_url_link_":{"url":[""],"title":[""],"description":[""]},"ptb_kateg_ria":["kateg_ria_1"]},"ptb_taxonomy":[],"ptb_featured_image":{"url":"http:\/\/www.vasmegye.hu\/wp-content\/uploads\/2025\/11\/DIGI.png","title":"DIGI","caption":""},"_links":{"self":[{"href":"https:\/\/www.vasmegye.hu\/en\/wp-json\/wp\/v2\/hirek\/26153","targetHints":{"allow":["GET"]}}],"collection":[{"href":"https:\/\/www.vasmegye.hu\/en\/wp-json\/wp\/v2\/hirek"}],"about":[{"href":"https:\/\/www.vasmegye.hu\/en\/wp-json\/wp\/v2\/types\/hirek"}],"wp:featuredmedia":[{"embeddable":true,"href":"https:\/\/www.vasmegye.hu\/en\/wp-json\/wp\/v2\/media\/26152"}],"wp:attachment":[{"href":"https:\/\/www.vasmegye.hu\/en\/wp-json\/wp\/v2\/media?parent=26153"}],"curies":[{"name":"wp","href":"https:\/\/api.w.org\/{rel}","templated":true}]}}

DigiUp NEXT projekt 2. Stakeholder találkozója Szombathelyen

<p style="text-align: justify;">A DigiUp NEXT projekt partnereinek és Vas vármegyei Stakeholdereinek részvételével 2025. szeptember 30-án került megrendezésre a 2. Vas vármegyei Stakeholder találkozó, ahol a szakértőkkel közösen vitattuk meg, hogyan segíthetjük a fiatalokat a digitális jövő kihívásaira való felkészülésben.</p>
<p style="text-align: justify;">Bemutatásra kerültek a legfrissebb kutatási eredmények a fiatalok IT-szakmák iránti érdeklődéséről, az IT szakmák munkavállalókkal szemben támasztott igényeiről, valamint jó gyakorlatokat osztottunk meg a pályaorientációról.</p>
<p style="text-align: justify;">A közös célunk: olyan innovatív módszerek és tananyagok kidolgozása, amelyek közelebb hozzák az informatikát a diákokhoz &#8211; élményeken, mentoráláson és gyakorlati tapasztalatokon keresztül.</p>
<p>&nbsp;</p>
<div class="wp-block-image"><img loading="lazy" decoding="async" class="wpa-warning wpa-image-missing-alt alignnone size-medium wp-image-20433 aligncenter" src="http://www.vasmegye.hu/wp-content/uploads/2024/05/Interreg-ATHU_DigiUp-NEXT_Standard_medium-300x112.png" alt="" width="300" height="112" data-warning="Missing alt text" srcset="https://www.vasmegye.hu/wp-content/uploads/2024/05/Interreg-ATHU_DigiUp-NEXT_Standard_medium-300x112.png 300w, https://www.vasmegye.hu/wp-content/uploads/2024/05/Interreg-ATHU_DigiUp-NEXT_Standard_medium-1024x381.png 1024w, https://www.vasmegye.hu/wp-content/uploads/2024/05/Interreg-ATHU_DigiUp-NEXT_Standard_medium-768x286.png 768w, https://www.vasmegye.hu/wp-content/uploads/2024/05/Interreg-ATHU_DigiUp-NEXT_Standard_medium-18x7.png 18w, https://www.vasmegye.hu/wp-content/uploads/2024/05/Interreg-ATHU_DigiUp-NEXT_Standard_medium-50x19.png 50w, https://www.vasmegye.hu/wp-content/uploads/2024/05/Interreg-ATHU_DigiUp-NEXT_Standard_medium-100x37.png 100w, https://www.vasmegye.hu/wp-content/uploads/2024/05/Interreg-ATHU_DigiUp-NEXT_Standard_medium-500x186.png 500w, https://www.vasmegye.hu/wp-content/uploads/2024/05/Interreg-ATHU_DigiUp-NEXT_Standard_medium.png 1220w" sizes="auto, (max-width: 300px) 100vw, 300px" /></div>
<div></div>
<div></div>
<div style="text-align: center;"><em><span class="a_GcMg font-feature-liga-off font-feature-clig-off font-feature-calt-off text-decoration-none text-strikethrough-none">A projekt az Interreg VI-A Ausztria-Magyarország Együttműködési Program keretében, az Európai Regionális Fejlesztési Alap társfinanszírozásával valósul meg.</span></em></div>
<p>&nbsp;</p>

<p>A DigiUp NEXT projekt partnereinek és Vas vármegyei Stakeholdereinek részvételével 2025. szeptember 30-án került megrendezésre a 2. Vas vármegyei Stakeholder találkozó, ahol a szakértőkkel közösen vitattuk meg, hogyan segíthetjük a fiatalokat a digitális jövő kihívásaira való felkészülésben. Bemutatásra kerültek a legfrissebb kutatási eredmények a fiatalok IT-szakmák iránti érdeklődéséről, az IT szakmák munkavállalókkal szemben támasztott igényeiről, [&hellip;]</p>
