{"id":2539,"date":"2018-07-09T09:44:53","date_gmt":"2018-07-09T07:44:53","guid":{"rendered":"https:\/\/www.vasmegye.hu\/?post_type=dijak-kituntetesek&#038;p=2539"},"modified":"2022-03-16T09:42:45","modified_gmt":"2022-03-16T07:42:45","slug":"vas-megye-mezogazdasagaert-dij","status":"publish","type":"dijak-kituntetesek","link":"https:\/\/www.vasmegye.hu\/en\/dijak-kituntetesek\/vas-megye-mezogazdasagaert-dij\/","title":{"rendered":"Vas Megye Mez\u0151gazdas\u00e1g\u00e1\u00e9rt &#8211; D\u00edj"},"content":{"rendered":"<p><!--more--><\/p>\n<h3>2022<\/h3>\n<table style=\"width: 97.9322%;\">\n<tbody>\n<tr>\n<td style=\"width: 49.4368%;\">H\u00e1mori R\u00f3bert<\/td>\n<td style=\"width: 130.295%; text-align: right;\"><span style=\"font-size: 14px;\">nyugalmazott agr\u00e1rm\u00e9rn\u00f6k, szakm\u00e9rn\u00f6k<\/span><\/td>\n<\/tr>\n<\/tbody>\n<\/table>\n<h3>2021<\/h3>\n<table style=\"width: 98.7286%;\">\n<tbody>\n<tr>\n<td style=\"width: 49.2805%;\">L\u0151rincz Lajos<\/td>\n<td style=\"width: 345.397%; text-align: right;\"><span style=\"font-size: 14px;\">csal\u00e1di gazd\u00e1lkod\u00f3, a Tannenbaum Mez\u0151gazdas\u00e1gi Termel\u0151 \u00e9s \u00c9rt\u00e9kes\u00edt\u0151 Kft. \u00fcgyvezet\u0151je<\/span><\/td>\n<\/tr>\n<\/tbody>\n<\/table>\n<h3>2020<\/h3>\n<table style=\"width: 100%; border-collapse: collapse;\">\n<tbody>\n<tr>\n<td style=\"width: 686px;\">Bug\u00e1n J\u00f3zsef<\/td>\n<td style=\"width: 686px; text-align: right;\"><span style=\"font-size: 14px;\">Szombathelyi Erd\u00e9szeti Zrt. vez\u00e9rigazgat\u00f3ja<\/span><\/td>\n<\/tr>\n<\/tbody>\n<\/table>\n<h3><\/h3>\n<h3>2019<\/h3>\n<table style=\"width: 100%; border-collapse: collapse;\">\n<tbody>\n<tr>\n<td style=\"width: 19.3255%;\">Avar K\u00e1lm\u00e1n<\/td>\n<td style=\"width: 80.6745%; text-align: right;\"><span style=\"font-size: 14px;\">n\u00f6v\u00e9ny- \u00e9s talajv\u00e9delmi oszt\u00e1lyvezet\u0151, <\/span><span style=\"font-size: 14px;\">Vas Megyei Korm\u00e1nyhivatal Szombathelyi J\u00e1r\u00e1si Hivatal, Agr\u00e1r\u00fcgyi \u00e9s K\u00f6rnyezetv\u00e9delmi F\u0151oszt\u00e1ly N\u00f6v\u00e9ny- \u00e9s Talajv\u00e9delmi Oszt\u00e1ly<\/span><\/td>\n<\/tr>\n<\/tbody>\n<\/table>\n<h3><\/h3>\n<h3>2018<\/h3>\n<div>\n<table border=\"0\" width=\"100%\" cellspacing=\"0\" cellpadding=\"2\">\n<tbody>\n<tr valign=\"top\">\n<td width=\"200\">Dr. Pusztav\u00e1mi M\u00e1rton<\/td>\n<td align=\"right\"><span style=\"font-size: 14px;\">Nemzeti Agr\u00e1rgazdas\u00e1gi Kamara Vas Megyei Szervezet\u00e9nek eln\u00f6ke<\/span><\/td>\n<\/tr>\n<\/tbody>\n<\/table>\n<\/div>","protected":false},"excerpt":{"rendered":"2022 H\u00e1mori R\u00f3bert nyugalmazott agr\u00e1rm\u00e9rn\u00f6k, szakm\u00e9rn\u00f6k 2021 L\u0151rincz Lajos csal\u00e1di gazd\u00e1lkod\u00f3, a Tannenbaum Mez\u0151gazdas\u00e1gi Termel\u0151 \u00e9s \u00c9rt\u00e9kes\u00edt\u0151 Kft. \u00fcgyvezet\u0151je 2020 Bug\u00e1n J\u00f3zsef Szombathelyi Erd\u00e9szeti Zrt. vez\u00e9rigazgat\u00f3ja 2019 Avar K\u00e1lm\u00e1n n\u00f6v\u00e9ny- \u00e9s talajv\u00e9delmi oszt\u00e1lyvezet\u0151, Vas Megyei Korm\u00e1nyhivatal Szombathelyi J\u00e1r\u00e1si Hivatal, Agr\u00e1r\u00fcgyi \u00e9s K\u00f6rnyezetv\u00e9delmi F\u0151oszt\u00e1ly N\u00f6v\u00e9ny- \u00e9s Talajv\u00e9delmi Oszt\u00e1ly 2018 Dr. Pusztav\u00e1mi M\u00e1rton Nemzeti Agr\u00e1rgazdas\u00e1gi Kamara Vas [...]","protected":false},"featured_media":0,"parent":0,"menu_order":24,"template":"","tags":[],"class_list":["post-2539","dijak-kituntetesek","type-dijak-kituntetesek","status-publish","hentry","floatton-article"],"ptb_metabox":{"ptb_dijak_atadasi_datuma":["dijak_atadasi_datuma_1"]},"ptb_taxonomy":[],"ptb_featured_image":null,"_links":{"self":[{"href":"https:\/\/www.vasmegye.hu\/en\/wp-json\/wp\/v2\/dijak-kituntetesek\/2539","targetHints":{"allow":["GET"]}}],"collection":[{"href":"https:\/\/www.vasmegye.hu\/en\/wp-json\/wp\/v2\/dijak-kituntetesek"}],"about":[{"href":"https:\/\/www.vasmegye.hu\/en\/wp-json\/wp\/v2\/types\/dijak-kituntetesek"}],"version-history":[{"count":0,"href":"https:\/\/www.vasmegye.hu\/en\/wp-json\/wp\/v2\/dijak-kituntetesek\/2539\/revisions"}],"wp:attachment":[{"href":"https:\/\/www.vasmegye.hu\/en\/wp-json\/wp\/v2\/media?parent=2539"}],"wp:term":[{"taxonomy":"post_tag","embeddable":true,"href":"https:\/\/www.vasmegye.hu\/en\/wp-json\/wp\/v2\/tags?post=2539"}],"curies":[{"name":"wp","href":"https:\/\/api.w.org\/{rel}","templated":true}]}}

Vas Megye Mezőgazdaságáért &#8211; Díj

<p><!--more--></p>
<h3>2022</h3>
<table style="width: 97.9322%;">
<tbody>
<tr>
<td style="width: 49.4368%;">Hámori Róbert</td>
<td style="width: 130.295%; text-align: right;"><span style="font-size: 14px;">nyugalmazott agrármérnök, szakmérnök</span></td>
</tr>
</tbody>
</table>
<h3>2021</h3>
<table style="width: 98.7286%;">
<tbody>
<tr>
<td style="width: 49.2805%;">Lőrincz Lajos</td>
<td style="width: 345.397%; text-align: right;"><span style="font-size: 14px;">családi gazdálkodó, a Tannenbaum Mezőgazdasági Termelő és Értékesítő Kft. ügyvezetője</span></td>
</tr>
</tbody>
</table>
<h3>2020</h3>
<table style="width: 100%; border-collapse: collapse;">
<tbody>
<tr>
<td style="width: 686px;">Bugán József</td>
<td style="width: 686px; text-align: right;"><span style="font-size: 14px;">Szombathelyi Erdészeti Zrt. vezérigazgatója</span></td>
</tr>
</tbody>
</table>
<h3></h3>
<h3>2019</h3>
<table style="width: 100%; border-collapse: collapse;">
<tbody>
<tr>
<td style="width: 19.3255%;">Avar Kálmán</td>
<td style="width: 80.6745%; text-align: right;"><span style="font-size: 14px;">növény- és talajvédelmi osztályvezető, </span><span style="font-size: 14px;">Vas Megyei Kormányhivatal Szombathelyi Járási Hivatal, Agrárügyi és Környezetvédelmi Főosztály Növény- és Talajvédelmi Osztály</span></td>
</tr>
</tbody>
</table>
<h3></h3>
<h3>2018</h3>
<div>
<table border="0" width="100%" cellspacing="0" cellpadding="2">
<tbody>
<tr valign="top">
<td width="200">Dr. Pusztavámi Márton</td>
<td align="right"><span style="font-size: 14px;">Nemzeti Agrárgazdasági Kamara Vas Megyei Szervezetének elnöke</span></td>
</tr>
</tbody>
</table>
</div>

2022 Hámori Róbert nyugalmazott agrármérnök, szakmérnök 2021 Lőrincz Lajos családi gazdálkodó, a Tannenbaum Mezőgazdasági Termelő és Értékesítő Kft. ügyvezetője 2020 Bugán József Szombathelyi Erdészeti Zrt. vezérigazgatója 2019 Avar Kálmán növény- és talajvédelmi osztályvezető, Vas Megyei Kormányhivatal Szombathelyi Járási Hivatal, Agrárügyi és Környezetvédelmi Főosztály Növény- és Talajvédelmi Osztály 2018 Dr. Pusztavámi Márton Nemzeti Agrárgazdasági Kamara Vas [...]
